000
CXUS56 KMTR 011000
CF6SNS
PRELIMINARY LOCAL CLIMATOLOGICAL DATA (WS FORM: F-6)

                                          STATION:   SALINAS AIRPORT
                                          MONTH:     MAY
                                          YEAR:      2015
                                          LATITUDE:   36 40 N
                                          LONGITUDE: 121 36 W

  TEMPERATURE IN F:       :PCPN:    SNOW:  WIND      :SUNSHINE: SKY     :PK WND
================================================================================
1   2   3   4   5  6A  6B    7    8   9   10  11  12  13   14  15   16   17  18
                                     12Z  AVG MX 2MIN
DY MAX MIN AVG DEP HDD CDD  WTR  SNW DPTH SPD SPD DIR MIN PSBL S-S WX    SPD DR
================================================================================

 1  69  53  61   3   4   0 0.00  0.0    0  7.6 18 300   M    M   2 8      23 290
 2  67  55  61   3   4   0 0.00  0.0    0  6.7 17 300   M    M   6 8      26 280
 3  66  56  61   3   4   0 0.00  0.0    0  7.9 20 290   M    M   6        26 290
 4  63  54  59   1   6   0 0.00  0.0    0  8.4 17 280   M    M  10        22 280
 5  64  55  60   2   5   0 0.00  0.0    0 11.5 21 260   M    M   7        25 250
 6  62  54  58  -1   7   0 0.00  0.0    0 11.9 18 270   M    M   8        24 270
 7  61  52  57  -2   8   0 0.11  0.0    0  7.9 16 290   M    M   9 18     21 220
 8  65  49  57  -2   8   0 0.00  0.0    0  7.4 17 290   M    M   7 18     21 280
 9  64  54  59   0   6   0 0.00  0.0    0  7.6 15 270   M    M  10        20 290
10  64  53  59   0   6   0 0.00  0.0    0  7.3 16 260   M    M   7 18     22 270
11  64  54  59   0   6   0 0.00  0.0    0 12.6 21 240   M    M   8        28 230
12  64  51  58  -1   7   0 0.00  0.0    0 12.4 21 250   M    M   3        29 250
13  65  50  58  -1   7   0 0.00  0.0    0  6.3 15 280   M    M   1        20 260
14  66  54  60   1   5   0 0.09  0.0    0  5.8 16 260   M    M   7        20 320
15  65  53  59   0   6   0 0.00  0.0    0  8.4 18 270   M    M   6        25 240
16  65  54  60   1   5   0 0.00  0.0    0  9.2 16 260   M    M  10        23 260
17  65  56  61   1   4   0 0.00  0.0    0  9.2 17 240   M    M   7        22 270
18  66  54  60   0   5   0 0.00  0.0    0 11.1 20 260   M    M   9        26 260
19  66  56  61   1   4   0 0.00  0.0    0  9.5 17 260   M    M   9        24 260
20  66  55  61   1   4   0 0.00  0.0    0  8.5 17 280   M    M   7        23 280
21  68  56  62   2   3   0    T  0.0    0  7.8 18 260   M    M   9        23 270
22  67  55  61   1   4   0 0.00  0.0    0  8.4 20 290   M    M   9        24 290
23  61  54  58  -2   7   0    T  0.0    0 12.1 20 260   M    M  10 18     25 240
24  64  53  59  -1   6   0    T  0.0    0  8.1 17 280   M    M   9 18     23 260
25  65  55  60   0   5   0    T  0.0    0  7.5 17 290   M    M   8 18     21 280
26  66  54  60   0   5   0    T  0.0    0  7.4 17 280   M    M   9 18     21 280
27  65  55  60   0   5   0 0.00  0.0    0  8.6 17 290   M    M   8        24 290
28  66  53  60   0   5   0 0.00  0.0    0  9.4 18 260   M    M   6        24 260
29  65  51  58  -2   7   0 0.00  0.0    0  8.8 17 290   M    M   7 1      22 260
30  68  50  59  -1   6   0 0.00  0.0    0  7.6 18 290   M    M   7 1      23 320
31  65  51  58  -2   7   0 0.00  0.0    0  7.4 18 260   M    M   9 1      24 300
================================================================================
SM 2017 1659       171   0  0.20     0.0 270.3          M      230
================================================================================
AV 65.1 53.5                               8.7 FASTST   M    M   7    MAX(MPH)
                                 MISC ---->  # 21 260               # 29  250
================================================================================
NOTES:
# LAST OF SEVERAL OCCURRENCES

COLUMN 17 PEAK WIND IN M.P.H.

PRELIMINARY LOCAL CLIMATOLOGICAL DATA (WS FORM: F-6) , PAGE 2

                                          STATION:  SALINAS AIRPORT
                                          MONTH:    MAY
                                          YEAR:     2015
                                          LATITUDE:   36 40 N
                                          LONGITUDE: 121 36 W

[TEMPERATURE DATA]      [PRECIPITATION DATA]       SYMBOLS USED IN COLUMN 16

AVERAGE MONTHLY: 59.3   TOTAL FOR MONTH:   0.20    1 = FOG OR MIST
DPTR FM NORMAL:  -0.0   DPTR FM NORMAL:   -0.15    2 = FOG REDUCING VISIBILITY
HIGHEST:    69 ON  1    GRTST 24HR  0.11 ON  7- 7      TO 1/4 MILE OR LESS
LOWEST:     49 ON  8                               3 = THUNDER
                        SNOW, ICE PELLETS, HAIL    4 = ICE PELLETS
                        TOTAL MONTH:   0.0 INCH    5 = HAIL
                        GRTST 24HR     0.0         6 = FREEZING RAIN OR DRIZZLE
                        GRTST DEPTH:   0           7 = DUSTSTORM OR SANDSTORM:
                                                       VSBY 1/2 MILE OR LESS
                                                   8 = SMOKE OR HAZE
[NO. OF DAYS WITH]      [WEATHER - DAYS WITH]      9 = BLOWING SNOW
                                                   X = TORNADO
MAX 32 OR BELOW:   0    0.01 INCH OR MORE:   2
MAX 90 OR ABOVE:   0    0.10 INCH OR MORE:   1
MIN 32 OR BELOW:   0    0.50 INCH OR MORE:   0
MIN  0 OR BELOW:   0    1.00 INCH OR MORE:   0

[HDD (BASE 65) ]
TOTAL THIS MO.   171    CLEAR  (SCALE 0-3)   3
DPTR FM NORMAL   -13    PTCLDY (SCALE 4-7)  13
TOTAL FM JUL 1  1310    CLOUDY (SCALE 8-10) 15
DPTR FM NORMAL -1263

[CDD (BASE 65) ]
TOTAL THIS MO.     0
DPTR FM NORMAL    -9    [PRESSURE DATA]
TOTAL FM JAN 1    31    HIGHEST SLP 30.12 ON 18
DPTR FM NORMAL    15    LOWEST  SLP 29.73 ON  7

[REMARKS]
#FINAL-05-15#
