000
CXUS55 KCYS 311000
CF6SNY
PRELIMINARY LOCAL CLIMATOLOGICAL DATA (WS FORM: F-6)

                                          STATION:   SIDNEY NEBRASKA AIRPORT
                                          MONTH:     AUGUST
                                          YEAR:      2016
                                          LATITUDE:   41  5 N
                                          LONGITUDE: 102 59 W

  TEMPERATURE IN F:       :PCPN:    SNOW:  WIND      :SUNSHINE: SKY     :PK WND
================================================================================
1   2   3   4   5  6A  6B    7    8   9   10  11  12  13   14  15   16   17  18
                                     12Z  AVG MX 2MIN
DY MAX MIN AVG DEP HDD CDD  WTR  SNW DPTH SPD SPD DIR MIN PSBL S-S WX    SPD DR
================================================================================

 1  96  62  79   4   0  14 0.00    M    M  7.5 15  10   M    M   0        20 360
 2  91  61  76   1   0  11    T    M    M 12.2 37 140   M    M   5 123    57 170
 3  96  59  78   3   0  13 0.00    M    M 12.7 23 190   M    M   0        29 170
 4  78  61  70  -5   0   5 0.00    M    M 12.4 30  30   M    M   0        37  30
 5  76  62  69  -6   0   4    T    M    M  9.2 20 120   M    M   7        25 120
 6  67  57  62 -13   3   0    T    M    M 11.4 18 150   M    M  10 1      21 150
 7  76  63  70  -5   0   5 0.00    M    M 12.8 24 150   M    M  10 12     29 150
 8  91  64  78   3   0  13 1.41    M    M 14.3 35 220   M    M   6 123    61 220
 9  96  59  78   4   0  13 0.00    M    M 11.4 23 160   M    M   1 12     29 150
10  97  63  80   6   0  15 0.19    M    M  9.0 23 320   M    M   0 3      29 330
11  85  57  71  -3   0   6    T    M    M 13.4 28 360   M    M   0 3      37 320
12  83  54  69  -5   0   4 0.00    M    M  9.1 16  10   M    M   0        21  10
13  87  53  70  -4   0   5 0.00    M    M  7.7 21 120   M    M   0        25 120
14  88  50  69  -5   0   4 0.00    M    M 10.9 21 180   M    M   0        30 160
15  88  55  72  -2   0   7    T    M    M 10.5 30  10   M    M   0        38  10
16  89  52  71  -3   0   6 0.00    M    M  7.6 14 300   M    M   0        18 230
17  93  51  72  -1   0   7 0.00    M    M  8.9 21 160   M    M   0        26 180
18  93  54  74   1   0   9 0.16    M    M 11.4 32 350   M    M   3 13     37 350
19  75  48  62 -11   3   0 0.04    M    M 12.8 35 350   M    M   8 13     43 360
20  73  42  58 -15   7   0 0.00    M    M  7.4 14 360   M    M   1        19 330
21  89  46  68  -5   0   3 0.00    M    M 10.2 18 220   M    M   0        23 210
22  92  58  75   3   0  10 0.00    M    M 12.4 24 160   M    M   0        30 160
23  88  51  70  -2   0   5 0.00    M    M 11.1 24 340   M    M   0 1      30 350
24  75  49  62 -10   3   0    T    M    M  7.1 18 140   M    M   4        23 130
25  76  42  59 -13   6   0 0.00    M    M  9.0 16 120   M    M   1        24 130
26  70  51  61 -11   4   0 0.42    M    M  8.6 18 130   M    M   6 1      23 120
27  84  50  67  -4   0   2 0.00    M    M  7.4 22 150   M    M   3 12     26 150
28  89  53  71   0   0   6 0.00    M    M  7.7 21 150   M    M   0        25 130
29  84  53  69  -2   0   4    T    M    M  7.5 26 140   M    M   1 3      32 140
30  82  56  69  -1   0   4 0.09    M    M  5.7 20 130   M    M   2 13     24 130
================================================================================
SM 2547 1636        26 175  2.31    M    299.3          M       68
================================================================================
AV 84.9 54.5                              10.0 FASTST   M    M   2    MAX(MPH)
                                 MISC ---->  # 37 140               # 61  220
================================================================================
NOTES:
# LAST OF SEVERAL OCCURRENCES

COLUMN 17 PEAK WIND IN M.P.H.

PRELIMINARY LOCAL CLIMATOLOGICAL DATA (WS FORM: F-6) , PAGE 2

                                          STATION:  SIDNEY NEBRASKA AIRPORT
                                          MONTH:    AUGUST
                                          YEAR:     2016
                                          LATITUDE:   41  5 N
                                          LONGITUDE: 102 59 W

[TEMPERATURE DATA]      [PRECIPITATION DATA]       SYMBOLS USED IN COLUMN 16

AVERAGE MONTHLY: 69.7   TOTAL FOR MONTH:   2.31    1 = FOG OR MIST
DPTR FM NORMAL:  -3.6   DPTR FM NORMAL:    0.12    2 = FOG REDUCING VISIBILITY
HIGHEST:    97 ON 10    GRTST 24HR  1.41 ON  8- 8      TO 1/4 MILE OR LESS
LOWEST:     42 ON 25,20                            3 = THUNDER
                        SNOW, ICE PELLETS, HAIL    4 = ICE PELLETS
                        TOTAL MONTH:    M          5 = HAIL
                        GRTST 24HR    M  ON   M    6 = FREEZING RAIN OR DRIZZLE
                        GRTST DEPTH:  M  ON   M    7 = DUSTSTORM OR SANDSTORM:
                                                       VSBY 1/2 MILE OR LESS
                                                   8 = SMOKE OR HAZE
[NO. OF DAYS WITH]      [WEATHER - DAYS WITH]      9 = BLOWING SNOW
                                                   X = TORNADO
MAX 32 OR BELOW:   0    0.01 INCH OR MORE:   6
MAX 90 OR ABOVE:   9    0.10 INCH OR MORE:   4
MIN 32 OR BELOW:   0    0.50 INCH OR MORE:   1
MIN  0 OR BELOW:   0    1.00 INCH OR MORE:   1

[HDD (BASE 65) ]
TOTAL THIS MO.    26    CLEAR  (SCALE 0-3)  22
DPTR FM NORMAL    23    PTCLDY (SCALE 4-7)   5
TOTAL FM JUL 1    26    CLOUDY (SCALE 8-10)  3
DPTR FM NORMAL    20

[CDD (BASE 65) ]
TOTAL THIS MO.   175
DPTR FM NORMAL   -83    [PRESSURE DATA]
TOTAL FM JAN 1   700    HIGHEST SLP M ON M
DPTR FM NORMAL   -36    LOWEST  SLP 29.69 ON M

[REMARKS]
