000
CXUS55 KCYS 211000
CF6SNY
PRELIMINARY LOCAL CLIMATOLOGICAL DATA (WS FORM: F-6)

                                          STATION:   SIDNEY NEBRASKA AIRPORT
                                          MONTH:     JANUARY
                                          YEAR:      2017
                                          LATITUDE:   41  5 N
                                          LONGITUDE: 102 59 W

  TEMPERATURE IN F:       :PCPN:    SNOW:  WIND      :SUNSHINE: SKY     :PK WND
================================================================================
1   2   3   4   5  6A  6B    7    8   9   10  11  12  13   14  15   16   17  18
                                     12Z  AVG MX 2MIN
DY MAX MIN AVG DEP HDD CDD  WTR  SNW DPTH SPD SPD DIR MIN PSBL S-S WX    SPD DR
================================================================================

 1  38  10  24  -5  41   0 0.00    M    M  7.4 15 170   M    M   0        18 160
 2  25   9  17 -12  48   0 0.00    M    M 13.2 29 340   M    M   5 12     33 350
 3  14   7  11 -18  54   0    T    M    M  9.6 20 350   M    M   9 1      23 350
 4  10   3   7 -22  58   0 0.05    M    M  9.6 16 330   M    M  10 18     19 330
 5   5 -14  -4 -33  69   0    T    M    M 13.4 24 340   M    M   4 18     29 340
 6  18 -19   0 -29  65   0 0.00    M    M 12.5 20 300   M    M   0        22 300
 7  22 -12   5 -24  60   0 0.00    M    M  8.9 18 170   M    M   0        22 170
 8  45  11  28  -1  37   0 0.00    M    M 12.3 28 310   M    M   4        35 310
 9  54  30  42  13  23   0 0.00    M    M  9.6 28 290   M    M   2        37 280
10  50  28  39  10  26   0 0.00    M    M 16.5 37 290   M    M   1        46 300
11  38  10  24  -5  41   0    T    M    M 11.5 26  20   M    M   6 18     33  20
12  19   8  14 -15  51   0 0.00    M    M  9.8 17 170   M    M   4        20 170
13  34  11  23  -6  42   0 0.00    M    M  6.4 14 170   M    M   2        16 160
14  46  14  30   1  35   0 0.00    M    M  5.2 10 180   M    M   1        13 170
15  36  22  29   0  36   0 0.02    M    M  4.2 10 360   M    M   9 16     12  10
16  37  20  29   0  36   0 0.02    M    M 14.1 23 340   M    M   8 16     28 340
17  46  12  29   0  36   0 0.00    M    M 10.7 20 230   M    M   0        22 230
18  51  19  35   6  30   0 0.00    M    M  9.8 16 300   M    M   0        19 300
19  54  18  36   7  29   0 0.00    M    M  7.0 14 310   M    M   0        17 320
20  42  24  33   4  32   0 0.00    M    M 11.5 22 320   M    M   5        27 320
================================================================================
SM  684  211       849   0  0.09    M    203.2          M       70
================================================================================
AV 34.2 10.6                              10.2 FASTST   M    M   4    MAX(MPH)
                                 MISC ---->  # 37 290               # 46  300
================================================================================
NOTES:
# LAST OF SEVERAL OCCURRENCES

COLUMN 17 PEAK WIND IN M.P.H.

PRELIMINARY LOCAL CLIMATOLOGICAL DATA (WS FORM: F-6) , PAGE 2

                                          STATION:  SIDNEY NEBRASKA AIRPORT
                                          MONTH:    JANUARY
                                          YEAR:     2017
                                          LATITUDE:   41  5 N
                                          LONGITUDE: 102 59 W

[TEMPERATURE DATA]      [PRECIPITATION DATA]       SYMBOLS USED IN COLUMN 16

AVERAGE MONTHLY: 22.4   TOTAL FOR MONTH:   0.09    1 = FOG OR MIST
DPTR FM NORMAL:  -6.6   DPTR FM NORMAL:   -0.03    2 = FOG REDUCING VISIBILITY
HIGHEST:    54 ON 19, 9 GRTST 24HR  0.05 ON  4- 4      TO 1/4 MILE OR LESS
LOWEST:    -19 ON  6                               3 = THUNDER
                        SNOW, ICE PELLETS, HAIL    4 = ICE PELLETS
                        TOTAL MONTH:    M          5 = HAIL
                        GRTST 24HR    M  ON   M    6 = FREEZING RAIN OR DRIZZLE
                        GRTST DEPTH:  M  ON   M    7 = DUSTSTORM OR SANDSTORM:
                                                       VSBY 1/2 MILE OR LESS
                                                   8 = SMOKE OR HAZE
[NO. OF DAYS WITH]      [WEATHER - DAYS WITH]      9 = BLOWING SNOW
                                                   X = TORNADO
MAX 32 OR BELOW:   7    0.01 INCH OR MORE:   3
MAX 90 OR ABOVE:   0    0.10 INCH OR MORE:   0
MIN 32 OR BELOW:  20    0.50 INCH OR MORE:   0
MIN  0 OR BELOW:   3    1.00 INCH OR MORE:   0

[HDD (BASE 65) ]
TOTAL THIS MO.   849    CLEAR  (SCALE 0-3)  10
DPTR FM NORMAL   129    PTCLDY (SCALE 4-7)   6
TOTAL FM JUL 1  3044    CLOUDY (SCALE 8-10)  4
DPTR FM NORMAL  -223

[CDD (BASE 65) ]
TOTAL THIS MO.     0
DPTR FM NORMAL     0    [PRESSURE DATA]
TOTAL FM JAN 1     0    HIGHEST SLP M ON M
DPTR FM NORMAL     0    LOWEST  SLP  0.00 ON  8

[REMARKS]
