000
CXUS55 KCYS 301000
CF6SNY
PRELIMINARY LOCAL CLIMATOLOGICAL DATA (WS FORM: F-6)

                                          STATION:   SIDNEY NEBRASKA AIRPORT
                                          MONTH:     APRIL
                                          YEAR:      2016
                                          LATITUDE:   41  5 N
                                          LONGITUDE: 102 59 W

  TEMPERATURE IN F:       :PCPN:    SNOW:  WIND      :SUNSHINE: SKY     :PK WND
================================================================================
1   2   3   4   5  6A  6B    7    8   9   10  11  12  13   14  15   16   17  18
                                     12Z  AVG MX 2MIN
DY MAX MIN AVG DEP HDD CDD  WTR  SNW DPTH SPD SPD DIR MIN PSBL S-S WX    SPD DR
================================================================================

 1  46  28  37  -6  28   0    T    M    M 19.1 36 330   M    M   4 1      44 340
 2  65  29  47   4  18   0 0.00    M    M 12.9 23 330   M    M   2        30 330
 3  70  31  51   8  14   0 0.00    M    M 13.3 28 320   M    M   1        34 320
 4  74  31  53   9  12   0 0.00    M    M  8.9 21 210   M    M   2        34 210
 5  64  30  47   3  18   0    T    M    M 17.4 37 310   M    M   2        45 300
 6  69  33  51   7  14   0 0.00    M    M 18.7 35 330   M    M   2        44 320
 7  61  25  43  -1  22   0 0.00    M    M 12.5 25 350   M    M   6        35 350
 8  65  22  44  -1  21   0 0.00    M    M  8.0 18 350   M    M   0        26 360
 9  77  32  55  10  10   0    T    M    M 11.9 41 270   M    M   3        54 260
10  54  38  46   1  19   0 0.15    M    M 10.3 20  40   M    M   6 1      23 310
11  56  37  47   1  18   0 0.00    M    M  8.6 16 200   M    M   7        20 220
12  75  38  57  11   8   0 0.00    M    M 11.4 20 270   M    M   1 3      26 280
13  77  38  58  12   7   0 0.00    M    M 10.4 22 150   M    M   1        28 150
14  78  38  58  11   7   0    T    M    M 19.1 35 160   M    M   1        45 150
15  57  39  48   1  17   0 0.06    M    M 17.3 31 360   M    M   7        39 360
16  39  33  36 -12  29   0 0.60    M    M 21.4 32  20   0    0   0        51  30
17  37  31  34 -14  31   0    M    M    M 14.7 43  20   M    M  10 16     54  20
18  45  34  40  -8  25   0 0.00    M    M  9.3 17 350   M    M  10        21 340
19  52  28  40  -9  25   0    T    M    M  6.5 14 240   M    M   6        17 230
20  60  29  45  -4  20   0 0.00    M    M  9.2 20 340   M    M   2        24 340
21  68  34  51   2  14   0 0.00    M    M  9.0 17 350   M    M   0 8      26 360
22  78  34  56   6   9   0 0.00    M    M 15.7 28 150   M    M   0        36 160
23  82  40  61  11   4   0    T    M    M 13.3 25 330   M    M   0 3      32 310
24  67  38  53   3  12   0 0.02    M    M 16.8 35 260   M    M   2 1      42 270
25  67  33  50  -1  15   0 0.01    M    M 12.8 30  80   M    M   1 3      40  80
26  45  35  40 -11  25   0 0.03    M    M 17.0 31  80   M    M   9 13     39  80
27  51  30  41 -11  24   0    T    M    M 22.1 33 330   M    M   7        44 330
28  44  23  34 -18  31   0    T    M    M  9.2 17  20   M    M   7 1      26  20
29  42  32  37 -15  28   0 0.68    M    M  8.6 18  70   M    M  10 12     24  70
================================================================================
SM 1765  943       525   0  1.55    M    385.4            0    109
================================================================================
AV 60.9 32.5                              13.3 FASTST    0   0   4    MAX(MPH)
                                 MISC ---->  # 43  20               # 54  260
================================================================================
NOTES:
# LAST OF SEVERAL OCCURRENCES

COLUMN 17 PEAK WIND IN M.P.H.

PRELIMINARY LOCAL CLIMATOLOGICAL DATA (WS FORM: F-6) , PAGE 2

                                          STATION:  SIDNEY NEBRASKA AIRPORT
                                          MONTH:    APRIL
                                          YEAR:     2016
                                          LATITUDE:   41  5 N
                                          LONGITUDE: 102 59 W

[TEMPERATURE DATA]      [PRECIPITATION DATA]       SYMBOLS USED IN COLUMN 16

AVERAGE MONTHLY: 46.7   TOTAL FOR MONTH:   1.55    1 = FOG OR MIST
DPTR FM NORMAL:  -0.6   DPTR FM NORMAL:   -0.41    2 = FOG REDUCING VISIBILITY
HIGHEST:    82 ON 23    GRTST 24HR  0.68 ON 29-29      TO 1/4 MILE OR LESS
LOWEST:     22 ON  8                               3 = THUNDER
                        SNOW, ICE PELLETS, HAIL    4 = ICE PELLETS
                        TOTAL MONTH:    M          5 = HAIL
                        GRTST 24HR    M  ON   M    6 = FREEZING RAIN OR DRIZZLE
                        GRTST DEPTH:  M  ON   M    7 = DUSTSTORM OR SANDSTORM:
                                                       VSBY 1/2 MILE OR LESS
                                                   8 = SMOKE OR HAZE
[NO. OF DAYS WITH]      [WEATHER - DAYS WITH]      9 = BLOWING SNOW
                                                   X = TORNADO
MAX 32 OR BELOW:   0    0.01 INCH OR MORE:   7
MAX 90 OR ABOVE:   0    0.10 INCH OR MORE:   3
MIN 32 OR BELOW:  14    0.50 INCH OR MORE:   2
MIN  0 OR BELOW:   0    1.00 INCH OR MORE:   0

[HDD (BASE 65) ]
TOTAL THIS MO.   525    CLEAR  (SCALE 0-3)  17
DPTR FM NORMAL     9    PTCLDY (SCALE 4-7)   8
TOTAL FM JUL 1  5839    CLOUDY (SCALE 8-10)  4
DPTR FM NORMAL   -62

[CDD (BASE 65) ]
TOTAL THIS MO.     0
DPTR FM NORMAL     0    [PRESSURE DATA]
TOTAL FM JAN 1     0    HIGHEST SLP  0.00 ON 16
DPTR FM NORMAL     0    LOWEST  SLP 29.40 ON 14

[REMARKS]
