000
CXUS56 KPQR 271200
CF6SPB
PRELIMINARY LOCAL CLIMATOLOGICAL DATA (WS FORM: F-6)

                                          STATION:   SCAPPOOSE OR
                                          MONTH:     AUGUST
                                          YEAR:      2015
                                          LATITUDE:   45 46 N
                                          LONGITUDE: 122 50 W

  TEMPERATURE IN F:       :PCPN:    SNOW:  WIND      :SUNSHINE: SKY     :PK WND
================================================================================
1   2   3   4   5  6A  6B    7    8   9   10  11  12  13   14  15   16   17  18
                                     12Z  AVG MX 2MIN
DY MAX MIN AVG DEP HDD CDD  WTR  SNW DPTH SPD SPD DIR MIN PSBL S-S WX    SPD DR
================================================================================

 1  99  52  76   8   0  11 0.00  0.0    0  8.1 18 340   M    M   0        22 340
 2  82  58  70   2   0   5    T  0.0    0  2.4 12  20   M    M   0        16  10
 3  84  61  73   5   0   8 0.00  0.0    0  4.8 17 340   M    M   0        22 340
 4  83  56  70   2   0   5 0.00  0.0    0  8.0 17 280   M    M   0        25 320
 5  79  52  66  -2   0   1 0.00  0.0    0  5.0 15 280   M    M   4        22 270
 6  80  49  65  -3   0   0 0.00  0.0    0  5.6 16  10   M    M   2        21 350
 7  88  52  70   2   0   5 0.00  0.0    0  6.7 16 290   M    M   0        25 290
 8  81  55  68   0   0   3    T  0.0    0  4.3 15 250   M    M   6        19 130
 9  86  53  70   2   0   5 0.00  0.0    0  4.5 13 140   M    M   3        16 110
10  88  62  75   7   0  10 0.00  0.0    0  4.1 15 340   M    M   2        19 330
11  93  62  78  10   0  13 0.00  0.0    0  7.2 15 340   M    M   0        21 340
12  89  59  74   6   0   9 0.00  0.0    0  4.5 13  10   M    M   0        15  20
13  86  58  72   4   0   7 0.00  0.0    0  4.4 15 330   M    M   3        19 340
14  73  61  67   0   0   2 0.01  0.0    0  4.0 18 210   M    M   9 18     24 210
15  76  57  67   0   0   2 0.00  0.0    0  4.6 14 360   M    M   7        18 350
16  83  55  69   2   0   4 0.00  0.0    0  8.9 18 360   M    M   0        23 350
17  89  58  74   7   0   9 0.00  0.0    0  9.2 17 360   M    M   0        26 360
18  97  62  80  13   0  15 0.00  0.0    0  8.3 15 350   M    M   0 8      20 320
19  98  57  78  11   0  13 0.00  0.0    0  7.0 16 320   M    M   0        26 310
20  80  58  69   2   0   4 0.00  0.0    0  7.7 16 320   M    M   3        25 310
21  80  51  66  -1   0   1 0.00  0.0    0  4.3 14 290   M    M   4        19 360
22  86  50  68   1   0   3 0.00  0.0    0  5.7 13 350   M    M   7 8      16 340
23  90  53  72   6   0   7 0.00  0.0    0  5.8 17 350   M    M   2 8      24 360
24  82  51  67   1   0   2 0.00  0.0    0  7.4 17 360   M    M   0        20 360
25  85  54  70   4   0   5 0.00  0.0    0  7.1 14 360   M    M   0        20  30
26  89  50  70   4   0   5 0.00  0.0    0  3.8 13 360   M    M   0        20 320
================================================================================
SM 2226 1446         0 154  0.01     0.0 153.4          M       52
================================================================================
AV 85.6 55.6                               5.9 FASTST   M    M   2    MAX(MPH)
                                 MISC ---->  # 18 340               # 26  360
================================================================================
NOTES:
# LAST OF SEVERAL OCCURRENCES

COLUMN 17 PEAK WIND IN M.P.H.

PRELIMINARY LOCAL CLIMATOLOGICAL DATA (WS FORM: F-6) , PAGE 2

                                          STATION:  SCAPPOOSE OR
                                          MONTH:    AUGUST
                                          YEAR:     2015
                                          LATITUDE:   45 46 N
                                          LONGITUDE: 122 50 W

[TEMPERATURE DATA]      [PRECIPITATION DATA]       SYMBOLS USED IN COLUMN 16

AVERAGE MONTHLY: 70.6   TOTAL FOR MONTH:   0.01    1 = FOG OR MIST
DPTR FM NORMAL:   3.3   DPTR FM NORMAL:   -0.65    2 = FOG REDUCING VISIBILITY
HIGHEST:    99 ON  1    GRTST 24HR  0.01 ON 14-14      TO 1/4 MILE OR LESS
LOWEST:     49 ON  6                               3 = THUNDER
                        SNOW, ICE PELLETS, HAIL    4 = ICE PELLETS
                        TOTAL MONTH:   0.0 INCH    5 = HAIL
                        GRTST 24HR     0.0         6 = FREEZING RAIN OR DRIZZLE
                        GRTST DEPTH:   0           7 = DUSTSTORM OR SANDSTORM:
                                                       VSBY 1/2 MILE OR LESS
                                                   8 = SMOKE OR HAZE
[NO. OF DAYS WITH]      [WEATHER - DAYS WITH]      9 = BLOWING SNOW
                                                   X = TORNADO
MAX 32 OR BELOW:   0    0.01 INCH OR MORE:   1
MAX 90 OR ABOVE:   5    0.10 INCH OR MORE:   0
MIN 32 OR BELOW:   0    0.50 INCH OR MORE:   0
MIN  0 OR BELOW:   0    1.00 INCH OR MORE:   0

[HDD (BASE 65) ]
TOTAL THIS MO.     0    CLEAR  (SCALE 0-3)  19
DPTR FM NORMAL   -26    PTCLDY (SCALE 4-7)   6
TOTAL FM JUL 1    10    CLOUDY (SCALE 8-10)  1
DPTR FM NORMAL   -62

[CDD (BASE 65) ]
TOTAL THIS MO.   154
DPTR FM NORMAL    62    [PRESSURE DATA]
TOTAL FM JAN 1   508    HIGHEST SLP M ON M
DPTR FM NORMAL   296    LOWEST  SLP 29.79 ON 19

[REMARKS]
