000
CXUS56 KPQR 291200
CF6SPB
PRELIMINARY LOCAL CLIMATOLOGICAL DATA (WS FORM: F-6)

                                          STATION:   SCAPPOOSE OR
                                          MONTH:     MAY
                                          YEAR:      2015
                                          LATITUDE:   45 46 N
                                          LONGITUDE: 122 50 W

  TEMPERATURE IN F:       :PCPN:    SNOW:  WIND      :SUNSHINE: SKY     :PK WND
================================================================================
1   2   3   4   5  6A  6B    7    8   9   10  11  12  13   14  15   16   17  18
                                     12Z  AVG MX 2MIN
DY MAX MIN AVG DEP HDD CDD  WTR  SNW DPTH SPD SPD DIR MIN PSBL S-S WX    SPD DR
================================================================================

 1  72  49  61   8   4   0 0.00  0.0    0  8.8 17 360   M    M   0        26 310
 2  70  46  58   5   7   0 0.00  0.0    0  8.5 16  10   M    M   1        21  20
 3  75  42  59   6   6   0 0.00  0.0    0  6.8 15 360   M    M   0        20 340
 4  64  41  53   0  12   0 0.00  0.0    0  2.8 13 320   M    M   5        17 310
 5  62  40  51  -3  14   0 0.01    M    0  5.0 17  80   M    M   6        23 310
 6  64  44  54   0  11   0 0.05    M    0  6.9 18 360   M    M   6        28 340
 7  72  39  56   2   9   0 0.00  0.0    0  7.5 17 340   M    M   0        24 330
 8  80  42  61   7   4   0 0.00  0.0    0  6.4 15 360   M    M   0        20  20
 9  82  43  63   9   2   0 0.00  0.0    0  3.8 13  10   M    M   0        19 330
10  71  47  59   4   6   0    T    M    0  6.1 18 360   M    M   2        25 340
11  62  50  56   1   9   0 0.26  0.0    0  5.1 14  10   M    M  10 1      20  10
12  59  49  54  -1  11   0 0.31    M    0  4.1 13 140   M    M  10 1      18 150
13  59  48  54  -1  11   0 0.01    M    0  4.5 12 150   M    M   9        16 310
14  70  41  56   0   9   0 0.00  0.0    0  5.8 15 350   M    M   2 1      20  10
15  63  50  57   1   8   0 0.00  0.0    0  5.3 14 320   M    M   8        19 310
16  58  52  55  -1  10   0    T  0.0    0  2.4  9 360   M    M  10        12  30
17  72  52  62   6   3   0 0.00  0.0    0  4.7 12 330   M    M   6        15 340
18  77  48  63   7   2   0 0.00  0.0    0  6.3 13 340   M    M   2        22 290
19  66  54  60   3   5   0 0.00  0.0    0  4.6 12  10   M    M  10        14 320
20  75  54  65   8   0   0    T  0.0    0  5.9 14 360   M    M   6        18  10
21  75  53  64   7   1   0    T  0.0    0  3.2 14  30   M    M   4 3      18  30
22  62  54  58   1   7   0 0.01  0.0    0  4.6 10 350   M    M   8        14 330
23  62  53  58   1   7   0 0.00  0.0    0  3.5 10 350   M    M  10        14 320
24  66  52  59   2   6   0 0.00  0.0    0  5.2 15 360   M    M   8        19 360
25  64  47  56  -2   9   0 0.00  0.0    0  4.2 13 340   M    M   8        17 330
26  71  48  60   2   5   0 0.00  0.0    0  3.3 12  10   M    M   8        15 350
27  80  50  65   7   0   0 0.00  0.0    0  5.4 14 360   M    M   2        18  10
28  84  48  66   8   0   1 0.00  0.0    0  4.6 16 360   M    M   0        20  10
================================================================================
SM 1937 1336       178   1  0.65     0.0 145.3          M      141
================================================================================
AV 69.2 47.7                               5.2 FASTST   M    M   5    MAX(MPH)
                                 MISC ---->  # 18 360               # 28  340
================================================================================
NOTES:
# LAST OF SEVERAL OCCURRENCES

COLUMN 17 PEAK WIND IN M.P.H.

PRELIMINARY LOCAL CLIMATOLOGICAL DATA (WS FORM: F-6) , PAGE 2

                                          STATION:  SCAPPOOSE OR
                                          MONTH:    MAY
                                          YEAR:     2015
                                          LATITUDE:   45 46 N
                                          LONGITUDE: 122 50 W

[TEMPERATURE DATA]      [PRECIPITATION DATA]       SYMBOLS USED IN COLUMN 16

AVERAGE MONTHLY: 58.4   TOTAL FOR MONTH:   0.65    1 = FOG OR MIST
DPTR FM NORMAL:   2.9   DPTR FM NORMAL:   -1.84    2 = FOG REDUCING VISIBILITY
HIGHEST:    84 ON 28    GRTST 24HR  0.52 ON 11-12      TO 1/4 MILE OR LESS
LOWEST:     39 ON  7                               3 = THUNDER
                        SNOW, ICE PELLETS, HAIL    4 = ICE PELLETS
                        TOTAL MONTH:   0.0 INCH    5 = HAIL
                        GRTST 24HR     0.0         6 = FREEZING RAIN OR DRIZZLE
                        GRTST DEPTH:   0           7 = DUSTSTORM OR SANDSTORM:
                                                       VSBY 1/2 MILE OR LESS
                                                   8 = SMOKE OR HAZE
[NO. OF DAYS WITH]      [WEATHER - DAYS WITH]      9 = BLOWING SNOW
                                                   X = TORNADO
MAX 32 OR BELOW:   0    0.01 INCH OR MORE:   6
MAX 90 OR ABOVE:   0    0.10 INCH OR MORE:   2
MIN 32 OR BELOW:   0    0.50 INCH OR MORE:   0
MIN  0 OR BELOW:   0    1.00 INCH OR MORE:   0

[HDD (BASE 65) ]
TOTAL THIS MO.   178    CLEAR  (SCALE 0-3)  11
DPTR FM NORMAL   -91    PTCLDY (SCALE 4-7)  10
TOTAL FM JUL 1  3845    CLOUDY (SCALE 8-10)  7
DPTR FM NORMAL  -912

[CDD (BASE 65) ]
TOTAL THIS MO.     1
DPTR FM NORMAL     1    [PRESSURE DATA]
TOTAL FM JAN 1     3    HIGHEST SLP M ON M
DPTR FM NORMAL     3    LOWEST  SLP 29.77 ON 14

[REMARKS]
