000
CXUS55 KTBW 181000
CF6SPG
PRELIMINARY LOCAL CLIMATOLOGICAL DATA (WS FORM: F-6)

                                          STATION:   Saint Petersburg
                                          MONTH:     SEPTEMBER
                                          YEAR:      2014
                                          LATITUDE:   27 46 N
                                          LONGITUDE:  82 38 W

  TEMPERATURE IN F:       :PCPN:    SNOW:  WIND      :SUNSHINE: SKY     :PK WND
================================================================================
1   2   3   4   5  6A  6B    7    8   9   10  11  12  13   14  15   16   17  18
                                     12Z  AVG MX 2MIN
DY MAX MIN AVG DEP HDD CDD  WTR  SNW DPTH SPD SPD DIR MIN PSBL S-S WX    SPD DR
================================================================================

 1  95  80  88   5   0  23 0.02  0.0    0  6.5 20 140   M    M   0 3      23 120
 2  91  82  87   4   0  22 0.06  0.0    0  7.4 18  60   M    M   1 3      22  60
 3  94  75  85   2   0  20 1.67  0.0    0  6.7 24 120   M    M   0 138    29 110
 4  89  76  83   0   0  18 0.01  0.0    0  9.1 17 160   M    M   1 3      24 360
 5  88  79  84   1   0  19 0.00  0.0    0  7.3 17 120   M    M   1 3      22 120
 6  88  78  83   0   0  18 0.11  0.0    0  7.0 23 130   M    M   1 3      27  10
 7  88  78  83   0   0  18 0.03  0.0    0  7.5 21 170   M    M   3        25 160
 8  86  78  82  -1   0  17 0.00  0.0    0  8.9 16 160   M    M   1        29 170
 9  90  79  85   2   0  20 0.01  0.0    0  8.4 20 330   M    M   1 3      24 340
10  92  79  86   3   0  21    T  0.0    0  9.1 24 150   M    M   1 3      29 140
11  94  76  85   2   0  20 0.67  0.0    0  6.9 31  80   M    M   1 13     36  80
12  89  79  84   1   0  19 0.02  0.0    0 11.5 24  60   M    M   1 3      28  80
13  91  78  85   2   0  20 0.00  0.0    0 11.9 21 130   M    M   1        24 140
14  89  77  83   0   0  18 0.57  0.0    0  9.3 26 200   M    M   2 13     33 200
15  89  79  84   1   0  19 0.00  0.0    0  6.9 14 140   M    M   1        16 140
16  87  79  83   1   0  18 0.01  0.0    0  4.2 18 300   M    M   2 3      25 320
17  82  74  78  -4   0  13 2.56  0.0    0  4.3 15 330   M    M   6 123    20 290
================================================================================
SM 1522 1326         0 323  5.74     0.0 132.9          M       24
================================================================================
AV 89.5 78.0                               7.8 FASTST   M    M   1    MAX(MPH)
                                 MISC ---->  # 31  80               # 36   80
================================================================================
NOTES:
# LAST OF SEVERAL OCCURRENCES

COLUMN 17 PEAK WIND IN M.P.H.

PRELIMINARY LOCAL CLIMATOLOGICAL DATA (WS FORM: F-6) , PAGE 2

                                          STATION:  Saint Petersburg
                                          MONTH:    SEPTEMBER
                                          YEAR:     2014
                                          LATITUDE:   27 46 N
                                          LONGITUDE:  82 38 W

[TEMPERATURE DATA]      [PRECIPITATION DATA]       SYMBOLS USED IN COLUMN 16

AVERAGE MONTHLY: 83.8   TOTAL FOR MONTH:   5.74    1 = FOG OR MIST
DPTR FM NORMAL:   0.9   DPTR FM NORMAL:    0.71    2 = FOG REDUCING VISIBILITY
HIGHEST:    95 ON  1    GRTST 24HR  2.56 ON 17-17      TO 1/4 MILE OR LESS
LOWEST:     74 ON 17                               3 = THUNDER
                        SNOW, ICE PELLETS, HAIL    4 = ICE PELLETS
                        TOTAL MONTH:   0.0 INCH    5 = HAIL
                        GRTST 24HR     0.0         6 = FREEZING RAIN OR DRIZZLE
                        GRTST DEPTH:   0           7 = DUSTSTORM OR SANDSTORM:
                                                       VSBY 1/2 MILE OR LESS
                                                   8 = SMOKE OR HAZE
[NO. OF DAYS WITH]      [WEATHER - DAYS WITH]      9 = BLOWING SNOW
                                                   X = TORNADO
MAX 32 OR BELOW:   0    0.01 INCH OR MORE:  12
MAX 90 OR ABOVE:   7    0.10 INCH OR MORE:   5
MIN 32 OR BELOW:   0    0.50 INCH OR MORE:   4
MIN  0 OR BELOW:   0    1.00 INCH OR MORE:   2

[HDD (BASE 65) ]
TOTAL THIS MO.     0    CLEAR  (SCALE 0-3)  16
DPTR FM NORMAL     0    PTCLDY (SCALE 4-7)   1
TOTAL FM JUL 1     0    CLOUDY (SCALE 8-10)  0
DPTR FM NORMAL     0

[CDD (BASE 65) ]
TOTAL THIS MO.   323
DPTR FM NORMAL    19    [PRESSURE DATA]
TOTAL FM JAN 1  3036    HIGHEST SLP M ON M
DPTR FM NORMAL   119    LOWEST  SLP 29.87 ON 17

[REMARKS]
