000
CXUS55 KTBW 291000
CF6SPG
PRELIMINARY LOCAL CLIMATOLOGICAL DATA (WS FORM: F-6)

                                          STATION:   Saint Petersburg
                                          MONTH:     AUGUST
                                          YEAR:      2015
                                          LATITUDE:   27 46 N
                                          LONGITUDE:  82 38 W

  TEMPERATURE IN F:       :PCPN:    SNOW:  WIND      :SUNSHINE: SKY     :PK WND
================================================================================
1   2   3   4   5  6A  6B    7    8   9   10  11  12  13   14  15   16   17  18
                                     12Z  AVG MX 2MIN
DY MAX MIN AVG DEP HDD CDD  WTR  SNW DPTH SPD SPD DIR MIN PSBL S-S WX    SPD DR
================================================================================

 1  87  74  81  -3   0  16 1.05  0.0    0  9.4 23 190   M    M   7 13     30 300
 2  85  76  81  -3   0  16 0.71  0.0    0 11.0 24 250   M    M   6 138    33 250
 3  84  73  79  -5   0  14 2.22  0.0    0  8.7 25 280   M    M   6 13     36 280
 4  87  78  83  -1   0  18    T  0.0    0  6.3 14 250   M    M   2        18 260
 5  93  79  86   2   0  21 0.00  0.0    0  3.5 15 170   M    M   0 3      19 170
 6  90  80  85   1   0  20 0.00  0.0    0  5.8 14 260   M    M   1        22 250
 7  87  78  83  -1   0  18 0.10  0.0    0  9.7 25 280   M    M   2 38     36 280
 8  86  76  81  -3   0  16 1.10  0.0    0  6.0 17  10   M    M   4 13     21 360
 9  90  79  85   1   0  20    T  0.0    0  6.4 18  60   M    M   2 3      21  60
10  92  80  86   2   0  21 0.01  0.0    0  7.8 21 100   M    M   3        24 100
11  90  80  85   1   0  20 0.14  0.0    0  6.7 16  90   M    M   3 138    19  90
12  89  82  86   2   0  21 0.00  0.0    0  7.2 16 270   M    M   1        22 260
13  89  77  83  -1   0  18 0.89  0.0    0  8.7 37  60   M    M   2 13     47  60
14  89  78  84   0   0  19 0.00  0.0    0  8.1 25 130   M    M   0 3      29 130
15  90  77  84   0   0  19 0.23  0.0    0  9.4 36 150   M    M   2 138    42 140
16  92  77  85   1   0  20 0.58  0.0    0  9.4 37 170   M    M   2 13     42 170
17  92  76  84   0   0  19 0.46  0.0    0  8.2 35 130   M    M   1 13     38 130
18  92  80  86   2   0  21 0.00  0.0    0  6.6 25 160   M    M   1 3      30 150
19  93  80  87   3   0  22 0.00  0.0    0  8.0 21 120   M    M   0 3      23 130
20  90  81  86   2   0  21 0.00  0.0    0  7.8 14 250   M    M   1 3      19 250
21  93  81  87   3   0  22 0.00  0.0    0  6.1 14  20   M    M   0 3      18 360
22  94  82  88   4   0  23    T  0.0    0  6.3 31  60   M    M   0 3      37  60
23  93  83  88   4   0  23 0.07  0.0    0  6.9 21  90   M    M   2 3      22 100
24  93  82  88   4   0  23 0.35  0.0    0  6.1 29  30   M    M   1 38     40  40
25  94  83  89   5   0  24 0.00  0.0    0  5.1 13 260   M    M   1        16 260
26  92  79  86   2   0  21 0.12  0.0    0  8.2 32 120   M    M   1 13     37 120
27  85  75  80  -4   0  15 0.33  0.0    0  7.8 18 190   M    M   1 13     20 180
28  87  76  82  -2   0  17 0.41  0.0    0  9.9 33 140   M    M   2 13     39 140
================================================================================
SM 2518 2202         0 548  8.77     0.0 211.1          M       54
================================================================================
AV 89.9 78.6                               7.5 FASTST   M    M   2    MAX(MPH)
                                 MISC ---->  # 37  60               # 47   60
================================================================================
NOTES:
# LAST OF SEVERAL OCCURRENCES

COLUMN 17 PEAK WIND IN M.P.H.

PRELIMINARY LOCAL CLIMATOLOGICAL DATA (WS FORM: F-6) , PAGE 2

                                          STATION:  Saint Petersburg
                                          MONTH:    AUGUST
                                          YEAR:     2015
                                          LATITUDE:   27 46 N
                                          LONGITUDE:  82 38 W

[TEMPERATURE DATA]      [PRECIPITATION DATA]       SYMBOLS USED IN COLUMN 16

AVERAGE MONTHLY: 84.3   TOTAL FOR MONTH:   8.77    1 = FOG OR MIST
DPTR FM NORMAL:   0.3   DPTR FM NORMAL:    1.23    2 = FOG REDUCING VISIBILITY
HIGHEST:    94 ON 25,22 GRTST 24HR  2.38 ON  2- 3      TO 1/4 MILE OR LESS
LOWEST:     73 ON  3                               3 = THUNDER
                        SNOW, ICE PELLETS, HAIL    4 = ICE PELLETS
                        TOTAL MONTH:   0.0 INCH    5 = HAIL
                        GRTST 24HR     0.0         6 = FREEZING RAIN OR DRIZZLE
                        GRTST DEPTH:   0           7 = DUSTSTORM OR SANDSTORM:
                                                       VSBY 1/2 MILE OR LESS
                                                   8 = SMOKE OR HAZE
[NO. OF DAYS WITH]      [WEATHER - DAYS WITH]      9 = BLOWING SNOW
                                                   X = TORNADO
MAX 32 OR BELOW:   0    0.01 INCH OR MORE:  16
MAX 90 OR ABOVE:  17    0.10 INCH OR MORE:  14
MIN 32 OR BELOW:   0    0.50 INCH OR MORE:   6
MIN  0 OR BELOW:   0    1.00 INCH OR MORE:   3

[HDD (BASE 65) ]
TOTAL THIS MO.     0    CLEAR  (SCALE 0-3)  23
DPTR FM NORMAL     0    PTCLDY (SCALE 4-7)   5
TOTAL FM JUL 1     0    CLOUDY (SCALE 8-10)  0
DPTR FM NORMAL     0

[CDD (BASE 65) ]
TOTAL THIS MO.   548
DPTR FM NORMAL    16    [PRESSURE DATA]
TOTAL FM JAN 1  2935    HIGHEST SLP M ON M
DPTR FM NORMAL   374    LOWEST  SLP 29.85 ON 24

[REMARKS]
