000
CXUS53 KILX 212300
CF6SPI
PRELIMINARY LOCAL CLIMATOLOGICAL DATA (WS FORM: F-6)

                                          STATION:   SPRINGFIELD IL
                                          MONTH:     OCTOBER
                                          YEAR:      2014
                                          LATITUDE:   39 50 N
                                          LONGITUDE:  89 41 W

  TEMPERATURE IN F:       :PCPN:    SNOW:  WIND      :SUNSHINE: SKY     :PK WND
================================================================================
1   2   3   4   5  6A  6B    7    8   9   10  11  12  13   14  15   16   17  18
                                     12Z  AVG MX 2MIN
DY MAX MIN AVG DEP HDD CDD  WTR  SNW DPTH SPD SPD DIR MIN PSBL S-S WX    SPD DR
================================================================================

 1  85  53  69   9   0   4 0.72  0.0    0  7.7 17 310   M    M   3 13     22 310
 2  71  63  67   7   0   2 1.24  0.0    0  6.9 20 260   M    M   5 13     30 250
 3  63  42  53  -7  12   0 0.54  0.0    0 11.6 23 280   M    M   8 1      35 280
 4  55  37  46 -13  19   0 0.00  0.0    0 11.0 23 270   M    M   5        31 260
 5  69  37  53  -6  12   0    T  0.0    0  5.2 12 340   M    M   5        16 200
 6  71  49  60   2   5   0 0.01  0.0    0  8.8 22 280   M    M   4 3      31 250
 7  77  46  62   4   3   0 0.11  0.0    0  8.8 23 300   M    M   5 1      32 290
 8  73  43  58   0   7   0 0.00  0.0    0  4.0 14 290   M    M   1        19 270
 9  59  52  56  -1   9   0 0.02  0.0    0  5.0 10  50   M    M  10        13  60
10  58  47  53  -4  12   0    T  0.0    0  7.7 17  60   M    M   7        21  70
11  63  39  51  -6  14   0 0.00  0.0    0  5.3 12  60   M    M   0        16  70
12  61  39  50  -6  15   0 0.06  0.0    0  5.5 12 130   M    M   8 1      14 130
13  69  58  64   8   1   0 0.89  0.0    0 11.0 22 140   M    M   9 123    31 150
14  63  54  59   3   6   0 0.06  0.0    0  7.3 17 170   M    M   9 18     23 160
15  55  51  53  -2  12   0 0.07  0.0    0  8.0 17 330   M    M   9 18     23 330
16  71  53  62   7   3   0 0.00  0.0    0  6.0 12 210   M    M   5        17 230
17  67  49  58   3   7   0 0.00  0.0    0 10.6 20 330   M    M   5        30 290
18  58  46  52  -2  13   0 0.00  0.0    0  6.3 14 310   M    M   8        20 320
19  63  40  52  -2  13   0 0.00  0.0    0  6.1 14 200   M    M   6        25 190
20  73  44  59   5   6   0 0.00  0.0    0  8.0 17 330   M    M   1        25 340
================================================================================
SM 1324  942       169   6  3.72     0.0 150.8          M      113
================================================================================
AV 66.2 47.1                               7.5 FASTST   M    M   6    MAX(MPH)
                                 MISC ---->  # 23 280               # 35  280
================================================================================
NOTES:
# LAST OF SEVERAL OCCURRENCES

COLUMN 17 PEAK WIND IN M.P.H.

PRELIMINARY LOCAL CLIMATOLOGICAL DATA (WS FORM: F-6) , PAGE 2

                                          STATION:  SPRINGFIELD IL
                                          MONTH:    OCTOBER
                                          YEAR:     2014
                                          LATITUDE:   39 50 N
                                          LONGITUDE:  89 41 W

[TEMPERATURE DATA]      [PRECIPITATION DATA]       SYMBOLS USED IN COLUMN 16

AVERAGE MONTHLY: 56.6   TOTAL FOR MONTH:   3.72    1 = FOG OR MIST
DPTR FM NORMAL:  -0.3   DPTR FM NORMAL:    1.72    2 = FOG REDUCING VISIBILITY
HIGHEST:    85 ON  1    GRTST 24HR  1.61 ON  1- 2      TO 1/4 MILE OR LESS
LOWEST:     37 ON  5, 4                            3 = THUNDER
                        SNOW, ICE PELLETS, HAIL    4 = ICE PELLETS
                        TOTAL MONTH:   0.0 INCH    5 = HAIL
                        GRTST 24HR     0.0         6 = FREEZING RAIN OR DRIZZLE
                        GRTST DEPTH:   0           7 = DUSTSTORM OR SANDSTORM:
                                                       VSBY 1/2 MILE OR LESS
                                                   8 = SMOKE OR HAZE
[NO. OF DAYS WITH]      [WEATHER - DAYS WITH]      9 = BLOWING SNOW
                                                   X = TORNADO
MAX 32 OR BELOW:   0    0.01 INCH OR MORE:  10
MAX 90 OR ABOVE:   0    0.10 INCH OR MORE:   5
MIN 32 OR BELOW:   0    0.50 INCH OR MORE:   4
MIN  0 OR BELOW:   0    1.00 INCH OR MORE:   1

[HDD (BASE 65) ]
TOTAL THIS MO.   169    CLEAR  (SCALE 0-3)   3
DPTR FM NORMAL   -12    PTCLDY (SCALE 4-7)  13
TOTAL FM JUL 1   249    CLOUDY (SCALE 8-10)  4
DPTR FM NORMAL   -13

[CDD (BASE 65) ]
TOTAL THIS MO.     6
DPTR FM NORMAL   -13    [PRESSURE DATA]
TOTAL FM JAN 1  1155    HIGHEST SLP M ON M
DPTR FM NORMAL    37    LOWEST  SLP 29.42 ON 14

[REMARKS]
