000
CXUS54 KOUN 230700
CF6SPS
PRELIMINARY LOCAL CLIMATOLOGICAL DATA (WS FORM: F-6)

                                          STATION:   WICHITA FALLS
                                          MONTH:     FEBRUARY
                                          YEAR:      2018
                                          LATITUDE:   33 58 N
                                          LONGITUDE:  98 29 W

  TEMPERATURE IN F:       :PCPN:    SNOW:  WIND      :SUNSHINE: SKY     :PK WND
================================================================================
1   2   3   4   5  6A  6B    7    8   9   10  11  12  13   14  15   16   17  18
                                     12Z  AVG MX 2MIN
DY MAX MIN AVG DEP HDD CDD  WTR  SNW DPTH SPD SPD DIR MIN PSBL S-S WX    SPD DR
================================================================================

 1  57  29  43   0  22   0 0.00  0.0    0 18.5 32  20   M    M   2        37  10
 2  53  26  40  -3  25   0 0.00  0.0    0  8.1 16 160   M    M   3 8      18 140
 3  66  27  47   3  18   0 0.00  0.0    0 13.0 26 180   M    M   0        32 180
 4  54  21  38  -6  27   0 0.00  0.0    0 16.9 33  30   M    M   0 1      40  30
 5  43  15  29 -15  36   0 0.00  0.0    0  7.1 21 180   M    M   5        24 180
 6  33  23  28 -16  37   0    T  0.0    0 13.3 22  10   M    M   7 6      27  10
 7  48  20  34 -10  31   0 0.00  0.0    0  9.8 22  10   M    M   1        27  20
 8  63  21  42  -2  23   0 0.00  0.0    0  9.3 20 170   M    M   0        24 210
 9  76  33  55  11  10   0 0.00  0.0    0 12.5 24  20   M    M   1        30  20
10  33  20  27 -18  38   0 0.00  0.0    0 16.6 30 360   M    M   6 1      34 360
11  41  20  31 -14  34   0 0.00  0.0    0 11.1 22 350   M    M   3        26 360
12  46  15  31 -14  34   0 0.00  0.0    0  7.7 16  50   M    M   2        20  90
13  47  25  36  -9  29   0 0.00  0.0    0  6.8 14 170   M    M   8 18     17 170
14  80  37  59  13   6   0 0.00  0.0    0 11.3 21 190   M    M   5 1      25 190
15  83  59  71  25   0   6 0.00  0.0    0 15.1 29 210   M    M   3        35 210
16  71  39  55   9  10   0    T  0.0    0 16.3 35  20   M    M   7        43  10
17  63  34  49   3  16   0 0.09  0.0    0  8.6 22  30   M    M   2        26  30
18  66  35  51   5  14   0 0.00  0.0    0 13.1 25 190   M    M   3 1      32 180
19  79  57  68  21   0   3 0.00  0.0    0 17.5 35 210   M    M   2        42 190
20  72  29  51   4  14   0 0.72  0.0    0 20.2 37 350   M    M   8 136    42 350
21  29  24  27 -20  38   0 0.43  1.0    0 18.8 31  20   M    M  10 16     39  20
22  34  27  31 -17  34   0 0.18  0.0    0  6.0 26 240   M    M  10 136    33 240
================================================================================
SM 1237  636       496   9  1.42     1.0 277.6          M       88
================================================================================
AV 56.2 28.9                              12.6 FASTST   M    M   4    MAX(MPH)
                                 MISC ---->  # 37 350               # 43   10
================================================================================
NOTES:
# LAST OF SEVERAL OCCURRENCES

COLUMN 17 PEAK WIND IN M.P.H.

PRELIMINARY LOCAL CLIMATOLOGICAL DATA (WS FORM: F-6) , PAGE 2

                                          STATION:  WICHITA FALLS
                                          MONTH:    FEBRUARY
                                          YEAR:     2018
                                          LATITUDE:   33 58 N
                                          LONGITUDE:  98 29 W

[TEMPERATURE DATA]      [PRECIPITATION DATA]       SYMBOLS USED IN COLUMN 16

AVERAGE MONTHLY: 42.6   TOTAL FOR MONTH:   1.42    1 = FOG OR MIST
DPTR FM NORMAL:  -2.6   DPTR FM NORMAL:    0.12    2 = FOG REDUCING VISIBILITY
HIGHEST:    83 ON 15    GRTST 24HR  0.72 ON 20-20      TO 1/4 MILE OR LESS
LOWEST:     15 ON 12, 5                            3 = THUNDER
                        SNOW, ICE PELLETS, HAIL    4 = ICE PELLETS
                        TOTAL MONTH:   1.0 INCH    5 = HAIL
                        GRTST 24HR   1.0 ON 21-21  6 = FREEZING RAIN OR DRIZZLE
                        GRTST DEPTH:   0           7 = DUSTSTORM OR SANDSTORM:
                                                       VSBY 1/2 MILE OR LESS
                                                   8 = SMOKE OR HAZE
[NO. OF DAYS WITH]      [WEATHER - DAYS WITH]      9 = BLOWING SNOW
                                                   X = TORNADO
MAX 32 OR BELOW:   1    0.01 INCH OR MORE:   4
MAX 90 OR ABOVE:   0    0.10 INCH OR MORE:   3
MIN 32 OR BELOW:  15    0.50 INCH OR MORE:   1
MIN  0 OR BELOW:   0    1.00 INCH OR MORE:   0

[HDD (BASE 65) ]
TOTAL THIS MO.   496    CLEAR  (SCALE 0-3)  12
DPTR FM NORMAL    58    PTCLDY (SCALE 4-7)   8
TOTAL FM JUL 1  2300    CLOUDY (SCALE 8-10)  2
DPTR FM NORMAL   -48

[CDD (BASE 65) ]
TOTAL THIS MO.     9
DPTR FM NORMAL     9    [PRESSURE DATA]
TOTAL FM JAN 1     9    HIGHEST SLP M ON M
DPTR FM NORMAL     8    LOWEST  SLP 29.68 ON 19

[REMARKS]
