000
CXUS55 KTBW 301000
CF6SRQ
PRELIMINARY LOCAL CLIMATOLOGICAL DATA (WS FORM: F-6)

                                          STATION:   Sarasota Bradenton
                                          MONTH:     JULY
                                          YEAR:      2015
                                          LATITUDE:   27 23 N
                                          LONGITUDE:  82 33 W

  TEMPERATURE IN F:       :PCPN:    SNOW:  WIND      :SUNSHINE: SKY     :PK WND
================================================================================
1   2   3   4   5  6A  6B    7    8   9   10  11  12  13   14  15   16   17  18
                                     12Z  AVG MX 2MIN
DY MAX MIN AVG DEP HDD CDD  WTR  SNW DPTH SPD SPD DIR MIN PSBL S-S WX    SPD DR
================================================================================

 1  91  75  83   1   0  18 0.00  0.0    0  5.5 10  50   M    M   0 3      13 290
 2  92  73  83   1   0  18 0.00  0.0    0  6.4 14 110   M    M   0 3      17 100
 3  92  73  83   1   0  18    T  0.0    0  6.9 17 110   M    M   1 3      20 110
 4  92  72  82   0   0  17 0.00  0.0    0  7.8 22 120   M    M   1 3      26 120
 5  93  72  83   1   0  18 0.28  0.0    0  9.3 23  60   M    M   2 13     30  40
 6  89  70  80  -2   0  15    T  0.0    0  5.8 13 250   M    M   1 3      16 250
 7  89  72  81  -1   0  16 0.07  0.0    0  5.8 16 340   M    M   1 13     21  20
 8  92  70  81  -1   0  16 0.00  0.0    0  6.9 15 160   M    M   2 3      18 160
 9  93  73  83   1   0  18 0.18  0.0    0  7.5 15 270   M    M   2 3      20 270
10  94  74  84   2   0  19 0.00  0.0    0  8.0 15 150   M    M   2 3      18 280
11  97  74  86   4   0  21    T  0.0    0  5.4 18  20   M    M   2 3      25  10
12  87  74  81  -1   0  16 0.49  0.0    0  6.2 21 320   M    M   2 138    26 310
13  90  73  82   0   0  17 0.00  0.0    0  5.7 14 230   M    M   0 1      16 270
14  90  82  86   4   0  21 0.00  0.0    0  9.6 17 290   M    M   2 3      35 270
15  91  78  85   3   0  20    T  0.0    0 10.6 20 320   M    M   2 3      24 310
16  87  75  81  -1   0  16 0.36  0.0    0  8.7 23 290   M    M   4 13     29 310
17  84  77  81  -1   0  16 0.58  0.0    0 10.1 18 220   M    M   5 138    24 270
18  87  77  82   0   0  17 0.01  0.0    0  7.4 16 240   M    M   3 13     21 280
19  89  75  82   0   0  17 0.01  0.0    0  7.3 14 290   M    M   2        17 250
20  90  76  83   1   0  18 0.00  0.0    0  8.2 14 280   M    M   1        19 280
21  90  79  85   3   0  20 0.21  0.0    0  9.5 18 280   M    M   3 18     22 270
22  91  81  86   4   0  21 0.05  0.0    0 10.4 16 300   M    M   2 1      19 270
23  91  82  87   5   0  22 0.01  0.0    0 10.7 18 300   M    M   2 3      23 300
24  86  74  80  -2   0  15 0.78  0.0    0  8.6 24 360   M    M   4 13     31 360
25  83  75  79  -3   0  14 0.34  0.0    0  9.8 22 310   M    M   6 13     29 300
26  87  76  82   0   0  17 1.56  0.0    0  7.0 17 180   M    M   6 13     21 180
27  85  75  80  -2   0  15 0.97  0.0    0 12.1 24 200   M    M   7 1      30 200
28  88  79  84   2   0  19    T  0.0    0 11.7 17 230   M    M   3        22 220
29  87  77  82   0   0  17    T  0.0    0  9.3 15 280   M    M   4 3      19 240
================================================================================
SM 2597 2183         0 512  5.90     0.0 238.2          M       72
================================================================================
AV 89.6 75.3                               8.2 FASTST   M    M   2    MAX(MPH)
                                 MISC ---->  # 24 360               # 35  270
================================================================================
NOTES:
# LAST OF SEVERAL OCCURRENCES

COLUMN 17 PEAK WIND IN M.P.H.

PRELIMINARY LOCAL CLIMATOLOGICAL DATA (WS FORM: F-6) , PAGE 2

                                          STATION:  Sarasota Bradenton
                                          MONTH:    JULY
                                          YEAR:     2015
                                          LATITUDE:   27 23 N
                                          LONGITUDE:  82 33 W

[TEMPERATURE DATA]      [PRECIPITATION DATA]       SYMBOLS USED IN COLUMN 16

AVERAGE MONTHLY: 82.4   TOTAL FOR MONTH:   5.90    1 = FOG OR MIST
DPTR FM NORMAL:   0.4   DPTR FM NORMAL:   -1.54    2 = FOG REDUCING VISIBILITY
HIGHEST:    97 ON 11    GRTST 24HR  1.57 ON 26-27      TO 1/4 MILE OR LESS
LOWEST:     70 ON  8, 6                            3 = THUNDER
                        SNOW, ICE PELLETS, HAIL    4 = ICE PELLETS
                        TOTAL MONTH:   0.0 INCH    5 = HAIL
                        GRTST 24HR     0.0         6 = FREEZING RAIN OR DRIZZLE
                        GRTST DEPTH:   0           7 = DUSTSTORM OR SANDSTORM:
                                                       VSBY 1/2 MILE OR LESS
                                                   8 = SMOKE OR HAZE
[NO. OF DAYS WITH]      [WEATHER - DAYS WITH]      9 = BLOWING SNOW
                                                   X = TORNADO
MAX 32 OR BELOW:   0    0.01 INCH OR MORE:  15
MAX 90 OR ABOVE:  16    0.10 INCH OR MORE:  10
MIN 32 OR BELOW:   0    0.50 INCH OR MORE:   4
MIN  0 OR BELOW:   0    1.00 INCH OR MORE:   1

[HDD (BASE 65) ]
TOTAL THIS MO.     0    CLEAR  (SCALE 0-3)  22
DPTR FM NORMAL     0    PTCLDY (SCALE 4-7)   7
TOTAL FM JUL 1     0    CLOUDY (SCALE 8-10)  0
DPTR FM NORMAL     0

[CDD (BASE 65) ]
TOTAL THIS MO.   512
DPTR FM NORMAL     6    [PRESSURE DATA]
TOTAL FM JAN 1  2053    HIGHEST SLP M ON M
DPTR FM NORMAL   324    LOWEST  SLP 29.83 ON 26

[REMARKS]
