000
CXUS55 KTBW 241000
CF6SRQ
PRELIMINARY LOCAL CLIMATOLOGICAL DATA (WS FORM: F-6)

                                          STATION:   Sarasota Bradenton
                                          MONTH:     NOVEMBER
                                          YEAR:      2017
                                          LATITUDE:   27 23 N
                                          LONGITUDE:  82 33 W

  TEMPERATURE IN F:       :PCPN:    SNOW:  WIND      :SUNSHINE: SKY     :PK WND
================================================================================
1   2   3   4   5  6A  6B    7    8   9   10  11  12  13   14  15   16   17  18
                                     12Z  AVG MX 2MIN
DY MAX MIN AVG DEP HDD CDD  WTR  SNW DPTH SPD SPD DIR MIN PSBL S-S WX    SPD DR
================================================================================

 1  81  56  69  -3   0   4 0.00  0.0    0  6.3 13 110   M    M   0        17  80
 2  83  58  71  -1   0   6 0.00  0.0    0  4.9 13 320   M    M   1        15 290
 3  83  63  73   1   0   8 0.00  0.0    0  6.7 15 350   M    M   2        19  10
 4  85  64  75   3   0  10 0.00  0.0    0  6.4 13 330   M    M   1        18  90
 5  84  62  73   2   0   8 0.00  0.0    0  6.3 15 330   M    M   2 1      22  30
 6  82  67  75   4   0  10 0.00  0.0    0  6.0 15 290   M    M   3 12     17 290
 7  85  65  75   4   0  10 0.00  0.0    0  5.5 15 320   M    M   0 1      20 320
 8  84  63  74   3   0   9 0.00  0.0    0  5.7 14 340   M    M   0 1      18 270
 9  82  64  73   3   0   8 0.00  0.0    0  5.1 13 290   M    M   1 1      15 280
10  73  64  69  -1   0   4 0.00  0.0    0  7.8 14  20   M    M   5 1      18  20
11  84  62  73   3   0   8 0.00  0.0    0 11.5 21  70   M    M   2        26  70
12  80  69  75   5   0  10 0.04  0.0    0 11.2 22  70   M    M   9 1      32  70
13  85  68  77   7   0  12 0.00  0.0    0 10.6 18  70   M    M   6        25  40
14  82  64  73   3   0   8 0.00  0.0    0 10.7 20  50   M    M   1        27  40
15  79  58  69   0   0   4 0.00  0.0    0  9.9 15 340   M    M   0        19  40
16  76  60  68  -1   0   3 0.00  0.0    0  7.4 13 340   M    M   3 1      18  10
17  80  59  70   1   0   5 0.00  0.0    0  7.1 14  70   M    M   0 8      18  60
18  78  56  67  -2   0   2 0.00  0.0    0  4.0 10 260   M    M   0        16 240
19  81  59  70   2   0   5 0.00  0.0    0  8.1 15  10   M    M   2        21  20
20  79  50  65  -3   0   0 0.00  0.0    0 11.1 16  90   M    M   0        22  40
21  77  63  70   2   0   5 0.00  0.0    0  8.3 20 110   M    M   3        23 100
22  81  60  71   3   0   6 0.07  0.0    0  5.8 16 110   M    M   3 123    20 120
23  75  67  71   3   0   6 0.12  0.0    0 11.4 28 180   M    M   4 1      37 170
================================================================================
SM 1859 1421         0 151  0.23     0.0 177.8          M       48
================================================================================
AV 80.8 61.8                               7.7 FASTST   M    M   2    MAX(MPH)
                                 MISC ---->  # 28 180               # 37  170
================================================================================
NOTES:
# LAST OF SEVERAL OCCURRENCES

COLUMN 17 PEAK WIND IN M.P.H.

PRELIMINARY LOCAL CLIMATOLOGICAL DATA (WS FORM: F-6) , PAGE 2

                                          STATION:  Sarasota Bradenton
                                          MONTH:    NOVEMBER
                                          YEAR:     2017
                                          LATITUDE:   27 23 N
                                          LONGITUDE:  82 33 W

[TEMPERATURE DATA]      [PRECIPITATION DATA]       SYMBOLS USED IN COLUMN 16

AVERAGE MONTHLY: 71.3   TOTAL FOR MONTH:   0.23    1 = FOG OR MIST
DPTR FM NORMAL:   1.4   DPTR FM NORMAL:   -1.23    2 = FOG REDUCING VISIBILITY
HIGHEST:    85 ON 13, 7 GRTST 24HR  0.12 ON 23-23      TO 1/4 MILE OR LESS
LOWEST:     50 ON 20                               3 = THUNDER
                        SNOW, ICE PELLETS, HAIL    4 = ICE PELLETS
                        TOTAL MONTH:   0.0 INCH    5 = HAIL
                        GRTST 24HR     0.0         6 = FREEZING RAIN OR DRIZZLE
                        GRTST DEPTH:   0           7 = DUSTSTORM OR SANDSTORM:
                                                       VSBY 1/2 MILE OR LESS
                                                   8 = SMOKE OR HAZE
[NO. OF DAYS WITH]      [WEATHER - DAYS WITH]      9 = BLOWING SNOW
                                                   X = TORNADO
MAX 32 OR BELOW:   0    0.01 INCH OR MORE:   3
MAX 90 OR ABOVE:   0    0.10 INCH OR MORE:   1
MIN 32 OR BELOW:   0    0.50 INCH OR MORE:   0
MIN  0 OR BELOW:   0    1.00 INCH OR MORE:   0

[HDD (BASE 65) ]
TOTAL THIS MO.     0    CLEAR  (SCALE 0-3)  17
DPTR FM NORMAL   -14    PTCLDY (SCALE 4-7)   5
TOTAL FM JUL 1    13    CLOUDY (SCALE 8-10)  1
DPTR FM NORMAL    -4

[CDD (BASE 65) ]
TOTAL THIS MO.   151
DPTR FM NORMAL    22    [PRESSURE DATA]
TOTAL FM JAN 1  3670    HIGHEST SLP M ON M
DPTR FM NORMAL   397    LOWEST  SLP 29.75 ON 23

[REMARKS]
