000
CXUS52 KJAX 230800
CF6SSI
PRELIMINARY LOCAL CLIMATOLOGICAL DATA (WS FORM: F-6)

                                          STATION:   ST SIMONS ISLAND GA
                                          MONTH:     NOVEMBER
                                          YEAR:      2017
                                          LATITUDE:   31  9 N
                                          LONGITUDE:  81 23 W

  TEMPERATURE IN F:       :PCPN:    SNOW:  WIND      :SUNSHINE: SKY     :PK WND
================================================================================
1   2   3   4   5  6A  6B    7    8   9   10  11  12  13   14  15   16   17  18
                                     12Z  AVG MX 2MIN
DY MAX MIN AVG DEP HDD CDD  WTR  SNW DPTH SPD SPD DIR MIN PSBL S-S WX    SPD DR
================================================================================

 1  76  52  64  -2   1   0 0.00  0.0    0  4.6 14  50   M    M   3 1      16  50
 2  78  57  68   3   0   3 0.00  0.0    0  3.2 10  70   M    M   1 12     17 100
 3  80  60  70   5   0   5 0.00  0.0    0  4.2 12  90   M    M   0 1      15  80
 4  81  58  70   5   0   5 0.00  0.0    0  4.6 13  80   M    M   0 1      19  60
 5  76  64  70   5   0   5 0.00  0.0    0  8.6 18  20   M    M   9 12     22  20
 6  77  63  70   6   0   5 0.00  0.0    0  3.2  9 110   M    M   6 12      M  M
 7  83  63  73   9   0   8 0.00  0.0    0  4.4 10 170   M    M   3 12     14 160
 8  79  64  72   8   0   7 0.00  0.0    0  6.2 14  60   M    M   2        18  40
 9  70  55  63  -1   2   0 0.07  0.0    0  8.7 17 330   M    M  10 13     25 310
10  68  53  61  -2   4   0 0.00  0.0    0  8.4 20  40   M    M   5 1      27  40
11  65  56  61  -2   4   0 0.00  0.0    0 16.1 26  20   M    M   8 1      39  20
12  72  57  65   2   0   0    T  0.0    0 12.2 21  50   M    M   6 18     28  40
13  73  56  65   3   0   0 0.00  0.0    0  8.9 15  20   M    M   2 1      21  20
14  65  51  58  -4   7   0 0.00  0.0    0 12.4 23  20   M    M   2        29  30
15  62  48  55  -7  10   0 0.00  0.0    0  9.5 20  30   M    M   4        25  40
16  71  44  58  -4   7   0 0.00  0.0    0  3.8 13 360   M    M   0        16 360
17  71  47  59  -2   6   0 0.00  0.0    0  7.8 18  40   M    M   0        24  10
18  76  53  65   4   0   0 0.00  0.0    0  5.6 13 220   M    M   1 1      17 170
19  68  48  58  -3   7   0 0.01  0.0    0  9.2 17 310   M    M   2 1      24 320
20  67  41  54  -7  11   0 0.00  0.0    0  9.9 18  60   M    M   3        24  80
21  73  60  67   7   0   2 0.64  0.0    0  5.1 12 160   M    M   9 13     20 120
22  71  56  64   4   1   0 0.01  0.0    0  5.0 14 350   M    M   2 1       M  M
================================================================================
SM 1602 1206        60  40  0.73     0.0 161.6          M       78
================================================================================
AV 72.8 54.8                               7.3 FASTST   M    M   4    MAX(MPH)
                                 MISC ---->  # 26  20               # 39   20
================================================================================
NOTES:
# LAST OF SEVERAL OCCURRENCES

COLUMN 17 PEAK WIND IN M.P.H.

PRELIMINARY LOCAL CLIMATOLOGICAL DATA (WS FORM: F-6) , PAGE 2

                                          STATION:  ST SIMONS ISLAND GA
                                          MONTH:    NOVEMBER
                                          YEAR:     2017
                                          LATITUDE:   31  9 N
                                          LONGITUDE:  81 23 W

[TEMPERATURE DATA]      [PRECIPITATION DATA]       SYMBOLS USED IN COLUMN 16

AVERAGE MONTHLY: 63.8   TOTAL FOR MONTH:   0.73    1 = FOG OR MIST
DPTR FM NORMAL:   1.0   DPTR FM NORMAL:   -0.79    2 = FOG REDUCING VISIBILITY
HIGHEST:    83 ON  7    GRTST 24HR  0.64 ON 21-21      TO 1/4 MILE OR LESS
LOWEST:     41 ON 20                               3 = THUNDER
                        SNOW, ICE PELLETS, HAIL    4 = ICE PELLETS
                        TOTAL MONTH:   0.0 INCH    5 = HAIL
                        GRTST 24HR     0.0         6 = FREEZING RAIN OR DRIZZLE
                        GRTST DEPTH:   0           7 = DUSTSTORM OR SANDSTORM:
                                                       VSBY 1/2 MILE OR LESS
                                                   8 = SMOKE OR HAZE
[NO. OF DAYS WITH]      [WEATHER - DAYS WITH]      9 = BLOWING SNOW
                                                   X = TORNADO
MAX 32 OR BELOW:   0    0.01 INCH OR MORE:   4
MAX 90 OR ABOVE:   0    0.10 INCH OR MORE:   1
MIN 32 OR BELOW:   0    0.50 INCH OR MORE:   1
MIN  0 OR BELOW:   0    1.00 INCH OR MORE:   0

[HDD (BASE 65) ]
TOTAL THIS MO.    60    CLEAR  (SCALE 0-3)  13
DPTR FM NORMAL   -33    PTCLDY (SCALE 4-7)   6
TOTAL FM JUL 1    93    CLOUDY (SCALE 8-10)  3
DPTR FM NORMAL   -30

[CDD (BASE 65) ]
TOTAL THIS MO.    40
DPTR FM NORMAL    -5    [PRESSURE DATA]
TOTAL FM JAN 1  3116    HIGHEST SLP M ON M
DPTR FM NORMAL   510    LOWEST  SLP 29.82 ON 19

[REMARKS]
