000
CXUS52 KJAX 200800
CF6SSI
PRELIMINARY LOCAL CLIMATOLOGICAL DATA (WS FORM: F-6)

                                          STATION:   ST SIMONS ISLAND GA
                                          MONTH:     AUGUST
                                          YEAR:      2014
                                          LATITUDE:   31  9 N
                                          LONGITUDE:  81 23 W

  TEMPERATURE IN F:       :PCPN:    SNOW:  WIND      :SUNSHINE: SKY     :PK WND
================================================================================
1   2   3   4   5  6A  6B    7    8   9   10  11  12  13   14  15   16   17  18
                                     12Z  AVG MX 2MIN
DY MAX MIN AVG DEP HDD CDD  WTR  SNW DPTH SPD SPD DIR MIN PSBL S-S WX    SPD DR
================================================================================

 1  90  80  85   2   0  20    T  0.0    0  7.5 16  80   M    M   3 3      22  60
 2  90  78  84   1   0  19 0.19  0.0    0  7.2 15  90   M    M   3 13     20  70
 3  87  75  81  -2   0  16 0.47  0.0    0 11.0 18  60   M    M   5 138    25  40
 4  82  74  78  -5   0  13 0.77  0.0    0  9.0 23  30   M    M   7 13     30  30
 5  89  74  82  -1   0  17 0.01  0.0    0  7.4 13 100   M    M   5        17  20
 6  95  76  86   3   0  21 0.00  0.0    0  7.3 16 130   M    M   1        18 140
 7  93  76  85   3   0  20 0.00  0.0    0  7.9 15 150   M    M   0        21 140
 8  91  78  85   3   0  20 0.00  0.0    0  6.9 17 140   M    M   0 3      23 140
 9  91  77  84   2   0  19 0.07  0.0    0  5.9 15 130   M    M   1 38     20 130
10  90  75  83   1   0  18 0.14  0.0    0  4.8 16 250   M    M   2 138    21 120
11  89  75  82   0   0  17 0.00  0.0    0  5.7 20 220   M    M   4        23 220
12  90  76  83   1   0  18 0.35  0.0    0  8.3 18 310   M    M   4 13     27 300
13  88  77  83   1   0  18 0.03  0.0    0  8.9 15 220   M    M   2 3      19 230
14  87  76  82   0   0  17 0.00  0.0    0  5.0 13 230   M    M   5 1      14 230
15  86  73  80  -2   0  15 0.32  0.0    0  4.3 15 260   M    M   3 13     21 260
16  92  77  85   3   0  20 0.00  0.0    0  8.7 14 240   M    M   3        19 170
17  93  76  85   3   0  20 0.00  0.0    0  7.6 15 180   M    M   1        20 170
18  94  77  86   4   0  21 0.00  0.0    0 10.1 24 230   M    M   1        31 230
19  93  77  85   3   0  20 0.01  0.0    0  8.8 18 310   M    M   1 3      23 320
================================================================================
SM 1710 1447         0 349  2.36     0.0 142.3          M       51
================================================================================
AV 90.0 76.2                               7.5 FASTST   M    M   3    MAX(MPH)
                                 MISC ---->  # 24 230               # 31  230
================================================================================
NOTES:
# LAST OF SEVERAL OCCURRENCES

COLUMN 17 PEAK WIND IN M.P.H.

PRELIMINARY LOCAL CLIMATOLOGICAL DATA (WS FORM: F-6) , PAGE 2

                                          STATION:  ST SIMONS ISLAND GA
                                          MONTH:    AUGUST
                                          YEAR:     2014
                                          LATITUDE:   31  9 N
                                          LONGITUDE:  81 23 W

[TEMPERATURE DATA]      [PRECIPITATION DATA]       SYMBOLS USED IN COLUMN 16

AVERAGE MONTHLY: 83.1   TOTAL FOR MONTH:   2.36    1 = FOG OR MIST
DPTR FM NORMAL:   0.8   DPTR FM NORMAL:   -1.09    2 = FOG REDUCING VISIBILITY
HIGHEST:    95 ON  6    GRTST 24HR  0.80 ON  3- 4      TO 1/4 MILE OR LESS
LOWEST:     73 ON 15                               3 = THUNDER
                        SNOW, ICE PELLETS, HAIL    4 = ICE PELLETS
                        TOTAL MONTH:   0.0 INCH    5 = HAIL
                        GRTST 24HR     0.0         6 = FREEZING RAIN OR DRIZZLE
                        GRTST DEPTH:   0           7 = DUSTSTORM OR SANDSTORM:
                                                       VSBY 1/2 MILE OR LESS
                                                   8 = SMOKE OR HAZE
[NO. OF DAYS WITH]      [WEATHER - DAYS WITH]      9 = BLOWING SNOW
                                                   X = TORNADO
MAX 32 OR BELOW:   0    0.01 INCH OR MORE:  10
MAX 90 OR ABOVE:  12    0.10 INCH OR MORE:   6
MIN 32 OR BELOW:   0    0.50 INCH OR MORE:   1
MIN  0 OR BELOW:   0    1.00 INCH OR MORE:   0

[HDD (BASE 65) ]
TOTAL THIS MO.     0    CLEAR  (SCALE 0-3)  13
DPTR FM NORMAL     0    PTCLDY (SCALE 4-7)   6
TOTAL FM JUL 1     0    CLOUDY (SCALE 8-10)  0
DPTR FM NORMAL     0

[CDD (BASE 65) ]
TOTAL THIS MO.   349
DPTR FM NORMAL    19    [PRESSURE DATA]
TOTAL FM JAN 1  1798    HIGHEST SLP M ON M
DPTR FM NORMAL    14    LOWEST  SLP 29.89 ON M

[REMARKS]
