000
CXUS53 KGRB 240634
CF6STE
PRELIMINARY LOCAL CLIMATOLOGICAL DATA (WS FORM: F-6)

                                          STATION:   STEVENS POINT WI
                                          MONTH:     AUGUST
                                          YEAR:      2015
                                          LATITUDE:   44 32 N
                                          LONGITUDE:  89 32 W

  TEMPERATURE IN F:       :PCPN:    SNOW:  WIND      :SUNSHINE: SKY     :PK WND
================================================================================
1   2   3   4   5  6A  6B    7    8   9   10  11  12  13   14  15   16   17  18
                                     12Z  AVG MX 2MIN
DY MAX MIN AVG DEP HDD CDD  WTR  SNW DPTH SPD SPD DIR MIN PSBL S-S WX    SPD DR
================================================================================

 1  80  58  69   M   0   4 0.00  0.0    0  5.7 13 260   M    M   2        21 280
 2  88  62  75   M   0  10 0.10  0.0    0  7.5 18 230   M    M   3        29 230
 3  74  56  65   M   0   0 0.00  0.0    0  7.5 15 270   M    M   5        25 280
 4  73  53  63   M   2   0 0.00  0.0    0  5.2 14 300   M    M   4        18 300
 5  76  50  63   M   2   0 0.00  0.0    0  4.4  7  60   M    M   4         M  M
 6  77  52  65   M   0   0 0.00  0.0    0  5.3 10 110   M    M   5         M  M
 7  70  60  65   M   0   0 1.68  0.0    0  6.4 12 140   M    M  10 1       M  M
 8  72  59  66   M   0   1 0.00  0.0    0  4.6  8 140   M    M  10 1       M  M
 9  80  58  69   M   0   4 0.00  0.0    0  1.9  7 230   M    M   7 12      M  M
10  79  60  70   M   0   5 0.07  0.0    0  5.9 15 340   M    M   4 1      23 330
11  77  52  65   M   0   0 0.00  0.0    0  4.7 10 350   M    M   2        18 350
12  80  49  65   M   0   0 0.00  0.0    0  4.3 10 260   M    M   0        17 260
13  83  66  75   M   0  10 0.00  0.0    0  9.5 17 220   M    M   3        24 230
14  89  66  78   M   0  13 0.00  0.0    0  5.3  9 270   M    M   2         M  M
15  87  60  74   M   0   9 0.00  0.0    0  2.4  8 100   M    M   2 12      M  M
16  88  67  78   M   0  13 0.00  0.0    0  8.2 14 230   M    M   1        21 230
17  74  63  69   M   0   4 0.03  0.0    0  4.5  9 360   M    M   9         M  M
18  67  61  64   M   1   0 1.81  0.0    0  6.6 10 120   M    M  10 1       M  M
19  67  56  62   M   3   0 0.14  0.0    0 10.3 20 210   M    M  10 1      28 220
20  62  46  54   M  11   0 0.02    M    0  7.1 14 270   M    M   8        24 270
21  79  43  61   M   4   0 0.00  0.0    0  5.8 14 220   M    M   4        16 160
22  80  60  70   M   0   5 0.00  0.0    0 12.3 22 190   M    M   2        30 160
23  66  56  61   M   4   0 0.11  0.0    0 12.7 18 260   M    M   9 3      27 240
================================================================================
SM 1768 1313        27  78  3.96     0.0 148.1          M      116
================================================================================
AV 76.9 57.1                               6.4 FASTST   M    M   5    MAX(MPH)
                                 MISC ---->    22   M                 30    M
================================================================================
NOTES:
# LAST OF SEVERAL OCCURRENCES

COLUMN 17 PEAK WIND IN M.P.H.

PRELIMINARY LOCAL CLIMATOLOGICAL DATA (WS FORM: F-6) , PAGE 2

                                          STATION:  STEVENS POINT WI
                                          MONTH:    AUGUST
                                          YEAR:     2015
                                          LATITUDE:   44 32 N
                                          LONGITUDE:  89 32 W

[TEMPERATURE DATA]      [PRECIPITATION DATA]       SYMBOLS USED IN COLUMN 16

AVERAGE MONTHLY: 67.0   TOTAL FOR MONTH:   3.96    1 = FOG OR MIST
DPTR FM NORMAL:     M   DPTR FM NORMAL:       M    2 = FOG REDUCING VISIBILITY
HIGHEST:    89 ON 14    GRTST 24HR  1.81 ON 18-18      TO 1/4 MILE OR LESS
LOWEST:     43 ON 21                               3 = THUNDER
                        SNOW, ICE PELLETS, HAIL    4 = ICE PELLETS
                        TOTAL MONTH:   0.0 INCH    5 = HAIL
                        GRTST 24HR     0.0         6 = FREEZING RAIN OR DRIZZLE
                        GRTST DEPTH:   0           7 = DUSTSTORM OR SANDSTORM:
                                                       VSBY 1/2 MILE OR LESS
                                                   8 = SMOKE OR HAZE
[NO. OF DAYS WITH]      [WEATHER - DAYS WITH]      9 = BLOWING SNOW
                                                   X = TORNADO
MAX 32 OR BELOW:   0    0.01 INCH OR MORE:   8
MAX 90 OR ABOVE:   0    0.10 INCH OR MORE:   5
MIN 32 OR BELOW:   0    0.50 INCH OR MORE:   2
MIN  0 OR BELOW:   0    1.00 INCH OR MORE:   2

[HDD (BASE 65) ]
TOTAL THIS MO.    27    CLEAR  (SCALE 0-3)   8
DPTR FM NORMAL     M    PTCLDY (SCALE 4-7)   9
TOTAL FM JUL 1    74    CLOUDY (SCALE 8-10)  6
DPTR FM NORMAL     M

[CDD (BASE 65) ]
TOTAL THIS MO.    78
DPTR FM NORMAL     M    [PRESSURE DATA]
TOTAL FM JAN 1   214    HIGHEST SLP M ON M
DPTR FM NORMAL   214    LOWEST  SLP M ON M

[REMARKS]
