000
CXUS53 KGRB 010814
CF6STE
PRELIMINARY LOCAL CLIMATOLOGICAL DATA (WS FORM: F-6)

                                          STATION:   STEVENS POINT WI
                                          MONTH:     FEBRUARY
                                          YEAR:      2017
                                          LATITUDE:   44 32 N
                                          LONGITUDE:  89 32 W

  TEMPERATURE IN F:       :PCPN:    SNOW:  WIND      :SUNSHINE: SKY     :PK WND
================================================================================
1   2   3   4   5  6A  6B    7    8   9   10  11  12  13   14  15   16   17  18
                                     12Z  AVG MX 2MIN
DY MAX MIN AVG DEP HDD CDD  WTR  SNW DPTH SPD SPD DIR MIN PSBL S-S WX    SPD DR
================================================================================

 1  24   4  14   M  51   0 0.00  0.0    0  6.6 12 270   M    M   4        18 280
 2  12   0   6   M  59   0 0.00  0.0    0  9.4 16 270   M    M   0        23 260
 3  16  -2   7   M  58   0 0.00  0.0    0  6.8 13 270   M    M   0        20 280
 4  25  -5  10   M  55   0 0.00  0.0    0  7.1 15 190   M    M   6        23 190
 5  26  11  19   M  46   0 0.00  0.0    0  6.4 13 320   M    M   6        18 320
 6  32   5  19   M  46   0 0.00  0.0    0  5.6 15  80   M    M   5 1       M  M
 7  30  20  25   M  40   0 0.00  0.0    0  9.0 15 300   M    M  10 1      25 310
 8  20   2  11   M  54   0 0.00  0.0    0  7.0 10 330   M    M   6        17 270
 9  14  -2   6   M  59   0 0.00  0.0    0  6.5 12 270   M    M   1        20 270
10  35  12  24   M  41   0 0.00  0.0    0  9.1 17 200   M    M   3        24 200
11  37  27  32   M  33   0 0.00  0.0    0  2.0  6 110   M    M   4         M  M
12  35  27  31   M  34   0 0.00  0.0    0 10.3 18 280   M    M   4        33 290
13  42  11  27   M  38   0 0.00  0.0    0  7.3 15 230   M    M   0        23 230
14  40  24  32   M  33   0 0.00  0.0    0 10.7 17 280   M    M   2        33 280
15  25  16  21   M  44   0 0.00  0.0    0  6.2 10 300   M    M   4        16 290
16  28  17  23   M  42   0 0.00  0.0    0  6.3 12 140   M    M   4         M  M
17  51  19  35   M  30   0 0.00  0.0    0  3.5  8 180   M    M   0 1       M  M
18  50  32  41   M  24   0 0.00  0.0    0  5.8 10 260   M    M   0         M  M
19  56  25  41   M  24   0 0.00  0.0    0  2.9  7  90   M    M   0         M  M
20  50  35  43   M  22   0 0.39    M    0  8.2 12 180   M    M   5        18 120
21  57  38  48   M  17   0 0.00  0.0    0  7.0 13 230   M    M   5 1      20 230
22  58  29  44   M  21   0 0.00  0.0    0  2.7  9  90   M    M   2         M  M
23  41  30  36   M  29   0 0.00  0.0    0  8.4 14 340   M    M   8        20  80
24  31  17  24   M  41   0 0.11    M    0 13.1 20  40   M    M  10 13     32  40
25  22  10  16   M  49   0 0.00  0.0    0  8.9 13 280   M    M   6 8      23 280
26  36  11  24   M  41   0 0.00  0.0    0  9.3 16 220   M    M   6        25 260
27  40  16  28   M  37   0 0.00  0.0    0  5.3 13 190   M    M   2 1       M  M
28  37  32  35   M  30   0 0.06    M    0  5.6 10  10   M    M   9 12      M  M
================================================================================
SM  970  461      1098   0  0.56     0.0 197.0          M      112
================================================================================
AV 34.6 16.5                               7.0 FASTST   M    M   4    MAX(MPH)
                                 MISC ---->    20   M                 33    M
================================================================================
NOTES:
# LAST OF SEVERAL OCCURRENCES

COLUMN 17 PEAK WIND IN M.P.H.

PRELIMINARY LOCAL CLIMATOLOGICAL DATA (WS FORM: F-6) , PAGE 2

                                          STATION:  STEVENS POINT WI
                                          MONTH:    FEBRUARY
                                          YEAR:     2017
                                          LATITUDE:   44 32 N
                                          LONGITUDE:  89 32 W

[TEMPERATURE DATA]      [PRECIPITATION DATA]       SYMBOLS USED IN COLUMN 16

AVERAGE MONTHLY: 25.6   TOTAL FOR MONTH:   0.56    1 = FOG OR MIST
DPTR FM NORMAL:   7.7   DPTR FM NORMAL:       M    2 = FOG REDUCING VISIBILITY
HIGHEST:    58 ON 22    GRTST 24HR  0.39 ON 20-20      TO 1/4 MILE OR LESS
LOWEST:     -5 ON  4                               3 = THUNDER
                        SNOW, ICE PELLETS, HAIL    4 = ICE PELLETS
                        TOTAL MONTH:   0.0 INCH    5 = HAIL
                        GRTST 24HR     0.0         6 = FREEZING RAIN OR DRIZZLE
                        GRTST DEPTH:   0           7 = DUSTSTORM OR SANDSTORM:
                                                       VSBY 1/2 MILE OR LESS
                                                   8 = SMOKE OR HAZE
[NO. OF DAYS WITH]      [WEATHER - DAYS WITH]      9 = BLOWING SNOW
                                                   X = TORNADO
MAX 32 OR BELOW:  13    0.01 INCH OR MORE:   3
MAX 90 OR ABOVE:   0    0.10 INCH OR MORE:   2
MIN 32 OR BELOW:  26    0.50 INCH OR MORE:   0
MIN  0 OR BELOW:   4    1.00 INCH OR MORE:   0

[HDD (BASE 65) ]
TOTAL THIS MO.  1098    CLEAR  (SCALE 0-3)  11
DPTR FM NORMAL  -222    PTCLDY (SCALE 4-7)  14
TOTAL FM JUL 1  5484    CLOUDY (SCALE 8-10)  3
DPTR FM NORMAL  -766

[CDD (BASE 65) ]
TOTAL THIS MO.     0
DPTR FM NORMAL     0    [PRESSURE DATA]
TOTAL FM JAN 1     0    HIGHEST SLP M ON M
DPTR FM NORMAL     0    LOWEST  SLP M ON M

[REMARKS]
#FINAL-02-17#
