000
CXUS53 KGRB 260657
CF6STE
PRELIMINARY LOCAL CLIMATOLOGICAL DATA (WS FORM: F-6)

                                          STATION:   STEVENS POINT WI
                                          MONTH:     MAY
                                          YEAR:      2014
                                          LATITUDE:   44 32 N
                                          LONGITUDE:  89 32 W

  TEMPERATURE IN F:       :PCPN:    SNOW:  WIND      :SUNSHINE: SKY     :PK WND
================================================================================
1   2   3   4   5  6A  6B    7    8   9   10  11  12  13   14  15   16   17  18
                                     12Z  AVG MX 2MIN
DY MAX MIN AVG DEP HDD CDD  WTR  SNW DPTH SPD SPD DIR MIN PSBL S-S WX    SPD DR
================================================================================

 1  47  37  42   M  23   0 0.04    M    0  4.4  9 320   M    M  10 1       M  M
 2  49  40  45   M  20   0 0.03    M    0  5.6 10 240   M    M  10        17 230
 3  56  39  48   M  17   0 0.01    M    0  7.9 16 300   M    M   7        25 270
 4  56  37  47   M  18   0 0.00  0.0    0  6.4 13 100   M    M   0        20 350
 5  55  35  45   M  20   0 0.00  0.0    0  7.2 14 100   M    M   6        18 100
 6  57  31  44   M  21   0 0.00  0.0    0 11.4 17 100   M    M   2        25  90
 7  49  41  45   M  20   0 0.21    M    0 14.0 29  80   M    M   9 13     43  80
 8  71  46  59   M   6   0 0.00  0.0    0  8.6 14 100   M    M   8 18     17  90
 9  68  45  57   M   8   0 0.06    M    0 12.1 22 240   M    M   9        28 250
10  68  39  54   M  11   0 0.00  0.0    0  5.6  9 280   M    M   2        20 280
11  75  52  64   M   1   0 0.08  0.0    0  5.3 10 100   M    M   6        13 240
12  73  53  63   M   2   0 0.64  0.0    0  7.6 14  80   M    M   9 13     16 110
13  63  44  54   M  11   0 0.01    M    0  9.2 17 180   M    M   8        24 280
14  56  38  47   M  18   0 0.03    M    0  6.3 13 330   M    M   2        20 300
15  51  36  44   M  21   0 0.00  0.0    0 10.0 16 350   M    M   7        22  10
16  47  27  37   M  28   0 0.00  0.0    0  3.8 12 330   M    M   6        16 350
17  60  25  43   M  22   0 0.00  0.0    0  5.4 15 260   M    M   3        27 280
18  70  36  53   M  12   0 0.00  0.0    0  6.0 13 250   M    M   2        20 280
19  62  40  51   M  14   0 1.35    M    0  9.2 20 180   M    M   6 3      25 160
20  71  47  59   M   6   0 0.02    M    0  3.6 12 110   M    M   3 1       M  M
21  69  47  58   M   7   0 0.00  0.0    0  7.0 16 270   M    M   3 12     29 280
22  66  45  56   M   9   0 0.00  0.0    0  6.4 13 340   M    M   3        16 310
23  69  36  53   M  12   0 0.00  0.0    0  3.8  9  40   M    M   1         M  M
24  77  41  59   M   6   0 0.00  0.0    0  3.6  9 210   M    M   0        21 190
25  81  42  62   M   3   0 0.00  0.0    0  4.0 12 250   M    M   2        17 250
================================================================================
SM 1566  999       336   0  2.48     0.0 174.4          M      124
================================================================================
AV 62.6 40.0                               7.0 FASTST   M    M   5    MAX(MPH)
                                 MISC ---->    29   M                 43    M
================================================================================
NOTES:
# LAST OF SEVERAL OCCURRENCES

COLUMN 17 PEAK WIND IN M.P.H.

PRELIMINARY LOCAL CLIMATOLOGICAL DATA (WS FORM: F-6) , PAGE 2

                                          STATION:  STEVENS POINT WI
                                          MONTH:    MAY
                                          YEAR:     2014
                                          LATITUDE:   44 32 N
                                          LONGITUDE:  89 32 W

[TEMPERATURE DATA]      [PRECIPITATION DATA]       SYMBOLS USED IN COLUMN 16

AVERAGE MONTHLY: 51.3   TOTAL FOR MONTH:   2.48    1 = FOG OR MIST
DPTR FM NORMAL:     M   DPTR FM NORMAL:       M    2 = FOG REDUCING VISIBILITY
HIGHEST:    81 ON 25    GRTST 24HR  1.35 ON 19-19      TO 1/4 MILE OR LESS
LOWEST:     25 ON 17                               3 = THUNDER
                        SNOW, ICE PELLETS, HAIL    4 = ICE PELLETS
                        TOTAL MONTH:   0.0 INCH    5 = HAIL
                        GRTST 24HR     0.0         6 = FREEZING RAIN OR DRIZZLE
                        GRTST DEPTH:   0           7 = DUSTSTORM OR SANDSTORM:
                                                       VSBY 1/2 MILE OR LESS
                                                   8 = SMOKE OR HAZE
[NO. OF DAYS WITH]      [WEATHER - DAYS WITH]      9 = BLOWING SNOW
                                                   X = TORNADO
MAX 32 OR BELOW:   0    0.01 INCH OR MORE:  11
MAX 90 OR ABOVE:   0    0.10 INCH OR MORE:   3
MIN 32 OR BELOW:   3    0.50 INCH OR MORE:   2
MIN  0 OR BELOW:   0    1.00 INCH OR MORE:   1

[HDD (BASE 65) ]
TOTAL THIS MO.   336    CLEAR  (SCALE 0-3)   9
DPTR FM NORMAL     M    PTCLDY (SCALE 4-7)  10
TOTAL FM JUL 1  9774    CLOUDY (SCALE 8-10)  6
DPTR FM NORMAL  9516

[CDD (BASE 65) ]
TOTAL THIS MO.     0
DPTR FM NORMAL     M    [PRESSURE DATA]
TOTAL FM JAN 1     0    HIGHEST SLP M ON M
DPTR FM NORMAL     0    LOWEST  SLP M ON M

[REMARKS]
