000
CXUS53 KGRB 200724
CF6STE
PRELIMINARY LOCAL CLIMATOLOGICAL DATA (WS FORM: F-6)

                                          STATION:   STEVENS POINT WI
                                          MONTH:     OCTOBER
                                          YEAR:      2014
                                          LATITUDE:   44 32 N
                                          LONGITUDE:  89 32 W

  TEMPERATURE IN F:       :PCPN:    SNOW:  WIND      :SUNSHINE: SKY     :PK WND
================================================================================
1   2   3   4   5  6A  6B    7    8   9   10  11  12  13   14  15   16   17  18
                                     12Z  AVG MX 2MIN
DY MAX MIN AVG DEP HDD CDD  WTR  SNW DPTH SPD SPD DIR MIN PSBL S-S WX    SPD DR
================================================================================

 1  60  44  52   M  13   0 0.06    M    0  7.3 16 140   M    M  10 1      21 140
 2  66  51  59   M   6   0 0.18  0.0    0  3.6 10 190   M    M  10 18      M  M
 3  54  37  46   M  19   0 0.16    M    0 11.4 20 270   M    M  10 8      32 270
 4  44  32  38   M  27   0 0.05    M    0  9.1 17 260   M    M  10        24 260
 5  45  32  39   M  26   0 0.02    M    0  7.6 14 240   M    M   8        21 250
 6  52  30  41   M  24   0 0.01    M    0  7.2 16 220   M    M   2 1      22 220
 7  59  41  50   M  15   0 0.00  0.0    0  8.9 15 270   M    M   5        24 270
 8  53  34  44   M  21   0 0.00  0.0    0  8.9 21 280   M    M   1        33 280
 9  53  26  40   M  25   0 0.00  0.0    0  4.4 13 250   M    M   0        16 310
10  53  25  39   M  26   0 0.00  0.0    0  2.8 10 250   M    M   3         M  M
11  52  26  39   M  26   0 0.00  0.0    0  1.6  7 240   M    M   1         M  M
12  58  28  43   M  22   0 0.00  0.0    0  6.2 15 160   M    M   4 1      21 160
13  53  46  50   M  15   0 0.08    M    0  5.5 14  10   M    M  10 1      18  10
14  52  46  49   M  16   0 0.13    M    0 14.4 20  20   M    M  10        27  10
15  55  46  51   M  14   0 0.06    M    0  6.7 15  20   M    M  10        22  20
16  62  41  52   M  13   0 0.03    M    0  2.0  8 190   M    M   4 1       M  M
17  52  41  47   M  18   0 0.04    M    0  9.1 18 350   M    M   8        25 350
18  48  28  38   M  27   0 0.04    M    0  6.1 14 350   M    M   5        20 350
19  55  26  41   M  24   0 0.06    M    0  6.0 14 210   M    M   2        25 210
================================================================================
SM 1026  680       377   0  0.92     0.0 128.8          M      113
================================================================================
AV 54.0 35.8                               6.8 FASTST   M    M   6    MAX(MPH)
                                 MISC ---->    21   M                 33    M
================================================================================
NOTES:
# LAST OF SEVERAL OCCURRENCES

COLUMN 17 PEAK WIND IN M.P.H.

PRELIMINARY LOCAL CLIMATOLOGICAL DATA (WS FORM: F-6) , PAGE 2

                                          STATION:  STEVENS POINT WI
                                          MONTH:    OCTOBER
                                          YEAR:     2014
                                          LATITUDE:   44 32 N
                                          LONGITUDE:  89 32 W

[TEMPERATURE DATA]      [PRECIPITATION DATA]       SYMBOLS USED IN COLUMN 16

AVERAGE MONTHLY: 44.9   TOTAL FOR MONTH:   0.92    1 = FOG OR MIST
DPTR FM NORMAL:     M   DPTR FM NORMAL:       M    2 = FOG REDUCING VISIBILITY
HIGHEST:    66 ON  2    GRTST 24HR  0.18 ON  2- 2      TO 1/4 MILE OR LESS
LOWEST:     25 ON 10                               3 = THUNDER
                        SNOW, ICE PELLETS, HAIL    4 = ICE PELLETS
                        TOTAL MONTH:   0.0 INCH    5 = HAIL
                        GRTST 24HR     0.0         6 = FREEZING RAIN OR DRIZZLE
                        GRTST DEPTH:   0           7 = DUSTSTORM OR SANDSTORM:
                                                       VSBY 1/2 MILE OR LESS
                                                   8 = SMOKE OR HAZE
[NO. OF DAYS WITH]      [WEATHER - DAYS WITH]      9 = BLOWING SNOW
                                                   X = TORNADO
MAX 32 OR BELOW:   0    0.01 INCH OR MORE:  13
MAX 90 OR ABOVE:   0    0.10 INCH OR MORE:   3
MIN 32 OR BELOW:   9    0.50 INCH OR MORE:   0
MIN  0 OR BELOW:   0    1.00 INCH OR MORE:   0

[HDD (BASE 65) ]
TOTAL THIS MO.   377    CLEAR  (SCALE 0-3)   6
DPTR FM NORMAL     M    PTCLDY (SCALE 4-7)   6
TOTAL FM JUL 1   775    CLOUDY (SCALE 8-10)  7
DPTR FM NORMAL     M

[CDD (BASE 65) ]
TOTAL THIS MO.     0
DPTR FM NORMAL     M    [PRESSURE DATA]
TOTAL FM JAN 1   209    HIGHEST SLP M ON M
DPTR FM NORMAL   209    LOWEST  SLP M ON M

[REMARKS]
