000
CXUS55 KEAX 270736
CF6STJ
PRELIMINARY LOCAL CLIMATOLOGICAL DATA (WS FORM: F-6)

                                          STATION:   ST. JOSEPH MO
                                          MONTH:     JULY
                                          YEAR:      2016
                                          LATITUDE:   39 46 N
                                          LONGITUDE:  94 55 W

  TEMPERATURE IN F:       :PCPN:    SNOW:  WIND      :SUNSHINE: SKY     :PK WND
================================================================================
1   2   3   4   5  6A  6B    7    8   9   10  11  12  13   14  15   16   17  18
                                     12Z  AVG MX 2MIN
DY MAX MIN AVG DEP HDD CDD  WTR  SNW DPTH SPD SPD DIR MIN PSBL S-S WX    SPD DR
================================================================================

 1  84  63  74  -2   0   9 0.00    M    M  5.6 12 120   M    M   0        15  30
 2  73  62  68  -8   0   3 0.95    M    M  9.3 18 110   M    M  10 1      24 100
 3  66  60  63 -13   2   0 0.48    M    M  7.3 14  50   M    M  10 1      24  80
 4  80  64  72  -4   0   7 0.00    M    M  2.8 10 220   M    M   7 18     16 170
 5  95  70  83   6   0  18 0.00  0.0    0  7.6 16 200   M    M   0 1      22 100
 6  88  68  78   1   0  13 2.98    M    M  9.2 37 270   M    M   1 13     44 250
 7  89  67  78   1   0  13 0.73    M    M  7.9 36 310   M    M   2 13     43 310
 8  90  72  81   4   0  16 0.00    M    M  3.8 10 360   M    M   0        19  40
 9  90  67  79   2   0  14 0.00    M    M  7.0 14 130   M    M   2        22 210
10  92  74  83   6   0  18 0.00    M    M 10.4 18 190   M    M   1 8      26 200
11  93  76  85   8   0  20 0.00    M    M 15.3 26 170   M    M   0        34 170
12  84  64  74  -3   0   9 2.91    M    M 10.2 38 350   M    M   6 13     56 350
13  84  70  77   0   0  12 0.20    M    M  6.9 40 250   M    M   2 13     53 260
14  85  67  76  -1   0  11 0.05    M    M  2.6 15 230   M    M   3 123    20 160
15  81  64  73  -4   0   8 0.00    M    M  6.4 15 350   M    M   2 12     22 350
16  88  67  78   1   0  13 0.00    M    M  7.4 17 140   M    M   2        22 140
17  91  75  83   6   0  18 0.00    M    M  9.2 21 190   M    M   0        26 200
18  89  72  81   4   0  16 0.01    M    M  9.5 17 170   M    M   1 3      23 200
19  93  72  83   6   0  18 0.00    M    M  7.2 16 210   M    M   1 18     26 130
20  95  76  86   9   0  21 0.00    M    M  9.6 18 170   M    M   0 18     23 190
21  96  78  87  10   0  22 0.00    M    M 10.6 20 180   M    M   0        31 210
22  94  79  87  10   0  22 0.00    M    M 10.7 24 160   M    M   0        30 150
23  95  79  87  10   0  22 0.00    M    M  9.2 17 200   M    M   0        24 220
24  89  70  80   3   0  15 0.00    M    M  5.5 16 340   M    M   1 3      21  20
25  88  68  78   1   0  13 0.00    M    M  4.7 15  30   M    M   0        20  60
26  89  64  77   0   0  12 0.00    M    M  4.1 10 120   M    M   1        23  60
================================================================================
SM 2281 1808         2 363  8.31     0.0 200.0          M       52
================================================================================
AV 87.7 69.5                               7.7 FASTST   M    M   2    MAX(MPH)
                                 MISC ---->  # 40 250               # 56  350
================================================================================
NOTES:
# LAST OF SEVERAL OCCURRENCES

COLUMN 17 PEAK WIND IN M.P.H.

PRELIMINARY LOCAL CLIMATOLOGICAL DATA (WS FORM: F-6) , PAGE 2

                                          STATION:  ST. JOSEPH MO
                                          MONTH:    JULY
                                          YEAR:     2016
                                          LATITUDE:   39 46 N
                                          LONGITUDE:  94 55 W

[TEMPERATURE DATA]      [PRECIPITATION DATA]       SYMBOLS USED IN COLUMN 16

AVERAGE MONTHLY: 78.6   TOTAL FOR MONTH:   8.31    1 = FOG OR MIST
DPTR FM NORMAL:   1.8   DPTR FM NORMAL:    3.98    2 = FOG REDUCING VISIBILITY
HIGHEST:    96 ON 21    GRTST 24HR  3.59 ON  6- 7      TO 1/4 MILE OR LESS
LOWEST:     60 ON  3                               3 = THUNDER
                        SNOW, ICE PELLETS, HAIL    4 = ICE PELLETS
                        TOTAL MONTH:   0.0 INCH    5 = HAIL
                        GRTST 24HR     0.0         6 = FREEZING RAIN OR DRIZZLE
                        GRTST DEPTH:   0           7 = DUSTSTORM OR SANDSTORM:
                                                       VSBY 1/2 MILE OR LESS
                                                   8 = SMOKE OR HAZE
[NO. OF DAYS WITH]      [WEATHER - DAYS WITH]      9 = BLOWING SNOW
                                                   X = TORNADO
MAX 32 OR BELOW:   0    0.01 INCH OR MORE:   8
MAX 90 OR ABOVE:  11    0.10 INCH OR MORE:   6
MIN 32 OR BELOW:   0    0.50 INCH OR MORE:   4
MIN  0 OR BELOW:   0    1.00 INCH OR MORE:   2

[HDD (BASE 65) ]
TOTAL THIS MO.     2    CLEAR  (SCALE 0-3)  22
DPTR FM NORMAL     2    PTCLDY (SCALE 4-7)   2
TOTAL FM JUL 1     2    CLOUDY (SCALE 8-10)  2
DPTR FM NORMAL     2

[CDD (BASE 65) ]
TOTAL THIS MO.   363
DPTR FM NORMAL    53    [PRESSURE DATA]
TOTAL FM JAN 1   873    HIGHEST SLP  0.00 ON M
DPTR FM NORMAL   183    LOWEST  SLP  0.00 ON M

[REMARKS]
