000
CXUS55 KEAX 300736
CF6STJ
PRELIMINARY LOCAL CLIMATOLOGICAL DATA (WS FORM: F-6)

                                          STATION:   ST. JOSEPH MO
                                          MONTH:     APRIL
                                          YEAR:      2016
                                          LATITUDE:   39 46 N
                                          LONGITUDE:  94 55 W

  TEMPERATURE IN F:       :PCPN:    SNOW:  WIND      :SUNSHINE: SKY     :PK WND
================================================================================
1   2   3   4   5  6A  6B    7    8   9   10  11  12  13   14  15   16   17  18
                                     12Z  AVG MX 2MIN
DY MAX MIN AVG DEP HDD CDD  WTR  SNW DPTH SPD SPD DIR MIN PSBL S-S WX    SPD DR
================================================================================

 1  52  32  42  -8  23   0    T    M    M 15.6 28 320   M    M   8        34 300
 2  64  29  47  -3  18   0 0.00    M    M 13.1 30 320   M    M   0        43 320
 3  84  35  60  10   5   0    T    M    M 14.8 32 240   M    M   1        42 240
 4  65  43  54   3  11   0 0.00    M    M 10.4 20 360   M    M   0        28  10
 5  76  42  59   8   6   0 0.15    M    M 15.7 38 280   M    M   1 3      52 270
 6  62  42  52   1  13   0 0.08    M    M 16.5 31 320   M    M   5 1      41 310
 7  64  35  50  -2  15   0 0.00    M    M 16.6 40 320   M    M   4        50 330
 8  63  32  48  -4  17   0 0.00    M    M 15.4 33 330   M    M   1 8      41 330
 9  59  25  42 -10  23   0 0.00    M    M 11.5 23 140   M    M   0        28 150
10  69  50  60   8   5   0    T    M    M 11.9 22 190   M    M   7        29 200
11  59  30  45  -8  20   0 0.00    M    M 13.1 25 330   M    M   0        37 360
12  63  26  45  -8  20   0 0.00    M    M  6.4 15 160   M    M   0        20 150
13  74  32  53   0  12   0 0.00    M    M  6.7 17 160   M    M   0        21 160
14  75  37  56   2   9   0 0.00    M    M  7.7 20 150   M    M   0 12     28 150
15  78  47  63   9   2   0 0.00    M    M 12.0 23 170   M    M   2        31 160
16  77  57  67  13   0   2 0.00    M    M 14.1 22 150   M    M   3        29 160
17  78  58  68  13   0   3 0.01    M    M 11.6 21 150   M    M   6        29 140
18  65  57  61   6   4   0 0.60    M    M  7.7 20 150   M    M  10 1      25 150
19  65  53  59   4   6   0 0.06    M    M  5.5 14  10   M    M   7 1      17  40
20  66  49  58   2   7   0 0.28    M    M  9.5 20 260   M    M   7 1      26 240
21  66  50  58   2   7   0 0.02    M    M 10.8 25 310   M    M   5 1      32 310
22  69  49  59   3   6   0 0.00    M    M  6.5 15 350   M    M   6 1      20 360
23  80  45  63   7   2   0 0.00    M    M 10.1 23 150   M    M   0 1      30 150
24  83  60  72  15   0   7 0.17    M    M 18.2 33 260   M    M   3 13     43 260
25  79  61  70  13   0   5 0.00    M    M  8.3 17 240   M    M   4        22 210
26  74  54  64   7   1   0 3.05    M    M 12.6 47 310   M    M   5 13     58 320
27  69  49  59   1   6   0 1.10    M    M 13.3 33 230   M    M   7 13     48 220
28  56  47  52  -6  13   0 0.00    M    M 10.6 20 250   M    M  10 1      24 260
29  55  46  51  -7  14   0 0.52    M    M 11.3 23  70   M    M  10 13     31  70
================================================================================
SM 1989 1272       265  17  6.04    M    337.5          M      112
================================================================================
AV 68.6 43.9                              11.6 FASTST   M    M   4    MAX(MPH)
                                 MISC ---->  # 47 310               # 58  320
================================================================================
NOTES:
# LAST OF SEVERAL OCCURRENCES

COLUMN 17 PEAK WIND IN M.P.H.

PRELIMINARY LOCAL CLIMATOLOGICAL DATA (WS FORM: F-6) , PAGE 2

                                          STATION:  ST. JOSEPH MO
                                          MONTH:    APRIL
                                          YEAR:     2016
                                          LATITUDE:   39 46 N
                                          LONGITUDE:  94 55 W

[TEMPERATURE DATA]      [PRECIPITATION DATA]       SYMBOLS USED IN COLUMN 16

AVERAGE MONTHLY: 56.2   TOTAL FOR MONTH:   6.04    1 = FOG OR MIST
DPTR FM NORMAL:   2.2   DPTR FM NORMAL:    2.43    2 = FOG REDUCING VISIBILITY
HIGHEST:    84 ON  3    GRTST 24HR  3.53 ON 26-27      TO 1/4 MILE OR LESS
LOWEST:     25 ON  9                               3 = THUNDER
                        SNOW, ICE PELLETS, HAIL    4 = ICE PELLETS
                        TOTAL MONTH:    M          5 = HAIL
                        GRTST 24HR    M  ON   M    6 = FREEZING RAIN OR DRIZZLE
                        GRTST DEPTH:  M  ON   M    7 = DUSTSTORM OR SANDSTORM:
                                                       VSBY 1/2 MILE OR LESS
                                                   8 = SMOKE OR HAZE
[NO. OF DAYS WITH]      [WEATHER - DAYS WITH]      9 = BLOWING SNOW
                                                   X = TORNADO
MAX 32 OR BELOW:   0    0.01 INCH OR MORE:  11
MAX 90 OR ABOVE:   0    0.10 INCH OR MORE:   7
MIN 32 OR BELOW:   7    0.50 INCH OR MORE:   4
MIN  0 OR BELOW:   0    1.00 INCH OR MORE:   2

[HDD (BASE 65) ]
TOTAL THIS MO.   265    CLEAR  (SCALE 0-3)  13
DPTR FM NORMAL   -72    PTCLDY (SCALE 4-7)  13
TOTAL FM JUL 1  4386    CLOUDY (SCALE 8-10)  3
DPTR FM NORMAL  -944

[CDD (BASE 65) ]
TOTAL THIS MO.    17
DPTR FM NORMAL    -5    [PRESSURE DATA]
TOTAL FM JAN 1    19    HIGHEST SLP  0.00 ON M
DPTR FM NORMAL    -5    LOWEST  SLP  0.00 ON M

[REMARKS]
