000
CXUS55 KEAX 260736
CF6STJ
PRELIMINARY LOCAL CLIMATOLOGICAL DATA (WS FORM: F-6)

                                          STATION:   ST. JOSEPH MO
                                          MONTH:     MARCH
                                          YEAR:      2015
                                          LATITUDE:   39 46 N
                                          LONGITUDE:  94 55 W

  TEMPERATURE IN F:       :PCPN:    SNOW:  WIND      :SUNSHINE: SKY     :PK WND
================================================================================
1   2   3   4   5  6A  6B    7    8   9   10  11  12  13   14  15   16   17  18
                                     12Z  AVG MX 2MIN
DY MAX MIN AVG DEP HDD CDD  WTR  SNW DPTH SPD SPD DIR MIN PSBL S-S WX    SPD DR
================================================================================

 1  33  22  28  -8  37   0    T    M    M  2.2 10 330   M    M   5 1      13 290
 2  42  20  31  -6  34   0 0.00    M    M  8.7 22 140   M    M   4 18     26 150
 3  43  22  33  -4  32   0 0.00    M    M 14.7 25 310   M    M   9 18     30 310
 4  30  13  22 -16  43   0 0.00    M    M 12.9 24 350   M    M   3        29 350
 5  30   3  17 -21  48   0 0.00    M    M  5.3 12  10   M    M   0        14  10
 6  61  22  42   3  23   0 0.00    M    M 10.4 18 270   M    M   0        24 230
 7  67  29  48   9  17   0 0.00    M    M  7.2 18 300   M    M   0        23 330
 8  67  30  49   9  16   0 0.00    M    M  6.2 21  30   M    M   0        25  20
 9  61  29  45   5  20   0 0.00    M    M  4.5 10 360   M    M   0 1      14 130
10  71  31  51  11  14   0 0.00    M    M  2.5 10 200   M    M   0 128    13 210
11  73  29  51  10  14   0 0.00    M    M  7.1 14 110   M    M   0        18 130
12  75  40  58  17   7   0 0.00    M    M  7.4 22 160   M    M   0        30 160
13  77  32  55  13  10   0 0.00    M    M  7.7 23  20   M    M   0 18     28  10
14  67  33  50   8  15   0 0.00    M    M  9.2 23 360   M    M   0 8      29 360
15  75  25  50   7  15   0 0.00    M    M  9.6 24 200   M    M   1 128    29 210
16  85  47  66  23   0   1 0.00    M    M 12.4 28  20   M    M   0        35 220
17  56  37  47   3  18   0 0.00    M    M 16.3 31  10   M    M   0        40  10
18  50  37  44   0  21   0 0.17    M    M 10.0 18 130   M    M   5 18     25 140
19  41  37  39  -5  26   0 0.00    M    M  4.7 12 110   M    M  10 18     14 110
20  68  27  48   3  17   0 0.00    M    M  4.5 14 260   M    M   3 128    17 270
21  71  33  52   7  13   0 0.00    M    M  7.2 15  70   M    M   0 18     19  50
22  75  38  57  11   8   0 0.00    M    M  6.7 20 160   M    M   1        24 160
23  59  34  47   1  18   0 0.08    M    M 10.8 22 110   M    M   3 13     31 110
24  40  37  39  -7  26   0 0.95    M    M 10.1 20 100   M    M  10 13     25  80
25  48  37  43  -4  22   0 0.13    M    M  8.3 21 360   M    M   9 128    25 360
================================================================================
SM 1465  744       514   1  1.33    M    206.6          M       63
================================================================================
AV 58.6 29.8                               8.3 FASTST   M    M   3    MAX(MPH)
                                 MISC ---->  # 31  10               # 40   10
================================================================================
NOTES:
# LAST OF SEVERAL OCCURRENCES

COLUMN 17 PEAK WIND IN M.P.H.

PRELIMINARY LOCAL CLIMATOLOGICAL DATA (WS FORM: F-6) , PAGE 2

                                          STATION:  ST. JOSEPH MO
                                          MONTH:    MARCH
                                          YEAR:     2015
                                          LATITUDE:   39 46 N
                                          LONGITUDE:  94 55 W

[TEMPERATURE DATA]      [PRECIPITATION DATA]       SYMBOLS USED IN COLUMN 16

AVERAGE MONTHLY: 44.2   TOTAL FOR MONTH:   1.33    1 = FOG OR MIST
DPTR FM NORMAL:   2.5   DPTR FM NORMAL:   -0.37    2 = FOG REDUCING VISIBILITY
HIGHEST:    85 ON 16    GRTST 24HR  0.95 ON 24-24      TO 1/4 MILE OR LESS
LOWEST:      3 ON  5                               3 = THUNDER
                        SNOW, ICE PELLETS, HAIL    4 = ICE PELLETS
                        TOTAL MONTH:    M          5 = HAIL
                        GRTST 24HR    M  ON   M    6 = FREEZING RAIN OR DRIZZLE
                        GRTST DEPTH:  M  ON   M    7 = DUSTSTORM OR SANDSTORM:
                                                       VSBY 1/2 MILE OR LESS
                                                   8 = SMOKE OR HAZE
[NO. OF DAYS WITH]      [WEATHER - DAYS WITH]      9 = BLOWING SNOW
                                                   X = TORNADO
MAX 32 OR BELOW:   2    0.01 INCH OR MORE:   4
MAX 90 OR ABOVE:   0    0.10 INCH OR MORE:   3
MIN 32 OR BELOW:  14    0.50 INCH OR MORE:   1
MIN  0 OR BELOW:   0    1.00 INCH OR MORE:   0

[HDD (BASE 65) ]
TOTAL THIS MO.   514    CLEAR  (SCALE 0-3)  17
DPTR FM NORMAL   -69    PTCLDY (SCALE 4-7)   4
TOTAL FM JUL 1  5038    CLOUDY (SCALE 8-10)  4
DPTR FM NORMAL   147

[CDD (BASE 65) ]
TOTAL THIS MO.     1
DPTR FM NORMAL     1    [PRESSURE DATA]
TOTAL FM JAN 1     1    HIGHEST SLP  0.00 ON M
DPTR FM NORMAL     1    LOWEST  SLP  0.00 ON M

[REMARKS]
