000
CXUS53 KLSX 271600
CF6STL
PRELIMINARY LOCAL CLIMATOLOGICAL DATA (WS FORM: F-6)

                                          STATION:   ST. LOUIS
                                          MONTH:     MARCH
                                          YEAR:      2017
                                          LATITUDE:   38 45 N
                                          LONGITUDE:  90 23 W

  TEMPERATURE IN F:       :PCPN:    SNOW:  WIND      :SUNSHINE: SKY     :PK WND
================================================================================
1   2   3   4   5  6A  6B    7    8   9   10  11  12  13   14  15   16   17  18
                                     12Z  AVG MX 2MIN
DY MAX MIN AVG DEP HDD CDD  WTR  SNW DPTH SPD SPD DIR MIN PSBL S-S WX    SPD DR
================================================================================

 1  68  36  52  11  13   0 0.54  0.0    0 17.9 35 280   M    M   7 13     46 280
 2  51  30  41   0  24   0 0.00  0.0    0  9.4 17 320   M    M   2        23 320
 3  45  26  36  -6  29   0 0.00  0.0    0  9.5 20 140   M    M   1        23 140
 4  72  35  54  12  11   0 0.00  0.0    0 10.9 18 250   M    M   2        24 170
 5  62  52  57  15   8   0 0.00  0.0    0 13.4 25 190   M    M   7        31 190
 6  70  52  61  18   4   0    T  0.0    0 16.3 32 180   M    M   9 13     45 200
 7  71  46  59  16   6   0 0.44    T    0 14.5 43 280   M    M   4 135    55 290
 8  68  41  55  12  10   0 0.00  0.0    0  9.3 25 230   M    M   3        33 260
 9  74  43  59  15   6   0 0.15  0.0    0 11.9 29 220   M    M   4 3      38 210
10  46  34  40  -4  25   0 0.00  0.0    0 11.5 20  10   M    M   4        25  10
11  38  29  34 -10  31   0 0.04  0.4    T  7.1 17  20   M    M   9 1      24  30
12  44  30  37  -8  28   0 0.00  0.0    0  8.0 20 140   M    M   8        24 130
13  40  32  36  -9  29   0 0.18  1.3    1 10.2 18 360   M    M  10 1      24 360
14  32  22  27 -19  38   0    T  0.1    T 11.4 18  10   M    M   7        23 350
15  40  16  28 -18  37   0 0.00  0.0    0  5.5 10 330   M    M   2        14 330
16  51  25  38  -8  27   0 0.00  0.0    0 11.5 22 140   M    M   6        27 170
17  72  46  59  12   6   0 0.08  0.0    0  8.9 16 310   M    M   9 38     22 200
18  59  39  49   2  16   0 0.00  0.0    0 10.9 21 310   M    M   5        28 330
19  58  36  47   0  18   0 0.00  0.0    0 10.6 20 160   M    M   5        23 160
20  86  50  68  20   0   3 0.00  0.0    0  9.2 23  30   M    M   5        29  40
21  66  45  56   8   9   0    T  0.0    0 10.4 21  20   M    M   6 18     27  40
22  52  36  44  -4  21   0 0.00  0.0    0 12.1 20  60   M    M   6        26  70
23  62  39  51   2  14   0 0.11  0.0    0 15.0 24 160   M    M   7 3      29 160
24  81  54  68  19   0   3 0.18  0.0    0 13.1 30 210   M    M   7 13     37 180
25  67  56  62  12   3   0 0.91  0.0    0 11.6 22 240   M    M   8 13     27 140
26  64  51  58   8   7   0 0.00  0.0    0  8.2 17 240   M    M   9        21 220
================================================================================
SM 1539 1001       420   6  2.63     1.8 288.3          M      152
================================================================================
AV 59.2 38.5                              11.1 FASTST   M    M   6    MAX(MPH)
                                 MISC ---->  # 43 280               # 55  290
================================================================================
NOTES:
# LAST OF SEVERAL OCCURRENCES

COLUMN 17 PEAK WIND IN M.P.H.

PRELIMINARY LOCAL CLIMATOLOGICAL DATA (WS FORM: F-6) , PAGE 2

                                          STATION:  ST. LOUIS
                                          MONTH:    MARCH
                                          YEAR:     2017
                                          LATITUDE:   38 45 N
                                          LONGITUDE:  90 23 W

[TEMPERATURE DATA]      [PRECIPITATION DATA]       SYMBOLS USED IN COLUMN 16

AVERAGE MONTHLY: 48.9   TOTAL FOR MONTH:   2.63    1 = FOG OR MIST
DPTR FM NORMAL:   3.5   DPTR FM NORMAL:   -0.06    2 = FOG REDUCING VISIBILITY
HIGHEST:    86 ON 20    GRTST 24HR  0.91 ON 25-25      TO 1/4 MILE OR LESS
LOWEST:     16 ON 15                               3 = THUNDER
                        SNOW, ICE PELLETS, HAIL    4 = ICE PELLETS
                        TOTAL MONTH:   1.8 INCHES  5 = HAIL
                        GRTST 24HR   1.3 ON   M    6 = FREEZING RAIN OR DRIZZLE
                        GRTST DEPTH:   1 ON 13     7 = DUSTSTORM OR SANDSTORM:
                                                       VSBY 1/2 MILE OR LESS
                                                   8 = SMOKE OR HAZE
[NO. OF DAYS WITH]      [WEATHER - DAYS WITH]      9 = BLOWING SNOW
                                                   X = TORNADO
MAX 32 OR BELOW:   1    0.01 INCH OR MORE:   9
MAX 90 OR ABOVE:   0    0.10 INCH OR MORE:   7
MIN 32 OR BELOW:   8    0.50 INCH OR MORE:   2
MIN  0 OR BELOW:   0    1.00 INCH OR MORE:   0

[HDD (BASE 65) ]
TOTAL THIS MO.   420    CLEAR  (SCALE 0-3)   4
DPTR FM NORMAL   -95    PTCLDY (SCALE 4-7)  17
TOTAL FM JUL 1  3153    CLOUDY (SCALE 8-10)  5
DPTR FM NORMAL  -960

[CDD (BASE 65) ]
TOTAL THIS MO.     6
DPTR FM NORMAL     6    [PRESSURE DATA]
TOTAL FM JAN 1     8    HIGHEST SLP M ON M
DPTR FM NORMAL     8    LOWEST  SLP 29.52 ON  1

[REMARKS]
