000
CXUS53 KLSX 281600
CF6STL
PRELIMINARY LOCAL CLIMATOLOGICAL DATA (WS FORM: F-6)

                                          STATION:   ST. LOUIS
                                          MONTH:     AUGUST
                                          YEAR:      2016
                                          LATITUDE:   38 45 N
                                          LONGITUDE:  90 23 W

  TEMPERATURE IN F:       :PCPN:    SNOW:  WIND      :SUNSHINE: SKY     :PK WND
================================================================================
1   2   3   4   5  6A  6B    7    8   9   10  11  12  13   14  15   16   17  18
                                     12Z  AVG MX 2MIN
DY MAX MIN AVG DEP HDD CDD  WTR  SNW DPTH SPD SPD DIR MIN PSBL S-S WX    SPD DR
================================================================================

 1  88  73  81   1   0  16 0.31  0.0    0  4.9 14 220   M    M   6 13     16 170
 2  87  73  80   0   0  15 0.16  0.0    0  6.5 16 270   M    M   8 13     19 280
 3  88  73  81   1   0  16 0.96  0.0    0  4.4 26 320   M    M   6 13     38 330
 4  97  75  86   6   0  21 0.00  0.0    0  5.3 14 140   M    M   2 18     16 170
 5  87  73  80   0   0  15 0.17  0.0    0  7.5 24  10   M    M   9 3      30  10
 6  86  73  80   0   0  15    T  0.0    0  6.9 14  40   M    M   6        18  50
 7  87  69  78  -2   0  13 0.00  0.0    0  5.4 12  60   M    M   6        15 320
 8  88  73  81   1   0  16    T  0.0    0  6.1 14  40   M    M   8        17  40
 9  93  73  83   3   0  18 0.00  0.0    0  5.1 13 100   M    M   6        15 100
10  94  76  85   6   0  20 0.00  0.0    0  6.2 13 100   M    M   5        17 130
11  98  80  89  10   0  24 0.00  0.0    0  8.6 16 140   M    M   2        21 150
12  93  75  84   5   0  19 0.73  0.0    0  9.0 32 260   M    M   6 13     44 250
13  88  75  82   3   0  17    T  0.0    0  7.3 15 350   M    M   8        18 330
14  76  69  73  -6   0   8 0.36  0.0    0  5.8 16 140   M    M   9 1      19 170
15  80  71  76  -3   0  11 2.52  0.0    0 11.8 39 130   M    M   9 1      45 150
16  87  73  80   1   0  15    T  0.0    0  5.1 10 180   M    M   7 1      15 230
17  89  72  81   2   0  16 0.00  0.0    0  5.6 12 200   M    M   5        17 190
18  92  74  83   4   0  18 0.00  0.0    0  6.6 15 230   M    M   3        19 210
19  89  74  82   3   0  17 0.00  0.0    0  7.8 16 160   M    M   7        23 140
20  83  70  77  -1   0  12    T  0.0    0 12.2 22 260   M    M   7        28 290
21  82  63  73  -5   0   8 0.00  0.0    0  6.7 16 310   M    M   2        20 310
22  85  62  74  -4   0   9 0.00  0.0    0  5.0 15 150   M    M   2        19 210
23  78  66  72  -6   0   7 0.03  0.0    0  9.9 16 160   M    M   7        22 140
24  95  75  85   7   0  20    T  0.0    0 11.1 24 210   M    M   7        31 220
25  94  75  85   7   0  20 0.00  0.0    0  6.8 24 340   M    M   5 3      27 340
26  88  74  81   3   0  16 0.00  0.0    0  6.6 15 110   M    M   8        18 110
27  94  75  85   8   0  20    T  0.0    0   M  14  40   M    M   8 3       M  M
================================================================================
SM 2386 1954         0 422  5.24     0.0 184.2          M      164
================================================================================
AV 88.4 72.4                               7.1 FASTST   M    M   6    MAX(MPH)
                                 MISC ---->  # 39 130               # 45  150
================================================================================
NOTES:
# LAST OF SEVERAL OCCURRENCES

COLUMN 17 PEAK WIND IN M.P.H.

PRELIMINARY LOCAL CLIMATOLOGICAL DATA (WS FORM: F-6) , PAGE 2

                                          STATION:  ST. LOUIS
                                          MONTH:    AUGUST
                                          YEAR:     2016
                                          LATITUDE:   38 45 N
                                          LONGITUDE:  90 23 W

[TEMPERATURE DATA]      [PRECIPITATION DATA]       SYMBOLS USED IN COLUMN 16

AVERAGE MONTHLY: 80.4   TOTAL FOR MONTH:   5.24    1 = FOG OR MIST
DPTR FM NORMAL:   1.4   DPTR FM NORMAL:    2.62    2 = FOG REDUCING VISIBILITY
HIGHEST:    98 ON 11    GRTST 24HR  2.67 ON 14-15      TO 1/4 MILE OR LESS
LOWEST:     62 ON 22                               3 = THUNDER
                        SNOW, ICE PELLETS, HAIL    4 = ICE PELLETS
                        TOTAL MONTH:   0.0 INCH    5 = HAIL
                        GRTST 24HR     0.0         6 = FREEZING RAIN OR DRIZZLE
                        GRTST DEPTH:   0           7 = DUSTSTORM OR SANDSTORM:
                                                       VSBY 1/2 MILE OR LESS
                                                   8 = SMOKE OR HAZE
[NO. OF DAYS WITH]      [WEATHER - DAYS WITH]      9 = BLOWING SNOW
                                                   X = TORNADO
MAX 32 OR BELOW:   0    0.01 INCH OR MORE:   8
MAX 90 OR ABOVE:   9    0.10 INCH OR MORE:   7
MIN 32 OR BELOW:   0    0.50 INCH OR MORE:   3
MIN  0 OR BELOW:   0    1.00 INCH OR MORE:   1

[HDD (BASE 65) ]
TOTAL THIS MO.     0    CLEAR  (SCALE 0-3)   4
DPTR FM NORMAL     0    PTCLDY (SCALE 4-7)  20
TOTAL FM JUL 1     0    CLOUDY (SCALE 8-10)  3
DPTR FM NORMAL     0

[CDD (BASE 65) ]
TOTAL THIS MO.   422
DPTR FM NORMAL    44    [PRESSURE DATA]
TOTAL FM JAN 1  1633    HIGHEST SLP M ON M
DPTR FM NORMAL   280    LOWEST  SLP 29.69 ON 12

[REMARKS]
