000
CXUS55 KSTO 171455
CF6STO
PRELIMINARY LOCAL CLIMATOLOGICAL DATA (WS FORM: F-6)

                                          STATION:   SACRAMENTO CITY
                                          MONTH:     APRIL
                                          YEAR:      2014
                                          LATITUDE:   38 36 N
                                          LONGITUDE: 121 23 W

  TEMPERATURE IN F:       :PCPN:    SNOW:  WIND      :SUNSHINE: SKY     :PK WND
================================================================================
1   2   3   4   5  6A  6B    7    8   9   10  11  12  13   14  15   16   17  18
                                     12Z  AVG MX 2MIN
DY MAX MIN AVG DEP HDD CDD  WTR  SNW DPTH SPD SPD DIR MIN PSBL S-S WX    SPD DR
================================================================================

 1  54  44  49  -9  16   0 1.30    M    M   M   M   M   M    M   M         M  M
 2  63  44  54  -4  11   0 0.00    M    M   M   M   M   M    M   M         M  M
 3  67  44  56  -2   9   0 0.00    M    M   M   M   M   M    M   M         M  M
 4  62  49  56  -3   9   0 0.01    M    M   M   M   M   M    M   M         M  M
 5  71  43  57  -2   8   0 0.00    M    M   M   M   M   M    M   M         M  M
 6  80  47  64   5   1   0 0.00    M    M   M   M   M   M    M   M         M  M
 7  83  52  68   9   0   3 0.00    M    M   M   M   M   M    M   M         M  M
 8  86  57  72  13   0   7 0.00    M    M   M   M   M   M    M   M         M  M
 9  84  58  71  12   0   6 0.00    M    M   M   M   M   M    M   M         M  M
10  86  52  69   9   0   4 0.00    M    M   M   M   M   M    M   M         M  M
11  82  54  68   8   0   3 0.00    M    M   M   M   M   M    M   M         M  M
12  75  49  62   2   3   0 0.00    M    M   M   M   M   M    M   M         M  M
13  83  50  67   7   0   2 0.00    M    M   M   M   M   M    M   M         M  M
14  82  50  66   6   0   1 0.00    M    M   M   M   M   M    M   M         M  M
15  84  53  69   8   0   4 0.00    M    M   M   M   M   M    M   M         M  M
16  85  54  70   9   0   5 0.00    M    M   M   M   M   M    M   M         M  M
================================================================================
SM 1227  800        57  35  1.31    M        M          M        M
================================================================================
AV 76.7 50.0                                 M FASTST   M    M   2    MAX(MPH)
                                 MISC ---->     M   M                  M    M
================================================================================
NOTES:
# LAST OF SEVERAL OCCURRENCES

COLUMN 17 PEAK WIND IN M.P.H.

PRELIMINARY LOCAL CLIMATOLOGICAL DATA (WS FORM: F-6) , PAGE 2

                                          STATION:  SACRAMENTO CITY
                                          MONTH:    APRIL
                                          YEAR:     2014
                                          LATITUDE:   38 36 N
                                          LONGITUDE: 121 23 W

[TEMPERATURE DATA]      [PRECIPITATION DATA]       SYMBOLS USED IN COLUMN 16

AVERAGE MONTHLY: 63.3   TOTAL FOR MONTH:   1.31    1 = FOG OR MIST
DPTR FM NORMAL:   4.0   DPTR FM NORMAL:    0.53    2 = FOG REDUCING VISIBILITY
HIGHEST:    86 ON 10, 8 GRTST 24HR  1.30 ON  1- 1      TO 1/4 MILE OR LESS
LOWEST:     43 ON  5                               3 = THUNDER
                        SNOW, ICE PELLETS, HAIL    4 = ICE PELLETS
                        TOTAL MONTH:    M          5 = HAIL
                        GRTST 24HR    M  ON   M    6 = FREEZING RAIN OR DRIZZLE
                        GRTST DEPTH:  M  ON   M    7 = DUSTSTORM OR SANDSTORM:
                                                       VSBY 1/2 MILE OR LESS
                                                   8 = SMOKE OR HAZE
[NO. OF DAYS WITH]      [WEATHER - DAYS WITH]      9 = BLOWING SNOW
                                                   X = TORNADO
MAX 32 OR BELOW:   0    0.01 INCH OR MORE:   2
MAX 90 OR ABOVE:   0    0.10 INCH OR MORE:   1
MIN 32 OR BELOW:   0    0.50 INCH OR MORE:   1
MIN  0 OR BELOW:   0    1.00 INCH OR MORE:   1

[HDD (BASE 65) ]
TOTAL THIS MO.    57    CLEAR  (SCALE 0-3)   0
DPTR FM NORMAL   -42    PTCLDY (SCALE 4-7)   0
TOTAL FM JUL 1  1668    CLOUDY (SCALE 8-10)  0
DPTR FM NORMAL  -520

[CDD (BASE 65) ]
TOTAL THIS MO.    35
DPTR FM NORMAL    25    [PRESSURE DATA]
TOTAL FM JAN 1    37    HIGHEST SLP M ON M
DPTR FM NORMAL    23    LOWEST  SLP M ON M

[REMARKS]
