000
CXUS53 KMPX 251000
CF6STP
PRELIMINARY LOCAL CLIMATOLOGICAL DATA (WS FORM: F-6)

                                          STATION:   ST PAUL MN
                                          MONTH:     JULY
                                          YEAR:      2014
                                          LATITUDE:   44 55 N
                                          LONGITUDE:  93  4 W

  TEMPERATURE IN F:       :PCPN:    SNOW:  WIND      :SUNSHINE: SKY     :PK WND
================================================================================
1   2   3   4   5  6A  6B    7    8   9   10  11  12  13   14  15   16   17  18
                                     12Z  AVG MX 2MIN
DY MAX MIN AVG DEP HDD CDD  WTR  SNW DPTH SPD SPD DIR MIN PSBL S-S WX    SPD DR
================================================================================

 1  75  57  66  -7   0   1 0.07    M    M 14.0 25 290   M    M   9 1      34 290
 2  74  55  65  -8   0   0 0.00    M    M 10.4 20 320   M    M   4        29 340
 3  77  55  66  -7   0   1 0.00    M    M  4.3 14 330   M    M   4        18 320
 4  77  56  67  -7   0   2 0.00    M    M  8.4 17 170   M    M   3 1      25 170
 5  83  64  74   0   0   9 0.00    M    M 12.5 22 170   M    M   2        27 170
 6  88  68  78   4   0  13 0.07    M    M 10.7 23 300   M    M   6 138    32 310
 7  86  64  75   1   0  10 0.08    M    M  7.2 33 330   M    M   3 13     43 340
 8  76  63  70  -4   0   5 0.00    M    M 14.6 26 310   M    M   4        38 320
 9  79  57  68  -6   0   3 0.00    M    M  3.8 14  10   M    M   3        16  20
10  84  60  72  -2   0   7    T    M    M  8.7 17 170   M    M   1        23 170
11  79  64  72  -2   0   7 1.61    M    M  9.6 32 180   M    M   8 123    40 180
12  80  66  73  -1   0   8 0.50    M    M  3.3 20 210   M    M   3 138    25 220
13  76  61  69  -5   0   4 0.00    M    M  8.4 24 300   M    M   2        28 290
14  66  56  61 -13   4   0 0.06    M    M 14.7 30 310   M    M   8 8      36 310
15  71  54  63 -11   2   0 0.00    M    M 10.4 20 320   M    M   5        24 320
16  76  53  65  -9   0   0 0.00    M    M  3.2 13 360   M    M   2        17  10
17  78  55  67  -7   0   2 0.00    M    M  6.1 15 230   M    M   1        20 230
18  78  58  68  -6   0   3 0.00    M    M  9.9 22 170   M    M   5 1      27 170
19  78  65  72  -2   0   7 0.00    M    M 10.1 18 190   M    M   8        24 200
20  85  68  77   3   0  12 0.00    M    M 12.1 23 170   M    M   8        29 160
21  89  73  81   7   0  16 0.00    M    M  9.6 17 150   M    M   7 8      23 150
22  83  68  76   2   0  11 0.00    M    M 11.3 23 300   M    M   3        29 360
23  81  61  71  -3   0   6 0.00    M    M  5.0 14 300   M    M   0        19 340
24  81  61  71  -3   0   6 0.00    M    M  7.4 31 170   M    M   2        40 170
================================================================================
SM 1900 1462         6 133  2.39    M    215.7          M      101
================================================================================
AV 79.2 60.9                               9.0 FASTST   M    M   4    MAX(MPH)
                                 MISC ---->  # 33 330               # 43  340
================================================================================
NOTES:
# LAST OF SEVERAL OCCURRENCES

COLUMN 17 PEAK WIND IN M.P.H.

PRELIMINARY LOCAL CLIMATOLOGICAL DATA (WS FORM: F-6) , PAGE 2

                                          STATION:  ST PAUL MN
                                          MONTH:    JULY
                                          YEAR:     2014
                                          LATITUDE:   44 55 N
                                          LONGITUDE:  93  4 W

[TEMPERATURE DATA]      [PRECIPITATION DATA]       SYMBOLS USED IN COLUMN 16

AVERAGE MONTHLY: 70.0   TOTAL FOR MONTH:   2.39    1 = FOG OR MIST
DPTR FM NORMAL:  -3.8   DPTR FM NORMAL:   -1.09    2 = FOG REDUCING VISIBILITY
HIGHEST:    89 ON 21    GRTST 24HR  1.61 ON 11-11      TO 1/4 MILE OR LESS
LOWEST:     53 ON 16                               3 = THUNDER
                        SNOW, ICE PELLETS, HAIL    4 = ICE PELLETS
                        TOTAL MONTH:    M          5 = HAIL
                        GRTST 24HR    M  ON   M    6 = FREEZING RAIN OR DRIZZLE
                        GRTST DEPTH:  M  ON   M    7 = DUSTSTORM OR SANDSTORM:
                                                       VSBY 1/2 MILE OR LESS
                                                   8 = SMOKE OR HAZE
[NO. OF DAYS WITH]      [WEATHER - DAYS WITH]      9 = BLOWING SNOW
                                                   X = TORNADO
MAX 32 OR BELOW:   0    0.01 INCH OR MORE:   6
MAX 90 OR ABOVE:   0    0.10 INCH OR MORE:   2
MIN 32 OR BELOW:   0    0.50 INCH OR MORE:   2
MIN  0 OR BELOW:   0    1.00 INCH OR MORE:   1

[HDD (BASE 65) ]
TOTAL THIS MO.     6    CLEAR  (SCALE 0-3)  12
DPTR FM NORMAL     6    PTCLDY (SCALE 4-7)  11
TOTAL FM JUL 1     6    CLOUDY (SCALE 8-10)  1
DPTR FM NORMAL     6

[CDD (BASE 65) ]
TOTAL THIS MO.   133
DPTR FM NORMAL   -82    [PRESSURE DATA]
TOTAL FM JAN 1   325    HIGHEST SLP M ON M
DPTR FM NORMAL   -97    LOWEST  SLP 29.56 ON  1

[REMARKS]
