000
CXUS53 KMPX 011000
CF6STP
PRELIMINARY LOCAL CLIMATOLOGICAL DATA (WS FORM: F-6)

                                          STATION:   ST PAUL MN
                                          MONTH:     JUNE
                                          YEAR:      2015
                                          LATITUDE:   44 55 N
                                          LONGITUDE:  93  4 W

  TEMPERATURE IN F:       :PCPN:    SNOW:  WIND      :SUNSHINE: SKY     :PK WND
================================================================================
1   2   3   4   5  6A  6B    7    8   9   10  11  12  13   14  15   16   17  18
                                     12Z  AVG MX 2MIN
DY MAX MIN AVG DEP HDD CDD  WTR  SNW DPTH SPD SPD DIR MIN PSBL S-S WX    SPD DR
================================================================================

 1  69  50  60  -5   5   0 0.00    M    M  8.9 15 160   M    M   0        22 160
 2  76  54  65   0   0   0 0.00    M    M 12.4 22 160   M    M   0        29 160
 3  67  62  65  -1   0   0 0.72    M    M  8.2 18 160   M    M   9 13     25 150
 4  75  61  68   2   0   3 0.00    M    M  5.4 13 330   M    M   7 1      15 330
 5  76  60  68   2   0   3 0.00    M    M  5.7 15  50   M    M   4        20  60
 6  77  57  67   1   0   2 0.83    M    M 11.1 21 170   M    M   4 13     28 190
 7  82  61  72   5   0   7 0.09    M    M  8.0 23 290   M    M   4 13     31 310
 8  80  58  69   2   0   4 0.00    M    M  6.7 20 310   M    M   1 1      24 330
 9  90  61  76   9   0  11 0.02    M    M  4.6 18 320   M    M   1 18     24 320
10  79  63  71   3   0   6    T    M    M  8.6 20 320   M    M   0        23 320
11  67  57  62  -6   3   0 0.30    M    M  6.9 18  40   M    M   9 1      23  70
12  78  52  65  -3   0   0 0.00    M    M  6.8 18  60   M    M   0        22  70
13  70  59  65  -4   0   0 0.17    M    M  4.9 12 110   M    M   9 1      14 100
14  84  59  72   3   0   7 0.00    M    M  3.7 12 180   M    M   2 1      14 180
15  77  61  69   0   0   4    T    M    M 10.7 21 300   M    M   2        26 360
16  71  53  62  -8   3   0 0.02    M    M  5.8 22  20   M    M   2        27  30
17  79  59  69  -1   0   4 0.73    M    M  8.4 17 150   M    M   7 13     22 190
18  77  59  68  -2   0   3 0.00    M    M  8.7 14 330   M    M   3        21 330
19  76  57  67  -3   0   2 0.00    M    M  8.5 17 140   M    M   1        22 130
20  81  63  72   1   0   7 0.46    M    M  9.5 20 140   M    M   5 13     25 150
21  85  61  73   2   0   8 0.00    M    M  4.2 15 300   M    M   2        20 300
22  81  62  72   1   0   7 0.81    M    M 12.5 29 310   M    M   3 13     39 310
23  79  59  69  -3   0   4 0.00    M    M  7.3 15 320   M    M   2        20 340
24  78  60  69  -3   0   4 0.00    M    M  4.4 14 180   M    M   1 18     19 160
25  81  62  72   0   0   7 0.00    M    M  5.1 16 340   M    M   1 8      20  20
26  80  62  71  -1   0   6 0.03    M    M  3.4 22  50   M    M   2 3      26  50
27  82  59  71  -1   0   6 0.24    M    M  4.7 20 250   M    M   1 13     23 250
28  81  63  72  -1   0   7 0.21    M    M  3.9 18 320   M    M   6 13     25 310
29  82  61  72  -1   0   7 0.06    M    M  6.0 22  40   M    M   2 123    29  40
30  76  62  69  -4   0   4 0.00    M    M  6.0 13  50   M    M   3 18     20  50
================================================================================
SM 2336 1777        11 123  4.69    M    211.0          M       93
================================================================================
AV 77.9 59.2                               7.0 FASTST   M    M   3    MAX(MPH)
                                 MISC ---->  # 29 310               # 39  310
================================================================================
NOTES:
# LAST OF SEVERAL OCCURRENCES

COLUMN 17 PEAK WIND IN M.P.H.

PRELIMINARY LOCAL CLIMATOLOGICAL DATA (WS FORM: F-6) , PAGE 2

                                          STATION:  ST PAUL MN
                                          MONTH:    JUNE
                                          YEAR:     2015
                                          LATITUDE:   44 55 N
                                          LONGITUDE:  93  4 W

[TEMPERATURE DATA]      [PRECIPITATION DATA]       SYMBOLS USED IN COLUMN 16

AVERAGE MONTHLY: 68.6   TOTAL FOR MONTH:   4.69    1 = FOG OR MIST
DPTR FM NORMAL:  -0.6   DPTR FM NORMAL:    0.94    2 = FOG REDUCING VISIBILITY
HIGHEST:    90 ON  9    GRTST 24HR  0.90 ON  6- 7      TO 1/4 MILE OR LESS
LOWEST:     50 ON  1                               3 = THUNDER
                        SNOW, ICE PELLETS, HAIL    4 = ICE PELLETS
                        TOTAL MONTH:    M          5 = HAIL
                        GRTST 24HR    M  ON   M    6 = FREEZING RAIN OR DRIZZLE
                        GRTST DEPTH:  M  ON   M    7 = DUSTSTORM OR SANDSTORM:
                                                       VSBY 1/2 MILE OR LESS
                                                   8 = SMOKE OR HAZE
[NO. OF DAYS WITH]      [WEATHER - DAYS WITH]      9 = BLOWING SNOW
                                                   X = TORNADO
MAX 32 OR BELOW:   0    0.01 INCH OR MORE:  14
MAX 90 OR ABOVE:   1    0.10 INCH OR MORE:   9
MIN 32 OR BELOW:   0    0.50 INCH OR MORE:   4
MIN  0 OR BELOW:   0    1.00 INCH OR MORE:   0

[HDD (BASE 65) ]
TOTAL THIS MO.    11    CLEAR  (SCALE 0-3)  20
DPTR FM NORMAL   -22    PTCLDY (SCALE 4-7)   7
TOTAL FM JUL 1  7604    CLOUDY (SCALE 8-10)  3
DPTR FM NORMAL   307

[CDD (BASE 65) ]
TOTAL THIS MO.   123
DPTR FM NORMAL   -38    [PRESSURE DATA]
TOTAL FM JAN 1   142    HIGHEST SLP 30.28 ON  1
DPTR FM NORMAL   -65    LOWEST  SLP 29.40 ON 22

[REMARKS]
#FINAL-06-15#
