000
CXUS53 KMPX 281000
CF6STP
PRELIMINARY LOCAL CLIMATOLOGICAL DATA (WS FORM: F-6)

                                          STATION:   ST PAUL MN
                                          MONTH:     MARCH
                                          YEAR:      2015
                                          LATITUDE:   44 55 N
                                          LONGITUDE:  93  4 W

  TEMPERATURE IN F:       :PCPN:    SNOW:  WIND      :SUNSHINE: SKY     :PK WND
================================================================================
1   2   3   4   5  6A  6B    7    8   9   10  11  12  13   14  15   16   17  18
                                     12Z  AVG MX 2MIN
DY MAX MIN AVG DEP HDD CDD  WTR  SNW DPTH SPD SPD DIR MIN PSBL S-S WX    SPD DR
================================================================================

 1  28  11  20  -7  45   0    M    M    M 12.7 23 310   M    M   8 18     36  20
 2  27   7  17 -10  48   0    M    M    M  9.1 22 310   M    M   3        26 310
 3  30   7  19  -9  46   0    M    M    M 13.9 26 310   M    M   7 18     34 150
 4  13   0   7 -21  58   0    M    M    M 13.8 26 310   M    M   2        32 290
 5  16  -7   5 -23  60   0    M    M    M  7.5 14 240   M    M   0        18 210
 6  39   7  23  -6  42   0    M    M    M  8.2 16 310   M    M   2        20 310
 7  45  25  35   6  30   0    M    M    M 11.6 29 310   M    M   3        35 310
 8  49  27  38   8  27   0    M    M    M  8.0 20 300   M    M   3        26 270
 9  58  26  42  12  23   0    M    M    M  7.5 20 230   M    M   7 18     26 250
10  67  30  49  18  16   0    M    M    M  8.7 21 300   M    M   0        27 290
11  58  25  42  11  23   0    M    M    M  3.9 12 150   M    M   0        15 150
12  60  37  49  17  16   0    M    M    M 14.2 24 160   M    M   0        31 190
13  62  39  51  19  14   0    M    M    M 11.5 22 300   M    M   0        27 300
14  61  31  46  13  19   0    M    M    M  7.3 16 320   M    M   0        20 320
15  70  37  54  21  11   0    M    M    M  7.9 23 210   M    M   0        32 200
16  63  36  50  16  15   0    M    M    M  9.6 26 360   M    M   2        36 360
17  45  24  35   1  30   0    M    M    M  9.2 20 310   M    M   0        26 320
18  46  26  36   2  29   0    M    M    M  2.2  9 290   M    M   3        12 270
19  52  35  44   9  21   0    M    M    M 10.2 21 160   M    M   9        26 160
20  54  32  43   7  22   0    M    M    M  7.9 24 330   M    M   4        32 330
21  39  25  32  -4  33   0    M    M    M  9.3 22 350   M    M   3        26 350
22  35  29  32  -4  33   0    M    M    M  7.9 14  70   M    M  10 18     18  50
23  33  28  31  -6  34   0    M    M    M  8.7 16 130   M    M  10 1      20 140
24  40  24  32  -6  33   0    M    M    M 11.2 24 150   M    M   6 1      31 160
25  38  32  35  -3  30   0    M    M    M 15.7 31 280   M    M  10 1      41 280
26  37  23  30  -9  35   0    M    M    M 12.9 21 330   M    M   7        25 310
27  37  18  28 -11  37   0    M    M    M  5.6 13 180   M    M   0        15 150
================================================================================
SM 1202  634       830   0    M     M    256.2          M       99
================================================================================
AV 44.5 23.5                               9.5 FASTST   M    M   4    MAX(MPH)
                                 MISC ---->  # 31 280               # 41  280
================================================================================
NOTES:
# LAST OF SEVERAL OCCURRENCES

COLUMN 17 PEAK WIND IN M.P.H.

PRELIMINARY LOCAL CLIMATOLOGICAL DATA (WS FORM: F-6) , PAGE 2

                                          STATION:  ST PAUL MN
                                          MONTH:    MARCH
                                          YEAR:     2015
                                          LATITUDE:   44 55 N
                                          LONGITUDE:  93  4 W

[TEMPERATURE DATA]      [PRECIPITATION DATA]       SYMBOLS USED IN COLUMN 16

AVERAGE MONTHLY: 34.0   TOTAL FOR MONTH:      M    1 = FOG OR MIST
DPTR FM NORMAL:   1.3   DPTR FM NORMAL:       M    2 = FOG REDUCING VISIBILITY
HIGHEST:    70 ON 15    GRTST 24HR    M  ON   M        TO 1/4 MILE OR LESS
LOWEST:     -7 ON  5                               3 = THUNDER
                        SNOW, ICE PELLETS, HAIL    4 = ICE PELLETS
                        TOTAL MONTH:    M          5 = HAIL
                        GRTST 24HR    M  ON   M    6 = FREEZING RAIN OR DRIZZLE
                        GRTST DEPTH:  M  ON   M    7 = DUSTSTORM OR SANDSTORM:
                                                       VSBY 1/2 MILE OR LESS
                                                   8 = SMOKE OR HAZE
[NO. OF DAYS WITH]      [WEATHER - DAYS WITH]      9 = BLOWING SNOW
                                                   X = TORNADO
MAX 32 OR BELOW:   5    0.01 INCH OR MORE:   0
MAX 90 OR ABOVE:   0    0.10 INCH OR MORE:   0
MIN 32 OR BELOW:  22    0.50 INCH OR MORE:   0
MIN  0 OR BELOW:   2    1.00 INCH OR MORE:   0

[HDD (BASE 65) ]
TOTAL THIS MO.   830    CLEAR  (SCALE 0-3)  15
DPTR FM NORMAL   -38    PTCLDY (SCALE 4-7)   8
TOTAL FM JUL 1  6813    CLOUDY (SCALE 8-10)  4
DPTR FM NORMAL   336

[CDD (BASE 65) ]
TOTAL THIS MO.     0
DPTR FM NORMAL     0    [PRESSURE DATA]
TOTAL FM JAN 1     0    HIGHEST SLP M ON M
DPTR FM NORMAL     0    LOWEST  SLP 29.70 ON 16

[REMARKS]
