000
CXUS56 KMTR 311000
CF6STS
PRELIMINARY LOCAL CLIMATOLOGICAL DATA (WS FORM: F-6)

                                          STATION:   SANTA ROSA AIRPORT
                                          MONTH:     JULY
                                          YEAR:      2014
                                          LATITUDE:   38 30 N
                                          LONGITUDE: 122 49 W

  TEMPERATURE IN F:       :PCPN:    SNOW:  WIND      :SUNSHINE: SKY     :PK WND
================================================================================
1   2   3   4   5  6A  6B    7    8   9   10  11  12  13   14  15   16   17  18
                                     12Z  AVG MX 2MIN
DY MAX MIN AVG DEP HDD CDD  WTR  SNW DPTH SPD SPD DIR MIN PSBL S-S WX    SPD DR
================================================================================

 1  77  54  66  -2   0   1 0.00  0.0    0  7.2 15 180   M    M   4 1      19 220
 2   M   M   M   M   M   M 0.00  0.0    0   M   M   M   M    M   4         M  M
 3  86  50  68   0   0   3 0.00  0.0    0  4.4 14 170   M    M   0 1      18 190
 4  82  49  66  -2   0   1 0.00  0.0    0  5.6 17 140   M    M   1 18     21 140
 5  86  52  69   1   0   4 0.00  0.0    0  4.3 16 140   M    M   4 1      18 140
 6  90  48  69   1   0   4 0.00  0.0    0  4.7 15 140   M    M   3 128    18 140
 7  79  53  66  -2   0   1 0.00  0.0    0  3.5 12 190   M    M   5 1      14 200
 8  84  54  69   1   0   4 0.00  0.0    0  5.7 15 150   M    M   2        18 170
 9  77  54  66  -2   0   1 0.00  0.0    0  5.1 13 190   M    M   6 1      17 210
10  73  56  65  -3   0   0    T  0.0    0  4.6 15 220   M    M   8 1      20 220
11  74  56  65  -3   0   0 0.00  0.0    0  6.1 14 180   M    M   6        20 180
12  80  54  67  -1   0   2 0.00  0.0    0  4.9 15 140   M    M   4        18 170
13  89  55  72   4   0   7 0.00  0.0    0  3.6 14 140   M    M   5 1      16 140
14  94  53  74   6   0   9 0.00  0.0    0  4.3 16 180   M    M   2        21 180
15  81  55  68   0   0   3 0.00  0.0    0  6.1 14 210   M    M   4        20 220
16  74  60  67  -1   0   2 0.00  0.0    0  6.0 15 160   M    M   4        21 200
17  74  57  66  -2   0   1 0.00  0.0    0  7.0 18 180   M    M   4        23 180
18  75  57  66  -2   0   1    T  0.0    0  5.2 15 180   M    M   6 18     18 180
19  78  56  67  -1   0   2 0.00  0.0    0  5.5 16 150   M    M   6        22 150
20  72  57  65  -2   0   0    T  0.0    0  5.4 15 180   M    M   7        18 180
21  77  58  68   1   0   3    T  0.0    0  4.8 16 180   M    M   5        20 180
22  77  57  67   0   0   2 0.00  0.0    0  4.5 16 230   M    M   6        21 210
23  81  58  70   3   0   5 0.00  0.0    0  3.3 15 180   M    M   5        20 170
24  92  52  72   5   0   7 0.00  0.0    0  3.5 14 230   M    M   0 1      18 180
25  98  52  75   8   0  10 0.00  0.0    0  3.4 16 260   M    M   0        20 240
26  91  52  72   5   0   7 0.00  0.0    M  5.0 14 180   M    M   0        16 150
27  92  56  74   7   0   9 0.00  0.0    0  5.7 15 180   M    M   2        18 160
28  79  55  67   0   0   2 0.00  0.0    0  6.4 17 170   M    M   5 1      22 170
29  89  54  72   5   0   7 0.00  0.0    0  5.6 15 140   M    M   4 1      18 190
30  89  56  73   6   0   8 0.00  0.0    0  5.3 15 160   M    M   5 1      20 170
================================================================================
SM 2390 1580         0 106    T      0.0 146.7          M      117
================================================================================
AV 82.4 54.5                               5.1 FASTST   M    M   4    MAX(MPH)
                                 MISC ---->  # 18 180               # 23  180
================================================================================
NOTES:
# LAST OF SEVERAL OCCURRENCES

COLUMN 17 PEAK WIND IN M.P.H.

PRELIMINARY LOCAL CLIMATOLOGICAL DATA (WS FORM: F-6) , PAGE 2

                                          STATION:  SANTA ROSA AIRPORT
                                          MONTH:    JULY
                                          YEAR:     2014
                                          LATITUDE:   38 30 N
                                          LONGITUDE: 122 49 W

[TEMPERATURE DATA]      [PRECIPITATION DATA]       SYMBOLS USED IN COLUMN 16

AVERAGE MONTHLY: 68.4   TOTAL FOR MONTH:      T    1 = FOG OR MIST
DPTR FM NORMAL:   0.8   DPTR FM NORMAL:   -0.01    2 = FOG REDUCING VISIBILITY
HIGHEST:    98 ON 25    GRTST 24HR    T  ON 21-21      TO 1/4 MILE OR LESS
LOWEST:     48 ON  6                               3 = THUNDER
                        SNOW, ICE PELLETS, HAIL    4 = ICE PELLETS
                        TOTAL MONTH:   0.0 INCH    5 = HAIL
                        GRTST 24HR     0.0         6 = FREEZING RAIN OR DRIZZLE
                        GRTST DEPTH:   0           7 = DUSTSTORM OR SANDSTORM:
                                                       VSBY 1/2 MILE OR LESS
                                                   8 = SMOKE OR HAZE
[NO. OF DAYS WITH]      [WEATHER - DAYS WITH]      9 = BLOWING SNOW
                                                   X = TORNADO
MAX 32 OR BELOW:   0    0.01 INCH OR MORE:   0
MAX 90 OR ABOVE:   6    0.10 INCH OR MORE:   0
MIN 32 OR BELOW:   0    0.50 INCH OR MORE:   0
MIN  0 OR BELOW:   0    1.00 INCH OR MORE:   0

[HDD (BASE 65) ]
TOTAL THIS MO.     0    CLEAR  (SCALE 0-3)   8
DPTR FM NORMAL   -29    PTCLDY (SCALE 4-7)  22
TOTAL FM JUL 1     0    CLOUDY (SCALE 8-10)  0
DPTR FM NORMAL   -29

[CDD (BASE 65) ]
TOTAL THIS MO.   106
DPTR FM NORMAL    16    [PRESSURE DATA]
TOTAL FM JAN 1   242    HIGHEST SLP M ON M
DPTR FM NORMAL    58    LOWEST  SLP 29.80 ON  1

[REMARKS]
