000
CXUS53 KLSX 281600
CF6SUS
PRELIMINARY LOCAL CLIMATOLOGICAL DATA (WS FORM: F-6)

                                          STATION:   SPIRIT OF ST LOUIS MO
                                          MONTH:     SEPTEMBER
                                          YEAR:      2016
                                          LATITUDE:   38 39 N
                                          LONGITUDE:  90 38 W

  TEMPERATURE IN F:       :PCPN:    SNOW:  WIND      :SUNSHINE: SKY     :PK WND
================================================================================
1   2   3   4   5  6A  6B    7    8   9   10  11  12  13   14  15   16   17  18
                                     12Z  AVG MX 2MIN
DY MAX MIN AVG DEP HDD CDD  WTR  SNW DPTH SPD SPD DIR MIN PSBL S-S WX    SPD DR
================================================================================

 1  82  61  72  -1   0   7 0.00  0.0    0  7.4 18  50   M    M   2        22  10
 2  80  57  69  -4   0   4 0.00  0.0    0  5.8 16  60   M    M   2        21  30
 3  82  54  68  -5   0   3 0.00  0.0    0  2.4 13  80   M    M   3 12     17  90
 4  86  56  71  -1   0   6 0.00  0.0    0  2.9 13 200   M    M   3 12     19 130
 5  93  65  79   7   0  14 0.00  0.0    0  4.8 15 220   M    M   2 1      20 210
 6  94  76  85  13   0  20 0.00  0.0    0  6.9 16 250   M    M   1        21 250
 7  94  78  86  15   0  21 0.00  0.0    0  8.3 15 190   M    M   2        22 200
 8  82  67  75   4   0  10 0.35  0.0    0  4.6 21 290   M    M   6 123    26 290
 9  86  68  77   6   0  12 1.54  0.0    0  5.5 13 120   M    M   8 13     19 130
10  77  58  68  -2   0   3 1.56  0.0    0  7.8 24 300   M    M   4 13     32 300
11  79  54  67  -3   0   2 0.00  0.0    0  1.8  9 130   M    M   2 12     12 140
12  82  54  68  -2   0   3 0.00  0.0    0  3.7 13 170   M    M   1 1      18 170
13  89  59  74   5   0   9 0.00  0.0    0  2.0 13 260   M    M   3 1      16 250
14  86  66  76   7   0  11 0.00  0.0    0  3.5 12  80   M    M   3 1      15  40
15  88  67  78  10   0  13 0.62  0.0    0  2.6 36 100   M    M   3 138    50 110
16  78  68  73   5   0   8 1.11  0.0    0  3.7 13 280   M    M   6 13     16 190
17  82  65  74   7   0   9 0.00  0.0    0  4.2 12 300   M    M   6 1      14 290
18  83  59  71   4   0   6 0.00  0.0    0  0.7  7 340   M    M   2 12      8 340
19  87  56  72   5   0   7 0.00  0.0    0  2.4  9 170   M    M   1 12     14 230
20  91  67  79  13   0  14 0.00  0.0    0  2.3 13 190   M    M   2        17 190
21  88  66  77  11   0  12 0.00  0.0    0  2.5 10 210   M    M   2 12     14 150
22  88  61  75  10   0  10 0.00  0.0    0  2.2 10 200   M    M   0 1      16 230
23  91  62  77  12   0  12 0.00  0.0    0  1.4  8 220   M    M   1 12     10 280
24  90  65  78  13   0  13 0.00  0.0    0  1.0  8  80   M    M   1 1      13 180
25  89  63  76  12   0  11 0.20  0.0    0  5.7 21 320   M    M   3 123    27 320
26  75  51  63  -1   2   0 0.05  0.0    0  6.1 16 300   M    M   3 18     21 300
27  80  49  65   1   0   0 0.00  0.0    0  7.8 17 250   M    M   0 18     21 260
================================================================================
SM 2302 1672         2 240  5.43     0.0 110.0          M       72
================================================================================
AV 85.3 61.9                               4.1 FASTST   M    M   3    MAX(MPH)
                                 MISC ---->  # 36 100               # 50  110
================================================================================
NOTES:
# LAST OF SEVERAL OCCURRENCES

COLUMN 17 PEAK WIND IN M.P.H.

PRELIMINARY LOCAL CLIMATOLOGICAL DATA (WS FORM: F-6) , PAGE 2

                                          STATION:  SPIRIT OF ST LOUIS MO
                                          MONTH:    SEPTEMBER
                                          YEAR:     2016
                                          LATITUDE:   38 39 N
                                          LONGITUDE:  90 38 W

[TEMPERATURE DATA]      [PRECIPITATION DATA]       SYMBOLS USED IN COLUMN 16

AVERAGE MONTHLY: 73.6   TOTAL FOR MONTH:   5.43    1 = FOG OR MIST
DPTR FM NORMAL:   5.0   DPTR FM NORMAL:    2.41    2 = FOG REDUCING VISIBILITY
HIGHEST:    94 ON  7, 6 GRTST 24HR  2.51 ON  9-10      TO 1/4 MILE OR LESS
LOWEST:     49 ON 27                               3 = THUNDER
                        SNOW, ICE PELLETS, HAIL    4 = ICE PELLETS
                        TOTAL MONTH:   0.0 INCH    5 = HAIL
                        GRTST 24HR     0.0         6 = FREEZING RAIN OR DRIZZLE
                        GRTST DEPTH:   0           7 = DUSTSTORM OR SANDSTORM:
                                                       VSBY 1/2 MILE OR LESS
                                                   8 = SMOKE OR HAZE
[NO. OF DAYS WITH]      [WEATHER - DAYS WITH]      9 = BLOWING SNOW
                                                   X = TORNADO
MAX 32 OR BELOW:   0    0.01 INCH OR MORE:   7
MAX 90 OR ABOVE:   6    0.10 INCH OR MORE:   6
MIN 32 OR BELOW:   0    0.50 INCH OR MORE:   4
MIN  0 OR BELOW:   0    1.00 INCH OR MORE:   3

[HDD (BASE 65) ]
TOTAL THIS MO.     2    CLEAR  (SCALE 0-3)  20
DPTR FM NORMAL   -40    PTCLDY (SCALE 4-7)   7
TOTAL FM JUL 1     2    CLOUDY (SCALE 8-10)  0
DPTR FM NORMAL   -42

[CDD (BASE 65) ]
TOTAL THIS MO.   240
DPTR FM NORMAL   100    [PRESSURE DATA]
TOTAL FM JAN 1  1648    HIGHEST SLP M ON M
DPTR FM NORMAL   325    LOWEST  SLP 29.80 ON 27

[REMARKS]
