000
CXUS53 KLSX 251600
CF6SUS
PRELIMINARY LOCAL CLIMATOLOGICAL DATA (WS FORM: F-6)

                                          STATION:   SPIRIT OF ST LOUIS MO
                                          MONTH:     MAY
                                          YEAR:      2017
                                          LATITUDE:   38 39 N
                                          LONGITUDE:  90 38 W

  TEMPERATURE IN F:       :PCPN:    SNOW:  WIND      :SUNSHINE: SKY     :PK WND
================================================================================
1   2   3   4   5  6A  6B    7    8   9   10  11  12  13   14  15   16   17  18
                                     12Z  AVG MX 2MIN
DY MAX MIN AVG DEP HDD CDD  WTR  SNW DPTH SPD SPD DIR MIN PSBL S-S WX    SPD DR
================================================================================

 1  57  42  50 -11  15   0 0.02  0.0    0 12.9 26 250   M    M   7 1      37 230
 2  70  44  57  -4   8   0    T  0.0    0  8.5 24 310   M    M   4        32 300
 3  56  47  52 -10  13   0 1.95  0.0    0  8.8 20  60   M    M  10 1      24  60
 4  55  46  51 -11  14   0 0.96  0.0    0 13.7 21 360   M    M   8 1      29 350
 5  69  44  57  -5   8   0 0.00  0.0    0 10.5 25 360   M    M   1        37  20
 6  70  47  59  -3   6   0 0.00  0.0    0  9.2 21 360   M    M   2        26 330
 7  77  44  61  -2   4   0 0.00  0.0    0  2.4 12 310   M    M   0 1      15 320
 8  84  49  67   4   0   2 0.00  0.0    0  2.7 12 220   M    M   2        16 200
 9  87  59  73  10   0   8 0.00  0.0    0  8.9 18 230   M    M   1        23 250
10  85  60  73   9   0   8 0.16  0.0    0  5.9 24 310   M    M   5 13     35 320
11  72  60  66   2   0   1 0.23  0.0    0  6.0 16  40   M    M   8 18     19  40
12  74  53  64   0   1   0    T  0.0    0  7.9 17  40   M    M   5        23  20
13  81  49  65   1   0   0 0.00  0.0    0  1.2  9 310   M    M   1 1      13 310
14  84  52  68   3   0   3 0.00  0.0    0  4.9 17 240   M    M   1        24 200
15  87  54  71   6   0   6 0.00  0.0    0  4.5 14 170   M    M   2        20 160
16  87  64  76  11   0  11 0.00  0.0    0 10.2 21 200   M    M   2        31 200
17  81  72  77  11   0  12    T  0.0    0 11.7 24 180   M    M   3        36 200
18  89  69  79  13   0  14 0.00  0.0    0  8.1 16 220   M    M   3        23 180
19  83  57  70   4   0   5 0.44  0.0    0  9.6 31 260   M    M   6 138    42 250
20  79  57  68   1   0   3 0.86  0.0    0  6.9 21 290   M    M   9 13     25 280
21  70  51  61  -6   4   0 0.00  0.0    0  8.8 21 240   M    M   2        27 240
22  77  47  62  -5   3   0 0.00  0.0    0  2.6 14 160   M    M   4        17 170
23  67  55  61  -6   4   0 0.06  0.0    0  4.1 22 320   M    M   8 1      29 320
24  69  49  59  -9   6   0    T  0.0    0  7.9 17 310   M    M   5        22 300
================================================================================
SM 1810 1271        86  73  4.68     0.0 177.9          M       99
================================================================================
AV 75.4 53.0                               7.4 FASTST   M    M   4    MAX(MPH)
                                 MISC ---->  # 31 260               # 42  250
================================================================================
NOTES:
# LAST OF SEVERAL OCCURRENCES

COLUMN 17 PEAK WIND IN M.P.H.

PRELIMINARY LOCAL CLIMATOLOGICAL DATA (WS FORM: F-6) , PAGE 2

                                          STATION:  SPIRIT OF ST LOUIS MO
                                          MONTH:    MAY
                                          YEAR:     2017
                                          LATITUDE:   38 39 N
                                          LONGITUDE:  90 38 W

[TEMPERATURE DATA]      [PRECIPITATION DATA]       SYMBOLS USED IN COLUMN 16

AVERAGE MONTHLY: 64.2   TOTAL FOR MONTH:   4.68    1 = FOG OR MIST
DPTR FM NORMAL:  -0.1   DPTR FM NORMAL:    1.09    2 = FOG REDUCING VISIBILITY
HIGHEST:    89 ON 18    GRTST 24HR  1.95 ON  3- 3      TO 1/4 MILE OR LESS
LOWEST:     42 ON  1                               3 = THUNDER
                        SNOW, ICE PELLETS, HAIL    4 = ICE PELLETS
                        TOTAL MONTH:   0.0 INCH    5 = HAIL
                        GRTST 24HR     0.0         6 = FREEZING RAIN OR DRIZZLE
                        GRTST DEPTH:   0           7 = DUSTSTORM OR SANDSTORM:
                                                       VSBY 1/2 MILE OR LESS
                                                   8 = SMOKE OR HAZE
[NO. OF DAYS WITH]      [WEATHER - DAYS WITH]      9 = BLOWING SNOW
                                                   X = TORNADO
MAX 32 OR BELOW:   0    0.01 INCH OR MORE:   8
MAX 90 OR ABOVE:   0    0.10 INCH OR MORE:   6
MIN 32 OR BELOW:   0    0.50 INCH OR MORE:   3
MIN  0 OR BELOW:   0    1.00 INCH OR MORE:   1

[HDD (BASE 65) ]
TOTAL THIS MO.    86    CLEAR  (SCALE 0-3)  12
DPTR FM NORMAL     4    PTCLDY (SCALE 4-7)   9
TOTAL FM JUL 1  3802    CLOUDY (SCALE 8-10)  3
DPTR FM NORMAL  -956

[CDD (BASE 65) ]
TOTAL THIS MO.    73
DPTR FM NORMAL     6    [PRESSURE DATA]
TOTAL FM JAN 1   114    HIGHEST SLP M ON M
DPTR FM NORMAL    13    LOWEST  SLP 29.50 ON  1

[REMARKS]
