000
CXUS55 KFSD 220905
CF6SUX
PRELIMINARY LOCAL CLIMATOLOGICAL DATA (WS FORM: F-6)

                                          STATION:   SIOUX CITY IA
                                          MONTH:     DECEMBER
                                          YEAR:      2014
                                          LATITUDE:   42 24 N
                                          LONGITUDE:  96 23 W

  TEMPERATURE IN F:       :PCPN:    SNOW:  WIND      :SUNSHINE: SKY     :PK WND
================================================================================
1   2   3   4   5  6A  6B    7    8   9   10  11  12  13   14  15   16   17  18
                                     12Z  AVG MX 2MIN
DY MAX MIN AVG DEP HDD CDD  WTR  SNW DPTH SPD SPD DIR MIN PSBL S-S WX    SPD DR
================================================================================

 1  21   9  15 -12  50   0 0.00  0.0    0  8.5 18 160   M    M   1        23 160
 2  41  15  28   1  37   0 0.00  0.0    0  9.1 21 200   M    M   3        25 160
 3  35  21  28   2  37   0 0.00  0.0    0  7.2 15 330   M    M   1        19 320
 4  40  21  31   5  34   0 0.00  0.0    0 10.8 20 160   M    M   0        24 160
 5  43  28  36  11  29   0 0.00  0.0    0  7.7 14  10   M    M   7 128    18 350
 6  39  17  28   3  37   0 0.00  0.0    0  6.5 12 140   M    M   3 18     15 150
 7  39  30  35  10  30   0    T  0.0    0 12.2 22 180   M    M   9 18     28 190
 8  46  25  36  12  29   0 0.00  0.0    0 14.9 26 350   M    M   4 1      33 350
 9  31  20  26   2  39   0 0.00  0.0    0  6.7 13 340   M    M   6        15 330
10  34  20  27   3  38   0 0.00  0.0    0  8.7 16 160   M    M   7 1      19 140
11  41  31  36  13  29   0 0.00  0.0    0  9.6 17 200   M    M  10 18     21 200
12  55  36  46  23  19   0 0.00  0.0    0  9.9 20 200   M    M   8 1      23 200
13  56  40  48  25  17   0 0.00  0.0    0 11.0 18 190   M    M  10 18     24 190
14  56  40  48  26  17   0 0.05  0.0    0 11.6 18 160   M    M  10 1      23 160
15  40  25  33  11  32   0 0.44    T    0 18.9 33 340   M    M  10 1      40 340
16  26  15  21  -1  44   0    T    T    0 19.5 37 330   M    M   4 1      42 330
17  26   8  17  -5  48   0 0.00  0.0    0  4.4  8  70   M    M   3        10 350
18  31  25  28   6  37   0 0.00  0.0    0  6.2  9 160   M    M  10 1      11 130
19  35  30  33  12  32   0 0.00  0.0    0  9.2 17 190   M    M  10 18     22 200
20  34  32  33  12  32   0 0.00  0.0    0  9.8 16 170   M    M  10 1      21 150
21  43  33  38  17  27   0    T  0.0    0 12.7 23 200   M    M  10 12     28 190
================================================================================
SM  812  521       694   0  0.49    T    215.1          M      136
================================================================================
AV 38.7 24.8                              10.2 FASTST   M    M   6    MAX(MPH)
                                 MISC ---->  # 37 330               # 42  330
================================================================================
NOTES:
# LAST OF SEVERAL OCCURRENCES

COLUMN 17 PEAK WIND IN M.P.H.

PRELIMINARY LOCAL CLIMATOLOGICAL DATA (WS FORM: F-6) , PAGE 2

                                          STATION:  SIOUX CITY IA
                                          MONTH:    DECEMBER
                                          YEAR:     2014
                                          LATITUDE:   42 24 N
                                          LONGITUDE:  96 23 W

[TEMPERATURE DATA]      [PRECIPITATION DATA]       SYMBOLS USED IN COLUMN 16

AVERAGE MONTHLY: 31.7   TOTAL FOR MONTH:   0.49    1 = FOG OR MIST
DPTR FM NORMAL:   8.2   DPTR FM NORMAL:   -0.09    2 = FOG REDUCING VISIBILITY
HIGHEST:    56 ON 14,13 GRTST 24HR  0.49 ON 14-15      TO 1/4 MILE OR LESS
LOWEST:      8 ON 17                               3 = THUNDER
                        SNOW, ICE PELLETS, HAIL    4 = ICE PELLETS
                        TOTAL MONTH:    T          5 = HAIL
                        GRTST 24HR    T  ON 16-16  6 = FREEZING RAIN OR DRIZZLE
                        GRTST DEPTH:   0           7 = DUSTSTORM OR SANDSTORM:
                                                       VSBY 1/2 MILE OR LESS
                                                   8 = SMOKE OR HAZE
[NO. OF DAYS WITH]      [WEATHER - DAYS WITH]      9 = BLOWING SNOW
                                                   X = TORNADO
MAX 32 OR BELOW:   5    0.01 INCH OR MORE:   2
MAX 90 OR ABOVE:   0    0.10 INCH OR MORE:   1
MIN 32 OR BELOW:  17    0.50 INCH OR MORE:   0
MIN  0 OR BELOW:   0    1.00 INCH OR MORE:   0

[HDD (BASE 65) ]
TOTAL THIS MO.   694    CLEAR  (SCALE 0-3)   6
DPTR FM NORMAL  -176    PTCLDY (SCALE 4-7)   5
TOTAL FM JUL 1  2189    CLOUDY (SCALE 8-10) 10
DPTR FM NORMAL  -157

[CDD (BASE 65) ]
TOTAL THIS MO.     0
DPTR FM NORMAL     0    [PRESSURE DATA]
TOTAL FM JAN 1   862    HIGHEST SLP M ON M
DPTR FM NORMAL    -7    LOWEST  SLP 29.51 ON 21

[REMARKS]
