000
CXUS55 KFSD 170905
CF6SUX
PRELIMINARY LOCAL CLIMATOLOGICAL DATA (WS FORM: F-6)

                                          STATION:   SIOUX CITY IA
                                          MONTH:     APRIL
                                          YEAR:      2014
                                          LATITUDE:   42 24 N
                                          LONGITUDE:  96 23 W

  TEMPERATURE IN F:       :PCPN:    SNOW:  WIND      :SUNSHINE: SKY     :PK WND
================================================================================
1   2   3   4   5  6A  6B    7    8   9   10  11  12  13   14  15   16   17  18
                                     12Z  AVG MX 2MIN
DY MAX MIN AVG DEP HDD CDD  WTR  SNW DPTH SPD SPD DIR MIN PSBL S-S WX    SPD DR
================================================================================

 1  38  20  29 -15  36   0    T    T    0 13.3 35 330   M    M   4        46 310
 2  51  24  38  -6  27   0 0.01  0.0    0 10.9 24 100   M    M   5 1      29 110
 3  41  33  37  -7  28   0 0.59  3.0    0 12.5 26 340   M    M  10 1      32 330
 4  40  26  33 -12  32   0 0.04  0.5    4 15.8 32 330   M    M   8 1      39 330
 5  61  22  42  -3  23   0 0.00  0.0    M 11.2 24 180   M    M   0        30 170
 6  68  35  52   6  13   0 0.02  0.0    0  9.7 22 170   M    M   5 8      26 170
 7  66  36  51   5  14   0    T  0.0    0 11.3 30 320   M    M   4        34 320
 8  59  31  45  -1  20   0 0.00  0.0    0 13.2 24 320   M    M   1        31 360
 9  83  29  56   9   9   0 0.00  0.0    0 10.4 25 220   M    M   0        30 220
10  69  38  54   7  11   0 0.00  0.0    0 10.6 26  10   M    M   0        35  10
11  79  34  57   9   8   0 0.00  0.0    0  9.1 22 250   M    M   1        27 250
12  82  55  69  21   0   4    T  0.0    0 10.8 25  30   M    M   0        30  30
13  55  31  43  -6  22   0 0.21  1.8    0 24.4 37 350   M    M   9 12     47  10
14  44  24  34 -15  31   0    T    T    2 16.6 33 350   M    M   3        40 350
15  52  16  34 -15  31   0 0.00  0.0    0 11.0 24 160   M    M   0        29 170
16  61  34  48  -2  17   0    T    T    0 22.1 35 320   M    M   7        43 330
================================================================================
SM  949  488       322   4  0.87     5.3 212.9          M       57
================================================================================
AV 59.3 30.5                              13.3 FASTST   M    M   4    MAX(MPH)
                                 MISC ---->  # 37 350               # 47   10
================================================================================
NOTES:
# LAST OF SEVERAL OCCURRENCES

COLUMN 17 PEAK WIND IN M.P.H.

PRELIMINARY LOCAL CLIMATOLOGICAL DATA (WS FORM: F-6) , PAGE 2

                                          STATION:  SIOUX CITY IA
                                          MONTH:    APRIL
                                          YEAR:     2014
                                          LATITUDE:   42 24 N
                                          LONGITUDE:  96 23 W

[TEMPERATURE DATA]      [PRECIPITATION DATA]       SYMBOLS USED IN COLUMN 16

AVERAGE MONTHLY: 44.9   TOTAL FOR MONTH:   0.87    1 = FOG OR MIST
DPTR FM NORMAL:  -1.8   DPTR FM NORMAL:   -0.59    2 = FOG REDUCING VISIBILITY
HIGHEST:    83 ON  9    GRTST 24HR  0.63 ON  3- 4      TO 1/4 MILE OR LESS
LOWEST:     16 ON 15                               3 = THUNDER
                        SNOW, ICE PELLETS, HAIL    4 = ICE PELLETS
                        TOTAL MONTH:   5.3 INCHES  5 = HAIL
                        GRTST 24HR   3.0 ON  3- 3  6 = FREEZING RAIN OR DRIZZLE
                        GRTST DEPTH:   4 ON  4     7 = DUSTSTORM OR SANDSTORM:
                                                       VSBY 1/2 MILE OR LESS
                                                   8 = SMOKE OR HAZE
[NO. OF DAYS WITH]      [WEATHER - DAYS WITH]      9 = BLOWING SNOW
                                                   X = TORNADO
MAX 32 OR BELOW:   0    0.01 INCH OR MORE:   5
MAX 90 OR ABOVE:   0    0.10 INCH OR MORE:   2
MIN 32 OR BELOW:   9    0.50 INCH OR MORE:   1
MIN  0 OR BELOW:   0    1.00 INCH OR MORE:   0

[HDD (BASE 65) ]
TOTAL THIS MO.   322    CLEAR  (SCALE 0-3)   8
DPTR FM NORMAL    25    PTCLDY (SCALE 4-7)   5
TOTAL FM JUL 1  6906    CLOUDY (SCALE 8-10)  3
DPTR FM NORMAL   431

[CDD (BASE 65) ]
TOTAL THIS MO.     4
DPTR FM NORMAL     4    [PRESSURE DATA]
TOTAL FM JAN 1     4    HIGHEST SLP M ON M
DPTR FM NORMAL     4    LOWEST  SLP 29.52 ON 16

[REMARKS]
