000
CXUS55 KFSD 290905
CF6SUX
PRELIMINARY LOCAL CLIMATOLOGICAL DATA (WS FORM: F-6)

                                          STATION:   SIOUX CITY IA
                                          MONTH:     SEPTEMBER
                                          YEAR:      2016
                                          LATITUDE:   42 24 N
                                          LONGITUDE:  96 23 W

  TEMPERATURE IN F:       :PCPN:    SNOW:  WIND      :SUNSHINE: SKY     :PK WND
================================================================================
1   2   3   4   5  6A  6B    7    8   9   10  11  12  13   14  15   16   17  18
                                     12Z  AVG MX 2MIN
DY MAX MIN AVG DEP HDD CDD  WTR  SNW DPTH SPD SPD DIR MIN PSBL S-S WX    SPD DR
================================================================================

 1  81  55  68  -1   0   3 0.00  0.0    0  5.0 13  80   M    M   0 12     15  80
 2  77  54  66  -3   0   1 0.00  0.0    0  9.8 20 160   M    M   2        24 140
 3  79  59  69   1   0   4    T  0.0    0 12.5 23 180   M    M   3        30 170
 4  77  64  71   3   0   6 0.03  0.0    0 13.5 23 160   M    M   6 3      30 170
 5  87  70  79  11   0  14 0.03  0.0    0 11.8 22 180   M    M   8 3      28 170
 6  80  73  77  10   0  12 0.38  0.0    0  8.4 12 180   M    M   8 3       M  M
 7  79  67  73   6   0   8    T  0.0    0  6.8 17 140   M    M   4 3      25 140
 8  81  56  69   2   0   4 0.00  0.0    0  7.1  9 130   M    M   0         M  M
 9  71  54  63  -3   2   0 0.10  0.0    0 10.1 18 340   M    M   4 13     24 340
10  75  52  64  -2   1   0 0.00  0.0    0  8.9 17 320   M    M   0        24 320
11  81  50  66   0   0   1 0.00  0.0    0 12.5 26 190   M    M   0        33 190
12  78  59  69   4   0   4    T  0.0    0 10.8 20 360   M    M   4        24  20
13  64  56  60  -5   5   0    T  0.0    0 10.9 18  10   M    M   9 3      24  20
14  68  52  60  -4   5   0 0.00  0.0    0  6.4 10 140   M    M  10        14 100
15  80  63  72   8   0   7 0.50  0.0    0 10.6 22  90   M    M   9 13     27  80
16  78  57  68   5   0   3 0.26  0.0    0  8.7 24 120   M    M   4 13     30 120
17  79  52  66   3   0   1 0.00  0.0    0  6.0 10 340   M    M   2        16 310
18  85  54  70   8   0   5 0.00  0.0    0 11.5 26 200   M    M   0        35 190
19  87  56  72  10   0   7 0.00  0.0    0  5.3 21  50   M    M   0 12     33  60
20  90  54  72  10   0   7 0.00  0.0    0  9.7 22 160   M    M   0        27 190
21  93  72  83  22   0  18 0.00  0.0    0 11.9 24 180   M    M   0        32 180
22  83  69  76  15   0  11 0.25  0.0    0 12.4 25 110   M    M   6 3      34 260
23  91  68  80  20   0  15 0.00  0.0    0 12.4 23 150   M    M   2 18     30 140
24  87  67  77  17   0  12 1.23  0.0    0 11.5 26 170   M    M   4 13     37 170
25  71  49  60   1   5   0    T  0.0    0 13.3 31 310   M    M   3        40 310
26  75  45  60   1   5   0 0.00  0.0    0  9.2 25 320   M    M   0        36 310
27  77  45  61   3   4   0 0.00  0.0    0  7.1 21 320   M    M   0        25 310
28  66  44  55  -3  10   0 0.00  0.0    0  8.3 16  30   M    M   0        20  40
================================================================================
SM 2220 1616        37 143  2.78     0.0 272.4          M       88
================================================================================
AV 79.3 57.7                               9.7 FASTST   M    M   3    MAX(MPH)
                                 MISC ---->  # 31 310               # 40  310
================================================================================
NOTES:
# LAST OF SEVERAL OCCURRENCES

COLUMN 17 PEAK WIND IN M.P.H.

PRELIMINARY LOCAL CLIMATOLOGICAL DATA (WS FORM: F-6) , PAGE 2

                                          STATION:  SIOUX CITY IA
                                          MONTH:    SEPTEMBER
                                          YEAR:     2016
                                          LATITUDE:   42 24 N
                                          LONGITUDE:  96 23 W

[TEMPERATURE DATA]      [PRECIPITATION DATA]       SYMBOLS USED IN COLUMN 16

AVERAGE MONTHLY: 68.5   TOTAL FOR MONTH:   2.78    1 = FOG OR MIST
DPTR FM NORMAL:   4.7   DPTR FM NORMAL:    0.00    2 = FOG REDUCING VISIBILITY
HIGHEST:    93 ON 21    GRTST 24HR  1.23 ON 24-24      TO 1/4 MILE OR LESS
LOWEST:     44 ON 28                               3 = THUNDER
                        SNOW, ICE PELLETS, HAIL    4 = ICE PELLETS
                        TOTAL MONTH:   0.0 INCH    5 = HAIL
                        GRTST 24HR     0.0         6 = FREEZING RAIN OR DRIZZLE
                        GRTST DEPTH:   0           7 = DUSTSTORM OR SANDSTORM:
                                                       VSBY 1/2 MILE OR LESS
                                                   8 = SMOKE OR HAZE
[NO. OF DAYS WITH]      [WEATHER - DAYS WITH]      9 = BLOWING SNOW
                                                   X = TORNADO
MAX 32 OR BELOW:   0    0.01 INCH OR MORE:   8
MAX 90 OR ABOVE:   3    0.10 INCH OR MORE:   6
MIN 32 OR BELOW:   0    0.50 INCH OR MORE:   2
MIN  0 OR BELOW:   0    1.00 INCH OR MORE:   1

[HDD (BASE 65) ]
TOTAL THIS MO.    37    CLEAR  (SCALE 0-3)  16
DPTR FM NORMAL   -79    PTCLDY (SCALE 4-7)   9
TOTAL FM JUL 1    37    CLOUDY (SCALE 8-10)  3
DPTR FM NORMAL   -94

[CDD (BASE 65) ]
TOTAL THIS MO.   143
DPTR FM NORMAL    63    [PRESSURE DATA]
TOTAL FM JAN 1  1165    HIGHEST SLP M ON M
DPTR FM NORMAL   308    LOWEST  SLP 29.67 ON  4

[REMARKS]
