000
CXUS51 KBGM 260800
CF6SYR
PRELIMINARY LOCAL CLIMATOLOGICAL DATA (WS FORM: F-6)

                                          STATION:   SYRACUSE NY
                                          MONTH:     OCTOBER
                                          YEAR:      2014
                                          LATITUDE:   43  7 N
                                          LONGITUDE:  76  7 W

  TEMPERATURE IN F:       :PCPN:    SNOW:  WIND      :SUNSHINE: SKY     :PK WND
================================================================================
1   2   3   4   5  6A  6B    7    8   9   10  11  12  13   14  15   16   17  18
                                     12Z  AVG MX 2MIN
DY MAX MIN AVG DEP HDD CDD  WTR  SNW DPTH SPD SPD DIR MIN PSBL S-S WX    SPD DR
================================================================================

 1  75  55  65   9   0   0 0.00  0.0    0  5.7 10  70   M    M   6 1      14  60
 2  75  51  63   7   2   0 0.00  0.0    0  4.7 10 180   M    M   4        16 180
 3  75  54  65  10   0   0 0.03  0.0    0 12.1 25 160   M    M   6        34 170
 4  64  44  54  -1  11   0 0.57  0.0    0  8.2 22 130   M    M   8 1      29 130
 5  56  39  48  -6  17   0    T  0.0    0  8.3 16 240   M    M   6        20 250
 6  70  40  55   1  10   0    T  0.0    0 11.8 29 180   M    M   7        43 170
 7  71  57  64  10   1   0 0.07  0.0    0 12.0 22 200   M    M   9        28 210
 8  65  51  58   5   7   0 0.57  0.0    0 11.9 38 250   M    M   8 1      47 260
 9  63  45  54   1  11   0 0.00  0.0    0 12.7 29 250   M    M   6        36 270
10  60  41  51  -1  14   0 0.00  0.0    0  6.9 20 250   M    M   6        24 240
11  60  39  50  -2  15   0 0.00  0.0    0  4.4 16 290   M    M   7        21 300
12  61  33  47  -5  18   0 0.00  0.0    0  2.4 10  60   M    M   3        14  20
13  71  40  56   5   9   0    T  0.0    0  9.1 20 180   M    M   7        26 190
14  81  64  73  22   0   8 0.00  0.0    0 13.4 28 170   M    M   8        40 190
15  75  65  70  19   0   5 0.65  0.0    0  8.9 24 160   M    M  10 1      30 140
16  75  53  64  14   1   0 1.16  0.0    0  6.1 16 250   M    M   7 13     20 250
17  69  52  61  11   4   0    T  0.0    0 10.6 22 230   M    M   9        30 200
18  60  45  53   3  12   0 0.16  0.0    0 11.5 23 260   M    M   9 1      28 250
19  45  37  41  -9  24   0 0.05  0.0    0 11.7 23 300   M    M   8 1      29 300
20  56  37  47  -2  18   0 0.08  0.0    0  6.4 18 180   M    M   8        23 180
21  53  48  51   2  14   0 0.14  0.0    0  5.1  9 360   M    M  10 1      12  60
22  56  44  50   2  15   0 0.05  0.0    0  8.7 16 330   M    M  10 1      22 330
23  54  44  49   1  16   0 0.01  0.0    0 11.7 21 340   M    M   9        29 310
24  62  46  54   6  11   0    T  0.0    0  9.6 21 280   M    M   7        25 270
25  66  46  56   8   9   0 0.03  0.0    0 10.0 22 340   M    M   8 3      27 330
================================================================================
SM 1618 1170       239  13  3.57     0.0 223.9          M      186
================================================================================
AV 64.7 46.8                               9.0 FASTST   M    M   7    MAX(MPH)
                                 MISC ---->  # 38 250               # 47  260
================================================================================
NOTES:
# LAST OF SEVERAL OCCURRENCES

COLUMN 17 PEAK WIND IN M.P.H.

PRELIMINARY LOCAL CLIMATOLOGICAL DATA (WS FORM: F-6) , PAGE 2

                                          STATION:  SYRACUSE NY
                                          MONTH:    OCTOBER
                                          YEAR:     2014
                                          LATITUDE:   43  7 N
                                          LONGITUDE:  76  7 W

[TEMPERATURE DATA]      [PRECIPITATION DATA]       SYMBOLS USED IN COLUMN 16

AVERAGE MONTHLY: 55.8   TOTAL FOR MONTH:   3.57    1 = FOG OR MIST
DPTR FM NORMAL:   4.2   DPTR FM NORMAL:    0.80    2 = FOG REDUCING VISIBILITY
HIGHEST:    81 ON 14    GRTST 24HR  1.70 ON 15-16      TO 1/4 MILE OR LESS
LOWEST:     33 ON 12                               3 = THUNDER
                        SNOW, ICE PELLETS, HAIL    4 = ICE PELLETS
                        TOTAL MONTH:   0.0 INCH    5 = HAIL
                        GRTST 24HR     0.0         6 = FREEZING RAIN OR DRIZZLE
                        GRTST DEPTH:   0           7 = DUSTSTORM OR SANDSTORM:
                                                       VSBY 1/2 MILE OR LESS
                                                   8 = SMOKE OR HAZE
[NO. OF DAYS WITH]      [WEATHER - DAYS WITH]      9 = BLOWING SNOW
                                                   X = TORNADO
MAX 32 OR BELOW:   0    0.01 INCH OR MORE:  13
MAX 90 OR ABOVE:   0    0.10 INCH OR MORE:   6
MIN 32 OR BELOW:   0    0.50 INCH OR MORE:   4
MIN  0 OR BELOW:   0    1.00 INCH OR MORE:   1

[HDD (BASE 65) ]
TOTAL THIS MO.   239    CLEAR  (SCALE 0-3)   1
DPTR FM NORMAL  -102    PTCLDY (SCALE 4-7)  15
TOTAL FM JUL 1   353    CLOUDY (SCALE 8-10)  9
DPTR FM NORMAL  -155

[CDD (BASE 65) ]
TOTAL THIS MO.    13
DPTR FM NORMAL    13    [PRESSURE DATA]
TOTAL FM JAN 1   647    HIGHEST SLP M ON M
DPTR FM NORMAL    82    LOWEST  SLP 29.55 ON M

[REMARKS]
