000
CXUS51 KBGM 011843
CF6SYR
PRELIMINARY LOCAL CLIMATOLOGICAL DATA (WS FORM: F-6)

                                          STATION:   SYRACUSE NY
                                          MONTH:     JUNE
                                          YEAR:      2015
                                          LATITUDE:   43  7 N
                                          LONGITUDE:  76  7 W

  TEMPERATURE IN F:       :PCPN:    SNOW:  WIND      :SUNSHINE: SKY     :PK WND
================================================================================
1   2   3   4   5  6A  6B    7    8   9   10  11  12  13   14  15   16   17  18
                                     12Z  AVG MX 2MIN
DY MAX MIN AVG DEP HDD CDD  WTR  SNW DPTH SPD SPD DIR MIN PSBL S-S WX    SPD DR
================================================================================

 1  55  50  53  -9  12   0 0.45  0.0    0  7.3 18  70   M    M  10 1      24  90
 2  63  48  56  -7   9   0 0.01  0.0    0  4.7 12 330   M    M   9 1      15 340
 3  73  41  57  -6   8   0 0.00  0.0    0  3.8 12  30   M    M   4 1      14  40
 4  77  48  63  -1   2   0    T  0.0    0  7.4 16 160   M    M   6        21 160
 5  81  62  72   8   0   7 0.03  0.0    0  5.1 15 340   M    M   9 3      19 190
 6  68  47  58  -6   7   0 0.01  0.0    0 10.0 20 330   M    M   5        23 320
 7  81  43  62  -2   3   0    T  0.0    0 11.9 28 180   M    M   6        37 190
 8  75  66  71   6   0   6 0.45  0.0    0 12.6 29 260   M    M   9 13     39 250
 9  74  59  67   2   0   2 0.89  0.0    0  7.0 20 280   M    M   9 13     26 290
10  80  56  68   3   0   3 0.35  0.0    0  8.6 24 240   M    M   5 13     32 250
11  77  59  68   2   0   3 0.00  0.0    0  7.6 17 280   M    M   8 1      23 260
12  83  58  71   5   0   6 1.12  0.0    0  6.6 22 300   M    M   9 13     29 290
13  77  59  68   2   0   3    T  0.0    0  5.3 14 280   M    M   7 1      17 270
14  83  57  70   4   0   5 0.90  0.0    0  5.2 14 350   M    M   9 13     17 140
15  82  64  73   6   0   8 0.02  0.0    0  5.5 15 330   M    M   9 1      17 330
16  78  63  71   4   0   6 0.32  0.0    0  8.2 22 320   M    M   9 1      30 320
17  77  55  66  -1   0   1 0.00  0.0    0  4.2  9  90   M    M   7 1      12  60
18  81  61  71   3   0   6 0.00  0.0    0  8.5 14 170   M    M   9        20 220
19  73  52  63  -5   2   0 0.00  0.0    0  8.5 16 260   M    M   7        21 260
20  81  49  65  -3   0   0    T  0.0    0  6.7 17 170   M    M   7        21 190
21  79  65  72   4   0   7 0.83  0.0    0  6.6 16 280   M    M   7 1      21 280
22  82  60  71   2   0   6 0.00  0.0    0  6.6 15 270   M    M   6        20 260
23  85  62  74   5   0   9 0.08  0.0    0 13.7 33 300   M    M   8 13     45 290
24  76  57  67  -2   0   2 0.00  0.0    0  7.2 17 260   M    M   6        22 270
25  79  58  69   0   0   4    T  0.0    0  5.3 15 280   M    M   8        18 280
26  78  59  69  -1   0   4 0.00  0.0    0  4.6 14 310   M    M   8 8      19  10
27  69  55  62  -8   3   0 0.69  0.0    0 10.1 20  80   M    M  10 1      26  60
28  64  54  59 -11   6   0 1.06  0.0    0  8.8 17  80   M    M  10 1      23  70
29  71  57  64  -6   1   0 0.07  0.0    0  7.9 17 270   M    M   9 1      20 270
30  76  55  66  -4   0   1 2.64  0.0    0  8.0 22 200   M    M   9 13     28 210
================================================================================
SM 2278 1679        53  89  9.92     0.0 223.5          M      234
================================================================================
AV 75.9 56.0                               7.5 FASTST   M    M   8    MAX(MPH)
                                 MISC ---->  # 33 300               # 45  290
================================================================================
NOTES:
# LAST OF SEVERAL OCCURRENCES

COLUMN 17 PEAK WIND IN M.P.H.

PRELIMINARY LOCAL CLIMATOLOGICAL DATA (WS FORM: F-6) , PAGE 2

                                          STATION:  SYRACUSE NY
                                          MONTH:    JUNE
                                          YEAR:     2015
                                          LATITUDE:   43  7 N
                                          LONGITUDE:  76  7 W

[TEMPERATURE DATA]      [PRECIPITATION DATA]       SYMBOLS USED IN COLUMN 16

AVERAGE MONTHLY: 65.9   TOTAL FOR MONTH:   9.92    1 = FOG OR MIST
DPTR FM NORMAL:  -0.8   DPTR FM NORMAL:    6.61    2 = FOG REDUCING VISIBILITY
HIGHEST:    85 ON 23    GRTST 24HR  2.64 ON 30-30      TO 1/4 MILE OR LESS
LOWEST:     41 ON  3                               3 = THUNDER
                        SNOW, ICE PELLETS, HAIL    4 = ICE PELLETS
                        TOTAL MONTH:   0.0 INCH    5 = HAIL
                        GRTST 24HR     0.0         6 = FREEZING RAIN OR DRIZZLE
                        GRTST DEPTH:   0           7 = DUSTSTORM OR SANDSTORM:
                                                       VSBY 1/2 MILE OR LESS
                                                   8 = SMOKE OR HAZE
[NO. OF DAYS WITH]      [WEATHER - DAYS WITH]      9 = BLOWING SNOW
                                                   X = TORNADO
MAX 32 OR BELOW:   0    0.01 INCH OR MORE:  17
MAX 90 OR ABOVE:   0    0.10 INCH OR MORE:  11
MIN 32 OR BELOW:   0    0.50 INCH OR MORE:   7
MIN  0 OR BELOW:   0    1.00 INCH OR MORE:   3

[HDD (BASE 65) ]
TOTAL THIS MO.    53    CLEAR  (SCALE 0-3)   0
DPTR FM NORMAL    -8    PTCLDY (SCALE 4-7)  15
TOTAL FM JUL 1  7121    CLOUDY (SCALE 8-10) 15
DPTR FM NORMAL   470

[CDD (BASE 65) ]
TOTAL THIS MO.    89
DPTR FM NORMAL   -24    [PRESSURE DATA]
TOTAL FM JAN 1   194    HIGHEST SLP 30.25 ON  3
DPTR FM NORMAL    51    LOWEST  SLP 29.55 ON  9

[REMARKS]
#FINAL-06-15#
