000
CXUS51 KBGM 270800
CF6SYR
PRELIMINARY LOCAL CLIMATOLOGICAL DATA (WS FORM: F-6)

                                          STATION:   SYRACUSE NY
                                          MONTH:     FEBRUARY
                                          YEAR:      2017
                                          LATITUDE:   43  7 N
                                          LONGITUDE:  76  7 W

  TEMPERATURE IN F:       :PCPN:    SNOW:  WIND      :SUNSHINE: SKY     :PK WND
================================================================================
1   2   3   4   5  6A  6B    7    8   9   10  11  12  13   14  15   16   17  18
                                     12Z  AVG MX 2MIN
DY MAX MIN AVG DEP HDD CDD  WTR  SNW DPTH SPD SPD DIR MIN PSBL S-S WX    SPD DR
================================================================================

 1  36  23  30   6  35   0 0.08  1.4    2 13.9 26 250   M    M   9 19     37 250
 2  29  20  25   1  40   0 0.10  2.2    2 12.1 29 250   M    M   9 1      38 240
 3  23  17  20  -4  45   0    T    T    3 18.5 28 240   M    M   7        32 240
 4  27  15  21  -3  44   0 0.11  3.5    5 12.5 28 250   M    M   8 189    34 260
 5  33  17  25   1  40   0 0.01  0.4    4 10.1 25 250   M    M   9 1      32 230
 6  30  22  26   2  39   0 0.01  0.2    4  6.1 22 310   M    M  10        28 310
 7  48  27  38  14  27   0 0.61  0.0    3 12.6 29 180   M    M  10 16     36 180
 8  52  26  39  14  26   0 0.04  0.0    T 13.7 31 260   M    M   9 1      39 280
 9  26  11  19  -6  46   0 0.16  3.6    1 12.5 24 300   M    M   9 12     29 300
10  26  15  21  -4  44   0 0.09  1.9    4  8.6 23 300   M    M  10 18     29 300
11  37  25  31   6  34   0    T  0.1    3  3.9 12 290   M    M  10        14 140
12  34  27  31   6  34   0 0.57  5.5    2  8.1 25 280   M    M  10 1469   33 270
13  32  24  28   3  37   0 0.25  7.3   12 14.9 30 270   M    M  10 19     39 270
14  40  23  32   6  33   0    T  0.0   12  6.7 15 260   M    M   8        17 270
15  38  26  32   6  33   0 0.25  1.0    8 11.2 24 270   M    M  10 129    30 270
16  26  21  24  -2  41   0 0.01  4.8   11 14.7 22 270   M    M  10 19     27 260
17  30  18  24  -2  41   0 0.01  0.5   12  7.2 17 290   M    M   9 18     22 310
18  57  18  38  12  27   0 0.00  0.0   10  7.7 25 260   M    M   3        34 260
19  52  34  43  16  22   0 0.00  0.0    7 11.3 24 300   M    M   2        34 290
20  37  23  30   3  35   0 0.00  0.0    4  7.7 16 320   M    M   2        20 310
21  47  21  34   7  31   0 0.03  0.0    2  8.6 16 150   M    M   9        20 120
22  60  34  47  20  18   0 0.00  0.0    0  4.1  7  80   M    M   8         M  M
23  69  42  56  28   9   0 0.00  0.0    0  9.5 24 230   M    M   7        30 200
24  71  38  55  27  10   0 0.74  0.0    0  7.3 28 180   M    M   9 13     34 180
25  68  31  50  22  15   0 0.48  0.1    0 15.2 29 180   M    M   8 13     39 180
26  34  27  31   3  34   0    T  0.2    0 14.5 29 270   M    M   8 1      37 280
================================================================================
SM 1062  625       840   0  3.55    32.7 273.2          M      213
================================================================================
AV 40.9 24.0                              10.5 FASTST   M    M   8    MAX(MPH)
                                 MISC ---->  # 31 260               # 39  280
================================================================================
NOTES:
# LAST OF SEVERAL OCCURRENCES

COLUMN 17 PEAK WIND IN M.P.H.

PRELIMINARY LOCAL CLIMATOLOGICAL DATA (WS FORM: F-6) , PAGE 2

                                          STATION:  SYRACUSE NY
                                          MONTH:    FEBRUARY
                                          YEAR:     2017
                                          LATITUDE:   43  7 N
                                          LONGITUDE:  76  7 W

[TEMPERATURE DATA]      [PRECIPITATION DATA]       SYMBOLS USED IN COLUMN 16

AVERAGE MONTHLY: 32.4   TOTAL FOR MONTH:   3.55    1 = FOG OR MIST
DPTR FM NORMAL:   6.7   DPTR FM NORMAL:    1.65    2 = FOG REDUCING VISIBILITY
HIGHEST:    71 ON 24    GRTST 24HR  0.78 ON 12-13      TO 1/4 MILE OR LESS
LOWEST:     11 ON  9                               3 = THUNDER
                        SNOW, ICE PELLETS, HAIL    4 = ICE PELLETS
                        TOTAL MONTH:  32.7 INCHES  5 = HAIL
                        GRTST 24HR   7.3 ON   M    6 = FREEZING RAIN OR DRIZZLE
                        GRTST DEPTH:  12 ON 17,14  7 = DUSTSTORM OR SANDSTORM:
                                                       VSBY 1/2 MILE OR LESS
                                                   8 = SMOKE OR HAZE
[NO. OF DAYS WITH]      [WEATHER - DAYS WITH]      9 = BLOWING SNOW
                                                   X = TORNADO
MAX 32 OR BELOW:   9    0.01 INCH OR MORE:  17
MAX 90 OR ABOVE:   0    0.10 INCH OR MORE:   9
MIN 32 OR BELOW:  22    0.50 INCH OR MORE:   3
MIN  0 OR BELOW:   0    1.00 INCH OR MORE:   0

[HDD (BASE 65) ]
TOTAL THIS MO.   840    CLEAR  (SCALE 0-3)   3
DPTR FM NORMAL  -182    PTCLDY (SCALE 4-7)   5
TOTAL FM JUL 1  4227    CLOUDY (SCALE 8-10) 18
DPTR FM NORMAL  -531

[CDD (BASE 65) ]
TOTAL THIS MO.     0
DPTR FM NORMAL     0    [PRESSURE DATA]
TOTAL FM JAN 1     0    HIGHEST SLP M ON M
DPTR FM NORMAL     0    LOWEST  SLP 29.33 ON 25

[REMARKS]
