000
CXUS54 KEWX 280910
CF6T82
PRELIMINARY LOCAL CLIMATOLOGICAL DATA (WS FORM: F-6)

                                          STATION:   FREDERICKSBURG
                                          MONTH:     APRIL
                                          YEAR:      2017
                                          LATITUDE:   30 15 N
                                          LONGITUDE:  98 55 W

  TEMPERATURE IN F:       :PCPN:    SNOW:  WIND      :SUNSHINE: SKY     :PK WND
================================================================================
1   2   3   4   5  6A  6B    7    8   9   10  11  12  13   14  15   16   17  18
                                     12Z  AVG MX 2MIN
DY MAX MIN AVG DEP HDD CDD  WTR  SNW DPTH SPD SPD DIR MIN PSBL S-S WX    SPD DR
================================================================================

 1  80  61  71   M   0   6 0.00    M    M  9.3 13 170   M    M   6        20 160
 2  69  54  62   M   3   0 0.67    M    M  9.1 24  20   M    M  10 3      31 290
 3  82  42  62   M   3   0 0.00    M    M  7.5 17 320   M    M   1 1      22 240
 4  85  50  68   M   0   3 0.00    M    M  7.1 23 200   M    M   0        32 200
 5  81  46  64   M   1   0 0.00    M    M 12.5 21 360   M    M   0        30 350
 6  74  37  56   M   9   0 0.00    M    M  4.0 13 350   M    M   0         M  M
 7  75  41  58   M   7   0 0.00    M    M  5.5 17 180   M    M   0        24 180
 8  78  57  68   M   0   3 0.00    M    M 11.1 20 190   M    M   3        23 190
 9  78  64  71   M   0   6 0.00    M    M 13.1 20 200   M    M   8 1      25 200
10  78  68  73   M   0   8 0.04    M    M  7.6 16 170   M    M   9        22 170
11  74  60  67   M   0   2 0.00    M    M  6.6 14  40   M    M   8 13     21 180
12  73  58  66   M   0   1 0.00    M    M  4.9  8  80   M    M  10 1       M  M
13  77  63  70   M   0   5 0.00    M    M  6.5 14 170   M    M   9 1      18 170
14  75  61  68   M   0   3 0.45    M    M  7.2 16 190   M    M   9        23 190
15  79  65  72   M   0   7 0.00    M    M  9.0 14 180   M    M   8        22 180
16  77  65  71   M   0   6 0.00    M    M  9.2 14 190   M    M   8        18 180
17  74  56  65   M   0   0 0.05    M    M  3.0 12 160   M    M   6 3       M  M
18  79  50  65   M   0   0 0.00    M    M  2.5  8  80   M    M   2         M  M
19  80  63  72   M   0   7 0.00    M    M  4.0  9 190   M    M   7        16 150
20  82  64  73   M   0   8 0.00    M    M  8.0 13 180   M    M   5        18 180
21  83  67  75   M   0  10 0.00    M    M 11.7 20 190   M    M   6        27 190
22  81  54  68   M   0   3 0.05    M    M  9.3 16 360   M    M   7 1      23 360
23  71  44  58   M   7   0 0.00    M    M  8.8 16  10   M    M   3        22  40
24  79  40  60   M   5   0 0.00    M    M  5.8 17 210   M    M   0        22 210
25  85  59  72   M   0   7 0.00    M    M  9.4 15 220   M    M   3        22 220
26  84  67  76   M   0  11 0.00    M    M 11.7 27 310   M    M   4        33 310
27  83  43  63   M   2   0 0.00  0.0    0  8.4 20 210   M    M   0        24 210
================================================================================
SM 2116 1499        37  96  1.26     0.0 212.8          M      132
================================================================================
AV 78.4 55.5                               7.9 FASTST   M    M   5    MAX(MPH)
                                 MISC ---->  # 27 310               # 33  310
================================================================================
NOTES:
# LAST OF SEVERAL OCCURRENCES

COLUMN 17 PEAK WIND IN M.P.H.

PRELIMINARY LOCAL CLIMATOLOGICAL DATA (WS FORM: F-6) , PAGE 2

                                          STATION:  FREDERICKSBURG
                                          MONTH:    APRIL
                                          YEAR:     2017
                                          LATITUDE:   30 15 N
                                          LONGITUDE:  98 55 W

[TEMPERATURE DATA]      [PRECIPITATION DATA]       SYMBOLS USED IN COLUMN 16

AVERAGE MONTHLY: 66.9   TOTAL FOR MONTH:   1.26    1 = FOG OR MIST
DPTR FM NORMAL:     M   DPTR FM NORMAL:       M    2 = FOG REDUCING VISIBILITY
HIGHEST:    85 ON 25, 4 GRTST 24HR  0.67 ON  2- 2      TO 1/4 MILE OR LESS
LOWEST:     37 ON  6                               3 = THUNDER
                        SNOW, ICE PELLETS, HAIL    4 = ICE PELLETS
                        TOTAL MONTH:   0.0 INCH    5 = HAIL
                        GRTST 24HR     0.0         6 = FREEZING RAIN OR DRIZZLE
                        GRTST DEPTH:   0           7 = DUSTSTORM OR SANDSTORM:
                                                       VSBY 1/2 MILE OR LESS
                                                   8 = SMOKE OR HAZE
[NO. OF DAYS WITH]      [WEATHER - DAYS WITH]      9 = BLOWING SNOW
                                                   X = TORNADO
MAX 32 OR BELOW:   0    0.01 INCH OR MORE:   5
MAX 90 OR ABOVE:   0    0.10 INCH OR MORE:   2
MIN 32 OR BELOW:   0    0.50 INCH OR MORE:   1
MIN  0 OR BELOW:   0    1.00 INCH OR MORE:   0

[HDD (BASE 65) ]
TOTAL THIS MO.    37    CLEAR  (SCALE 0-3)  10
DPTR FM NORMAL     M    PTCLDY (SCALE 4-7)  10
TOTAL FM JUL 1  1312    CLOUDY (SCALE 8-10)  7
DPTR FM NORMAL     M

[CDD (BASE 65) ]
TOTAL THIS MO.    96
DPTR FM NORMAL     M    [PRESSURE DATA]
TOTAL FM JAN 1   173    HIGHEST SLP M ON M
DPTR FM NORMAL     M    LOWEST  SLP M ON M

[REMARKS]
