000
CXUS54 KEWX 010910
CF6T82
PRELIMINARY LOCAL CLIMATOLOGICAL DATA (WS FORM: F-6)

                                          STATION:   FREDERICKSBURG
                                          MONTH:     SEPTEMBER
                                          YEAR:      2014
                                          LATITUDE:   30 15 N
                                          LONGITUDE:  98 55 W

  TEMPERATURE IN F:       :PCPN:    SNOW:  WIND      :SUNSHINE: SKY     :PK WND
================================================================================
1   2   3   4   5  6A  6B    7    8   9   10  11  12  13   14  15   16   17  18
                                     12Z  AVG MX 2MIN
DY MAX MIN AVG DEP HDD CDD  WTR  SNW DPTH SPD SPD DIR MIN PSBL S-S WX    SPD DR
================================================================================

 1  94  74  84   M   0  19 0.00    M    M 10.8 16 180   M    M   4        23 180
 2  94  74  84   M   0  19 0.00    M    M  9.6 15 190   M    M   4        23 200
 3  91  73  82   M   0  17 0.22    M    M  8.6 17 230   M    M   6 3      27 190
 4  86  71  79   M   0  14 0.00    M    M  6.1 16 190   M    M   4 3       M  M
 5  90  72  81   M   0  16 0.10    M    M  5.9 12 190   M    M   6        18 150
 6  91  72  82   M   0  17 0.00    M    M  3.1  9 200   M    M   4 3       M  M
 7  90  67  79   M   0  14 1.30    M    M  4.4 15  50   M    M   8 3       M  M
 8  89  69  79   M   0  14 0.00    M    M  2.8 12 180   M    M   2 1       M  M
 9  91  71  81   M   0  16 0.00    M    M  4.6 14 220   M    M   1        17 170
10  92  73  83   M   0  18 0.00    M    M  8.4 15 210   M    M   2        20 200
11  92  73  83   M   0  18 0.00    M    M  5.0  9 220   M    M   3         M  M
12  90  69  80   M   0  15 0.00    M    M  4.6 20  10   M    M   4        25  10
13  75  56  66   M   0   1 0.34    M    M 11.3 18  10   M    M  10        25  10
14  77  61  69   M   0   4 0.00    M    M  3.6  7  70   M    M   9         M  M
15  84  65  75   M   0  10 0.00    M    M  0.8  5 130   M    M   3 1       M  M
16  89  68  79   M   0  14 0.00    M    M  2.1  8 110   M    M   2 1       M  M
17  87  70  79   M   0  14 0.70    M    M  2.8 10  70   M    M   7 13     16  80
18  88  70  79   M   0  14 0.00    M    M  3.5 10 160   M    M   7 3       M  M
19  78  69  74   M   0   9 1.79    M    M  4.5 14  70   M    M   8 13     20  70
20  84  71  78   M   0  13 0.00    M    M  1.9  7  80   M    M   8 1       M  M
21  86  70  78   M   0  13 0.00    M    M  2.8 10  80   M    M   6         M  M
22  85  63  74   M   0   9 0.00    M    M  2.6  7  90   M    M   0         M  M
23  82  65  74   M   0   9 0.00    M    M  3.5  7 100   M    M   2         M  M
24  81  56  69   M   0   4 0.00    M    M  2.2  6  80   M    M   0         M  M
25  81  56  69   M   0   4 0.00    M    M  2.2 10  90   M    M   1        17  90
26  78  59  69   M   0   4 0.28    M    M  2.3  8  90   M    M   5         M  M
27  76  62  69   M   0   4 0.02    M    M  2.8  9  80   M    M   8 13      M  M
28  80  58  69   M   0   4 0.00    M    M  2.5  8  90   M    M   4 1       M  M
29  83  61  72   M   0   7 0.00    M    M  1.2  6  90   M    M   2         M  M
30  85  59  72   M   0   7 0.00    M    M  2.8  9 170   M    M   1         M  M
================================================================================
SM 2569 1997         0 341  4.75    M    129.3          M      131
================================================================================
AV 85.6 66.6                               4.3 FASTST   M    M   4    MAX(MPH)
                                 MISC ---->    20   M               # 27  190
================================================================================
NOTES:
# LAST OF SEVERAL OCCURRENCES

COLUMN 17 PEAK WIND IN M.P.H.

PRELIMINARY LOCAL CLIMATOLOGICAL DATA (WS FORM: F-6) , PAGE 2

                                          STATION:  FREDERICKSBURG
                                          MONTH:    SEPTEMBER
                                          YEAR:     2014
                                          LATITUDE:   30 15 N
                                          LONGITUDE:  98 55 W

[TEMPERATURE DATA]      [PRECIPITATION DATA]       SYMBOLS USED IN COLUMN 16

AVERAGE MONTHLY: 76.1   TOTAL FOR MONTH:   4.75    1 = FOG OR MIST
DPTR FM NORMAL:     M   DPTR FM NORMAL:       M    2 = FOG REDUCING VISIBILITY
HIGHEST:    94 ON  2, 1 GRTST 24HR  1.79 ON 19-19      TO 1/4 MILE OR LESS
LOWEST:     56 ON 25,24                            3 = THUNDER
                        SNOW, ICE PELLETS, HAIL    4 = ICE PELLETS
                        TOTAL MONTH:    M          5 = HAIL
                        GRTST 24HR    M  ON   M    6 = FREEZING RAIN OR DRIZZLE
                        GRTST DEPTH:  M  ON   M    7 = DUSTSTORM OR SANDSTORM:
                                                       VSBY 1/2 MILE OR LESS
                                                   8 = SMOKE OR HAZE
[NO. OF DAYS WITH]      [WEATHER - DAYS WITH]      9 = BLOWING SNOW
                                                   X = TORNADO
MAX 32 OR BELOW:   0    0.01 INCH OR MORE:   8
MAX 90 OR ABOVE:  10    0.10 INCH OR MORE:   7
MIN 32 OR BELOW:   0    0.50 INCH OR MORE:   3
MIN  0 OR BELOW:   0    1.00 INCH OR MORE:   2

[HDD (BASE 65) ]
TOTAL THIS MO.     0    CLEAR  (SCALE 0-3)  12
DPTR FM NORMAL     M    PTCLDY (SCALE 4-7)  16
TOTAL FM JUL 1     0    CLOUDY (SCALE 8-10)  2
DPTR FM NORMAL     M

[CDD (BASE 65) ]
TOTAL THIS MO.   341
DPTR FM NORMAL     M    [PRESSURE DATA]
TOTAL FM JAN 1  2203    HIGHEST SLP M ON M
DPTR FM NORMAL     M    LOWEST  SLP M ON M

[REMARKS]
#FINAL-09-14#
