000
CXUS54 KEWX 300910
CF6T82
PRELIMINARY LOCAL CLIMATOLOGICAL DATA (WS FORM: F-6)

                                          STATION:   FREDERICKSBURG
                                          MONTH:     JULY
                                          YEAR:      2014
                                          LATITUDE:   30 15 N
                                          LONGITUDE:  98 55 W

  TEMPERATURE IN F:       :PCPN:    SNOW:  WIND      :SUNSHINE: SKY     :PK WND
================================================================================
1   2   3   4   5  6A  6B    7    8   9   10  11  12  13   14  15   16   17  18
                                     12Z  AVG MX 2MIN
DY MAX MIN AVG DEP HDD CDD  WTR  SNW DPTH SPD SPD DIR MIN PSBL S-S WX    SPD DR
================================================================================

 1  92  70  81   M   0  16 0.00    M    M 11.1 17 170   M    M   0        25 160
 2  93  65  79   M   0  14 0.00    M    M  5.1 13 150   M    M   1        17 150
 3  93  67  80   M   0  15 0.00    M    M  2.6  7 120   M    M   1 8       M  M
 4  92  65  79   M   0  14 0.00    M    M  5.3 13  80   M    M   2        20  80
 5  90  67  79   M   0  14 0.00    M    M  5.0 14 140   M    M   4        21 140
 6  92  69  81   M   0  16 0.00    M    M  6.1 12 190   M    M   4        17 150
 7  93  72  83   M   0  18 0.00    M    M  7.2 14 220   M    M   1        22 170
 8  93  70  82   M   0  17 0.00    M    M  7.7 14 170   M    M   1        20 170
 9  93  66  80   M   0  15 0.00    M    M  7.6 15 200   M    M   2        22 200
10  91  66  79   M   0  14 0.00    M    M  7.2 15 180   M    M   3        21 170
11  91  69  80   M   0  15 0.00    M    M  8.2 20 170   M    M   5        23 170
12  93  65  79   M   0  14 0.00    M    M  6.8 14 180   M    M   1        20 150
13  95  65  80   M   0  15 0.00    M    M  3.9  9 200   M    M   1        17 170
14  98  69  84   M   0  19 0.00    M    M  4.3 12 220   M    M   0         M  M
15  95  73  84   M   0  19 0.02    M    M  5.2 15 200   M    M   4        21 230
16  92  69  81   M   0  16 0.15    M    M  4.5 15 220   M    M   4        21 220
17  90  73  82   M   0  17 0.03    M    M  8.0 12 190   M    M   5 3      18 160
18  78  71  75   M   0  10 0.18    M    M  4.9  9  30   M    M   9 13      M  M
19  86  69  78   M   0  13 0.00    M    M  2.2  8 160   M    M  10         M  M
20  93  71  82   M   0  17 0.00    M    M  4.3 12 170   M    M   6 1      16 140
21  95  73  84   M   0  19 0.00    M    M  4.6  8 110   M    M   4 1       M  M
22  96  71  84   M   0  19 0.00    M    M  3.0 10 150   M    M   1         M  M
23  96  68  82   M   0  17 0.00    M    M  2.1 12  70   M    M   1         M  M
24  94  73  84   M   0  19 0.03    M    M  4.0 10  60   M    M   2         M  M
25  94  69  82   M   0  17 0.00    M    M  3.8 12 170   M    M   3         M  M
26  96  70  83   M   0  18 0.00    M    M  7.4 16 170   M    M   1        21 210
27  97  71  84   M   0  19 0.00    M    M  7.5 14 190   M    M   1        18 180
28  97  70  84   M   0  19 0.00    M    M  4.9 12 180   M    M   0         M  M
29  98  68  83   M   0  18 0.00    M    M  3.2  9 150   M    M   1         M  M
================================================================================
SM 2696 2004         0 473  0.41    M    157.7          M       78
================================================================================
AV 93.0 69.1                               5.4 FASTST   M    M   3    MAX(MPH)
                                 MISC ---->    20   M                 25    M
================================================================================
NOTES:
# LAST OF SEVERAL OCCURRENCES

COLUMN 17 PEAK WIND IN M.P.H.

PRELIMINARY LOCAL CLIMATOLOGICAL DATA (WS FORM: F-6) , PAGE 2

                                          STATION:  FREDERICKSBURG
                                          MONTH:    JULY
                                          YEAR:     2014
                                          LATITUDE:   30 15 N
                                          LONGITUDE:  98 55 W

[TEMPERATURE DATA]      [PRECIPITATION DATA]       SYMBOLS USED IN COLUMN 16

AVERAGE MONTHLY: 81.0   TOTAL FOR MONTH:   0.41    1 = FOG OR MIST
DPTR FM NORMAL:     M   DPTR FM NORMAL:       M    2 = FOG REDUCING VISIBILITY
HIGHEST:    98 ON 29,14 GRTST 24HR  0.18 ON 18-18      TO 1/4 MILE OR LESS
LOWEST:     65 ON 13,12                            3 = THUNDER
                        SNOW, ICE PELLETS, HAIL    4 = ICE PELLETS
                        TOTAL MONTH:    M          5 = HAIL
                        GRTST 24HR    M  ON   M    6 = FREEZING RAIN OR DRIZZLE
                        GRTST DEPTH:  M  ON   M    7 = DUSTSTORM OR SANDSTORM:
                                                       VSBY 1/2 MILE OR LESS
                                                   8 = SMOKE OR HAZE
[NO. OF DAYS WITH]      [WEATHER - DAYS WITH]      9 = BLOWING SNOW
                                                   X = TORNADO
MAX 32 OR BELOW:   0    0.01 INCH OR MORE:   5
MAX 90 OR ABOVE:  27    0.10 INCH OR MORE:   2
MIN 32 OR BELOW:   0    0.50 INCH OR MORE:   0
MIN  0 OR BELOW:   0    1.00 INCH OR MORE:   0

[HDD (BASE 65) ]
TOTAL THIS MO.     0    CLEAR  (SCALE 0-3)  19
DPTR FM NORMAL     M    PTCLDY (SCALE 4-7)   8
TOTAL FM JUL 1     0    CLOUDY (SCALE 8-10)  2
DPTR FM NORMAL     M

[CDD (BASE 65) ]
TOTAL THIS MO.   473
DPTR FM NORMAL     M    [PRESSURE DATA]
TOTAL FM JAN 1  1280    HIGHEST SLP M ON M
DPTR FM NORMAL     M    LOWEST  SLP M ON M

[REMARKS]
