000
CXUS55 KPUB 172258
CF6TAD
PRELIMINARY LOCAL CLIMATOLOGICAL DATA (WS FORM: F-6)

                                          STATION:   TRINIDAD CO
                                          MONTH:     JANUARY
                                          YEAR:      2017
                                          LATITUDE:   37 16 N
                                          LONGITUDE: 104 20 W

  TEMPERATURE IN F:       :PCPN:    SNOW:  WIND      :SUNSHINE: SKY     :PK WND
================================================================================
1   2   3   4   5  6A  6B    7    8   9   10  11  12  13   14  15   16   17  18
                                     12Z  AVG MX 2MIN
DY MAX MIN AVG DEP HDD CDD  WTR  SNW DPTH SPD SPD DIR MIN PSBL S-S WX    SPD DR
================================================================================

 1  54  23  39   7  26   0 0.00  0.0    0  9.7 21 250   M    M   0        22 250
 2  53  19  36   4  29   0 0.00  0.0    0  8.3 18 250   M    M   0 1      21 250
 3  24  12  18 -14  47   0 0.00  0.0    0  4.2 12  50   M    M   7 128    13  60
 4  56   8  32   0  33   0 0.00  0.0    0 13.1 46 250   M    M   1 18     57 240
 5  11   3   7 -25  58   0 0.26    M    0  6.7 15 200   M    M   9 128    17 200
 6  15  -6   5 -27  60   0 0.20    M    0  5.3 16 250   M    M   4 128    18 250
 7  30  -5  13 -19  52   0 0.00  0.0    0  9.7 21 260   M    M   0        23 250
 8  48  13  31  -1  34   0 0.00  0.0    0  8.0 16 260   M    M   0        19 290
 9  61  31  46  14  19   0 0.00  0.0    M 17.1 55 250   M    M   0        74 250
10  54  35  45  13  20   0 0.00  0.0    0 19.1 36 260   M    M   0        47 250
11  60  40  50  18  15   0 0.00  0.0    0 27.3 46 260   M    M   0        59 270
12  57  20  39   7  26   0 0.00  0.0    0 10.0 30 260   M    M   0 18     37 270
13  38  19  29  -3  36   0 0.00  0.0    0  3.2  8 110   M    M   4 128    11 110
14  42  24  33   1  32   0 0.00  0.0    0  3.2  9 340   M    M   7 18     10 340
15  34  30  32   0  33   0 0.40    M    M  1.9  8 320   M    M  10 128     9 290
16  32  30  31  -1  34   0 0.53    M    M  7.4 15 350   M    M  10 12     20 350
================================================================================
SM  669  296       554   0  1.39     0.0 154.2          M       52
================================================================================
AV 41.8 18.5                               9.6 FASTST   M    M   3    MAX(MPH)
                                 MISC ---->  # 55 250               # 74  250
================================================================================
NOTES:
# LAST OF SEVERAL OCCURRENCES

COLUMN 17 PEAK WIND IN M.P.H.

PRELIMINARY LOCAL CLIMATOLOGICAL DATA (WS FORM: F-6) , PAGE 2

                                          STATION:  TRINIDAD CO
                                          MONTH:    JANUARY
                                          YEAR:     2017
                                          LATITUDE:   37 16 N
                                          LONGITUDE: 104 20 W

[TEMPERATURE DATA]      [PRECIPITATION DATA]       SYMBOLS USED IN COLUMN 16

AVERAGE MONTHLY: 30.2   TOTAL FOR MONTH:   1.39    1 = FOG OR MIST
DPTR FM NORMAL:  -1.8   DPTR FM NORMAL:    1.19    2 = FOG REDUCING VISIBILITY
HIGHEST:    61 ON  9    GRTST 24HR  0.59 ON 15-16      TO 1/4 MILE OR LESS
LOWEST:     -6 ON  6                               3 = THUNDER
                        SNOW, ICE PELLETS, HAIL    4 = ICE PELLETS
                        TOTAL MONTH:   0.0 INCH    5 = HAIL
                        GRTST 24HR     0.0         6 = FREEZING RAIN OR DRIZZLE
                        GRTST DEPTH:   0           7 = DUSTSTORM OR SANDSTORM:
                                                       VSBY 1/2 MILE OR LESS
                                                   8 = SMOKE OR HAZE
[NO. OF DAYS WITH]      [WEATHER - DAYS WITH]      9 = BLOWING SNOW
                                                   X = TORNADO
MAX 32 OR BELOW:   5    0.01 INCH OR MORE:   4
MAX 90 OR ABOVE:   0    0.10 INCH OR MORE:   4
MIN 32 OR BELOW:  14    0.50 INCH OR MORE:   1
MIN  0 OR BELOW:   2    1.00 INCH OR MORE:   0

[HDD (BASE 65) ]
TOTAL THIS MO.   554    CLEAR  (SCALE 0-3)   9
DPTR FM NORMAL    26    PTCLDY (SCALE 4-7)   4
TOTAL FM JUL 1  2346    CLOUDY (SCALE 8-10)  3
DPTR FM NORMAL  -450

[CDD (BASE 65) ]
TOTAL THIS MO.     0
DPTR FM NORMAL     0    [PRESSURE DATA]
TOTAL FM JAN 1     0    HIGHEST SLP M ON M
DPTR FM NORMAL     0    LOWEST  SLP 29.45 ON  5

[REMARKS]
