000
CXUS55 KPUB 281059
CF6TAD
PRELIMINARY LOCAL CLIMATOLOGICAL DATA (WS FORM: F-6)

                                          STATION:   TRINIDAD CO
                                          MONTH:     AUGUST
                                          YEAR:      2015
                                          LATITUDE:   37 16 N
                                          LONGITUDE: 104 20 W

  TEMPERATURE IN F:       :PCPN:    SNOW:  WIND      :SUNSHINE: SKY     :PK WND
================================================================================
1   2   3   4   5  6A  6B    7    8   9   10  11  12  13   14  15   16   17  18
                                     12Z  AVG MX 2MIN
DY MAX MIN AVG DEP HDD CDD  WTR  SNW DPTH SPD SPD DIR MIN PSBL S-S WX    SPD DR
================================================================================

 1  90  59  75   2   0  10    T  0.0    0  8.9 35 320   M    M   2 3      42 320
 2  89  62  76   3   0  11 0.24  0.0    0 11.4 30 230   M    M   6 3      36 240
 3  88  58  73   0   0   8 0.39  0.0    0  6.6 28  60   M    M   3 38     43  60
 4  93  56  75   2   0  10 0.00  0.0    0 11.9 23 300   M    M   0        29 330
 5  95  56  76   3   0  11 0.00  0.0    0  9.4 25 100   M    M   0        33 110
 6  97  63  80   8   0  15 0.00  0.0    0  9.8 21 250   M    M   0        27 250
 7  98  60  79   7   0  14 0.00  0.0    0 12.2 26 160   M    M   0        35 260
 8  91  61  76   4   0  11    T  0.0    0  6.0 22 180   M    M   3 3      28 180
 9  89  59  74   2   0   9 0.00  0.0    0  7.6 18 160   M    M   3 3      25 180
10  84  62  73   1   0   8 0.01  0.0    0  9.1 26 250   M    M   4 3      32 250
11  86  57  72   0   0   7 0.73  0.0    0  6.9 41 290   M    M   3 13     56 290
12  92  63  78   6   0  13 0.00  0.0    0  6.6 24 250   M    M   0 3      29 220
13  94  60  77   5   0  12 0.03  0.0    0 10.5 30 330   M    M   2 13     39 320
14  89  61  75   3   0  10 0.01  0.0    0  8.1 20 250   M    M   1        24 240
15  96  66  81   9   0  16 0.00  0.0    0  9.5 24 290   M    M   2 3      32 280
16  92   M   M   M   M   M 0.08  0.0    0  7.8 20 280   M    M   3 3       M  M
17   M   M   M   M   M   M 0.16  0.0    0   M   M   M   M    M   1 3       M  M
18  82  58  70  -1   0   5 0.00  0.0    0  9.7 20  60   M    M   3        26  50
19  72  53  63  -8   2   0 0.00  0.0    0  7.7 18 110   M    M   6        25 100
20  89  50  70  -1   0   5 0.00  0.0    0  9.4 29 250   M    M   0        37 240
21  93  61  77   6   0  12 0.00  0.0    0 12.0 23 250   M    M   0        30 250
22  95  61  78   7   0  13    T  0.0    0 12.1 29  30   M    M   2 38     39 310
23  83  54  69  -2   0   4 0.03  0.0    0 10.5 31 260   M    M   3 38     40 280
24  93  54  74   3   0   9 0.00  0.0    0 10.2 22 250   M    M   0        27 250
25  94  57  76   6   0  11 0.00  0.0    0  8.7 17 250   M    M   0        21 240
26  90  62  76   6   0  11 0.00  0.0    0 12.3 26 190   M    M   1        34 200
27  90  61  76   6   0  11 0.05  0.0    0  8.3 24 280   M    M   4 3      31 250
================================================================================
SM 2344 1474         2 246  1.73     0.0 243.2          M       52
================================================================================
AV 90.2 59.0                               9.4 FASTST   M    M   2    MAX(MPH)
                                 MISC ---->  # 41 290               # 56  290
================================================================================
NOTES:
# LAST OF SEVERAL OCCURRENCES

COLUMN 17 PEAK WIND IN M.P.H.

PRELIMINARY LOCAL CLIMATOLOGICAL DATA (WS FORM: F-6) , PAGE 2

                                          STATION:  TRINIDAD CO
                                          MONTH:    AUGUST
                                          YEAR:     2015
                                          LATITUDE:   37 16 N
                                          LONGITUDE: 104 20 W

[TEMPERATURE DATA]      [PRECIPITATION DATA]       SYMBOLS USED IN COLUMN 16

AVERAGE MONTHLY: 74.6   TOTAL FOR MONTH:   1.73    1 = FOG OR MIST
DPTR FM NORMAL:   2.9   DPTR FM NORMAL:   -0.27    2 = FOG REDUCING VISIBILITY
HIGHEST:    98 ON  7    GRTST 24HR  0.74 ON 10-11      TO 1/4 MILE OR LESS
LOWEST:     50 ON 20                               3 = THUNDER
                        SNOW, ICE PELLETS, HAIL    4 = ICE PELLETS
                        TOTAL MONTH:   0.0 INCH    5 = HAIL
                        GRTST 24HR     0.0         6 = FREEZING RAIN OR DRIZZLE
                        GRTST DEPTH:   0           7 = DUSTSTORM OR SANDSTORM:
                                                       VSBY 1/2 MILE OR LESS
                                                   8 = SMOKE OR HAZE
[NO. OF DAYS WITH]      [WEATHER - DAYS WITH]      9 = BLOWING SNOW
                                                   X = TORNADO
MAX 32 OR BELOW:   0    0.01 INCH OR MORE:  10
MAX 90 OR ABOVE:  16    0.10 INCH OR MORE:   4
MIN 32 OR BELOW:   0    0.50 INCH OR MORE:   1
MIN  0 OR BELOW:   0    1.00 INCH OR MORE:   0

[HDD (BASE 65) ]
TOTAL THIS MO.     2    CLEAR  (SCALE 0-3)  20
DPTR FM NORMAL     2    PTCLDY (SCALE 4-7)   7
TOTAL FM JUL 1     5    CLOUDY (SCALE 8-10)  0
DPTR FM NORMAL     2

[CDD (BASE 65) ]
TOTAL THIS MO.   246
DPTR FM NORMAL    59    [PRESSURE DATA]
TOTAL FM JAN 1   702    HIGHEST SLP M ON M
DPTR FM NORMAL    80    LOWEST  SLP 29.68 ON 18

[REMARKS]
