000
CXUS54 KBMX 281216
CF6TCL
PRELIMINARY LOCAL CLIMATOLOGICAL DATA (WS FORM: F-6)

                                          STATION:   TUSCALOOSA
                                          MONTH:     MARCH
                                          YEAR:      2015
                                          LATITUDE:   33 13 N
                                          LONGITUDE:  87 37 W

  TEMPERATURE IN F:       :PCPN:    SNOW:  WIND      :SUNSHINE: SKY     :PK WND
================================================================================
1   2   3   4   5  6A  6B    7    8   9   10  11  12  13   14  15   16   17  18
                                     12Z  AVG MX 2MIN
DY MAX MIN AVG DEP HDD CDD  WTR  SNW DPTH SPD SPD DIR MIN PSBL S-S WX    SPD DR
================================================================================

 1  59  49  54   1  11   0 0.05  0.0    0  6.0 16 140   M    M  10 18     25 140
 2  57  50  54   1  11   0 0.07  0.0    0  4.5 13  10   M    M  10 1      16 360
 3  73  50  62   9   3   0 0.31  0.0    0  4.6 16 180   M    M   7 12     21 180
 4  80  49  65  12   0   0 0.11  0.0    0 12.4 25 190   M    M   7 18     33 180
 5  49  26  38 -16  27   0 0.54    T    0 12.5 20 360   M    M   8 18     28  10
 6  50  21  36 -18  29   0 0.00  0.0    0  7.9 15 360   M    M   0        20 350
 7  64  24  44 -10  21   0 0.00  0.0    0  1.3  7 180   M    M   0        10  20
 8  68  29  49  -5  16   0 0.01  0.0    0  4.3 15 340   M    M   3        20 340
 9  62  47  55   0  10   0 0.23  0.0    0  4.9  9  80   M    M   9 1      15  70
10  73  57  65  10   0   0 0.24  0.0    0  9.6 20 170   M    M   8 1      25 170
11  74  58  66  11   0   1 0.19  0.0    0  3.2 10 350   M    M   8 1      14 350
12  73  58  66  11   0   1 0.02  0.0    0  6.8 15  90   M    M   8 1      25 110
13  66  55  61   5   4   0 0.06  0.0    0  8.6 18 110   M    M  10 1      27 120
14  69  54  62   6   3   0    T  0.0    0  4.2 12 220   M    M   9 1      13 230
15  79  51  65   9   0   0 0.00  0.0    0  3.3 14  50   M    M   3 12     17  50
16  82  45  64   8   1   0 0.00  0.0    0  2.3 13 230   M    M   0 8      18 210
17  84  51  68  12   0   3 0.00  0.0    0  5.0 16 290   M    M   0 1      23 280
18  78  57  68  11   0   3 0.31  0.0    0  5.9 12  50   M    M   2 1      15  30
19  67  54  61   4   4   0 0.02  0.0    0  2.3 12 310   M    M   6 1      13 300
20  68  55  62   5   3   0 0.09  0.0    0  3.5 10 350   M    M   9 18     12 350
21  64  55  60   3   5   0 0.36  0.0    0  4.6 12  30   M    M  10 1      13  40
22  59  54  57  -1   8   0 0.49  0.0    0  5.5 10  50   M    M  10 1      14 100
23  69  50  60   2   5   0 0.00  0.0    0  7.0 18  60   M    M   8 1      21  50
24  70  45  58   0   7   0 0.00  0.0    0  4.0 14 140   M    M   4 1      22 160
25  79  51  65   7   0   0 0.00  0.0    0  4.6 13 210   M    M   6        16 150
26  78  50  64   6   1   0 0.01  0.0    M  7.4 21 350   M    M   6 18     27 350
27  60  40  50  -8  15   0 0.01  0.0    0 10.5 21 310   M    M   5 8      29 310
================================================================================
SM 1854 1285       184   8  3.12    T    156.7          M      166
================================================================================
AV 68.7 47.6                               5.8 FASTST   M    M   6    MAX(MPH)
                                 MISC ---->  # 25 190               # 33  180
================================================================================
NOTES:
# LAST OF SEVERAL OCCURRENCES

COLUMN 17 PEAK WIND IN M.P.H.

PRELIMINARY LOCAL CLIMATOLOGICAL DATA (WS FORM: F-6) , PAGE 2

                                          STATION:  TUSCALOOSA
                                          MONTH:    MARCH
                                          YEAR:     2015
                                          LATITUDE:   33 13 N
                                          LONGITUDE:  87 37 W

[TEMPERATURE DATA]      [PRECIPITATION DATA]       SYMBOLS USED IN COLUMN 16

AVERAGE MONTHLY: 58.1   TOTAL FOR MONTH:   3.12    1 = FOG OR MIST
DPTR FM NORMAL:   2.4   DPTR FM NORMAL:   -0.85    2 = FOG REDUCING VISIBILITY
HIGHEST:    84 ON 17    GRTST 24HR  0.54 ON  5- 5      TO 1/4 MILE OR LESS
LOWEST:     21 ON  6                               3 = THUNDER
                        SNOW, ICE PELLETS, HAIL    4 = ICE PELLETS
                        TOTAL MONTH:    T          5 = HAIL
                        GRTST 24HR    T  ON  5- 5  6 = FREEZING RAIN OR DRIZZLE
                        GRTST DEPTH:   0           7 = DUSTSTORM OR SANDSTORM:
                                                       VSBY 1/2 MILE OR LESS
                                                   8 = SMOKE OR HAZE
[NO. OF DAYS WITH]      [WEATHER - DAYS WITH]      9 = BLOWING SNOW
                                                   X = TORNADO
MAX 32 OR BELOW:   0    0.01 INCH OR MORE:  18
MAX 90 OR ABOVE:   0    0.10 INCH OR MORE:   9
MIN 32 OR BELOW:   4    0.50 INCH OR MORE:   1
MIN  0 OR BELOW:   0    1.00 INCH OR MORE:   0

[HDD (BASE 65) ]
TOTAL THIS MO.   184    CLEAR  (SCALE 0-3)   6
DPTR FM NORMAL   -82    PTCLDY (SCALE 4-7)  11
TOTAL FM JUL 1  2479    CLOUDY (SCALE 8-10) 10
DPTR FM NORMAL   123

[CDD (BASE 65) ]
TOTAL THIS MO.     8
DPTR FM NORMAL   -11    [PRESSURE DATA]
TOTAL FM JAN 1     8    HIGHEST SLP M ON M
DPTR FM NORMAL   -16    LOWEST  SLP 29.76 ON 26

[REMARKS]
