000
CXUS54 KBMX 241216
CF6TCL
PRELIMINARY LOCAL CLIMATOLOGICAL DATA (WS FORM: F-6)

                                          STATION:   TUSCALOOSA
                                          MONTH:     JULY
                                          YEAR:      2014
                                          LATITUDE:   33 13 N
                                          LONGITUDE:  87 37 W

  TEMPERATURE IN F:       :PCPN:    SNOW:  WIND      :SUNSHINE: SKY     :PK WND
================================================================================
1   2   3   4   5  6A  6B    7    8   9   10  11  12  13   14  15   16   17  18
                                     12Z  AVG MX 2MIN
DY MAX MIN AVG DEP HDD CDD  WTR  SNW DPTH SPD SPD DIR MIN PSBL S-S WX    SPD DR
================================================================================

 1  93  72  83   2   0  18 0.00  0.0    0  2.3  9 210   M    M   0 18     16 310
 2  95  71  83   2   0  18 0.02  0.0    0  4.1 31 270   M    M   2 18     39 270
 3  88  70  79  -2   0  14 0.00  0.0    0  6.6 16  10   M    M   1        20 360
 4  86  64  75  -6   0  10 0.00  0.0    0  6.2 16  40   M    M   0        21 360
 5  90  60  75  -6   0  10 0.00  0.0    0  1.5  9 250   M    M   1        21 280
 6  91  66  79  -2   0  14 0.00  0.0    0  1.8  9 240   M    M   1 1      21  90
 7  92  66  79  -3   0  14 0.00  0.0    0  2.3 10 190   M    M   1 18     14 200
 8  94  70  82   0   0  17 0.00  0.0    0  4.9 13 200   M    M   1 18     20 210
 9  88  71  80  -2   0  15    T  0.0    0  3.6 15 350   M    M   2        20 350
10  90  70  80  -2   0  15 0.00  0.0    0  2.2 10 310   M    M   1 1      14 290
11  95  69  82   0   0  17 0.00  0.0    0  1.9 12 320   M    M   0 18     16 310
12  94  71  83   1   0  18    T  0.0    0  2.1 20  30   M    M   3 13     23  30
13  95  72  84   2   0  19 0.00  0.0    0  2.2 10 270   M    M   2 18     14 200
14  95  73  84   2   0  19 0.24  0.0    0  5.3 14 340   M    M   2 138    21 330
15  86  69  78  -4   0  13 0.25  0.0    0  4.2 12 300   M    M   3 13     15 300
16  84  63  74  -8   0   9 0.00  0.0    0  6.1 14 360   M    M   0        20  30
17  84  62  73  -9   0   8 0.00  0.0    0  3.2 10  10   M    M   0        14  20
18  75  68  72 -10   0   7 0.24  0.0    0  4.1 14 180   M    M   8 1      18 180
19  83  72  78  -4   0  13 0.04  0.0    0  5.8 14 240   M    M   9 1      17 240
20  87  70  79  -3   0  14 0.00  0.0    0  2.8  9  20   M    M   6 1      12 360
21  92  68  80  -2   0  15 0.00  0.0    0  2.2 10 310   M    M   4 1      14  10
22  87  75  81  -1   0  16 0.09  0.0    0  3.3 10 130   M    M   5 13     15  90
23  93  70  82   0   0  17 0.04  0.0    0  2.9 17  50   M    M   1 13     23  40
================================================================================
SM 2057 1582         0 330  0.92     0.0  81.6          M       53
================================================================================
AV 89.4 68.8                               3.5 FASTST   M    M   2    MAX(MPH)
                                 MISC ---->  # 31 270               # 39  270
================================================================================
NOTES:
# LAST OF SEVERAL OCCURRENCES

COLUMN 17 PEAK WIND IN M.P.H.

PRELIMINARY LOCAL CLIMATOLOGICAL DATA (WS FORM: F-6) , PAGE 2

                                          STATION:  TUSCALOOSA
                                          MONTH:    JULY
                                          YEAR:     2014
                                          LATITUDE:   33 13 N
                                          LONGITUDE:  87 37 W

[TEMPERATURE DATA]      [PRECIPITATION DATA]       SYMBOLS USED IN COLUMN 16

AVERAGE MONTHLY: 79.1   TOTAL FOR MONTH:   0.92    1 = FOG OR MIST
DPTR FM NORMAL:  -2.6   DPTR FM NORMAL:   -2.43    2 = FOG REDUCING VISIBILITY
HIGHEST:    95 ON 14,13 GRTST 24HR  0.49 ON 14-15      TO 1/4 MILE OR LESS
LOWEST:     60 ON  5                               3 = THUNDER
                        SNOW, ICE PELLETS, HAIL    4 = ICE PELLETS
                        TOTAL MONTH:   0.0 INCH    5 = HAIL
                        GRTST 24HR     0.0         6 = FREEZING RAIN OR DRIZZLE
                        GRTST DEPTH:   0           7 = DUSTSTORM OR SANDSTORM:
                                                       VSBY 1/2 MILE OR LESS
                                                   8 = SMOKE OR HAZE
[NO. OF DAYS WITH]      [WEATHER - DAYS WITH]      9 = BLOWING SNOW
                                                   X = TORNADO
MAX 32 OR BELOW:   0    0.01 INCH OR MORE:   7
MAX 90 OR ABOVE:  13    0.10 INCH OR MORE:   3
MIN 32 OR BELOW:   0    0.50 INCH OR MORE:   0
MIN  0 OR BELOW:   0    1.00 INCH OR MORE:   0

[HDD (BASE 65) ]
TOTAL THIS MO.     0    CLEAR  (SCALE 0-3)  17
DPTR FM NORMAL     0    PTCLDY (SCALE 4-7)   5
TOTAL FM JUL 1     0    CLOUDY (SCALE 8-10)  1
DPTR FM NORMAL     0

[CDD (BASE 65) ]
TOTAL THIS MO.   330
DPTR FM NORMAL   -54    [PRESSURE DATA]
TOTAL FM JAN 1  1054    HIGHEST SLP M ON M
DPTR FM NORMAL   -44    LOWEST  SLP 29.85 ON 15

[REMARKS]
