000
CXUS54 KEPZ 261200
CF6TCS
PRELIMINARY LOCAL CLIMATOLOGICAL DATA (WS FORM: F-6)

                                          STATION:   TRUTH OR CONSEQUENCES
                                          MONTH:     DECEMBER
                                          YEAR:      2014
                                          LATITUDE:   33 13 N
                                          LONGITUDE: 107 16 W

  TEMPERATURE IN F:       :PCPN:    SNOW:  WIND      :SUNSHINE: SKY     :PK WND
================================================================================
1   2   3   4   5  6A  6B    7    8   9   10  11  12  13   14  15   16   17  18
                                     12Z  AVG MX 2MIN
DY MAX MIN AVG DEP HDD CDD  WTR  SNW DPTH SPD SPD DIR MIN PSBL S-S WX    SPD DR
================================================================================

 1  65  33  49   6  16   0 0.00  0.0    0  4.5 10 300   M    M   0        13 160
 2  55  36  46   3  19   0 0.00  0.0    0  4.1 12 300   M    M   2        17 300
 3  68  42  55  12  10   0 0.00  0.0    0  4.1 10 170   M    M   2        13 180
 4  57  46  52  10  13   0 0.02  0.0    0  5.5 17 310   M    M   7        23 320
 5  61  37  49   7  16   0 0.00  0.0    0  5.6 22 270   M    M   0        26 270
 6  59  38  49   7  16   0 0.03  0.0    0  4.1  9 330   M    M   1        14 320
 7  64  40  52  10  13   0 0.00  0.0    0  6.2 13  10   M    M   2        17 360
 8  62  35  49   8  16   0 0.00  0.0    0  5.6 12 190   M    M   0        17 190
 9  63  41  52  11  13   0 0.00  0.0    0  3.9  9  40   M    M   2        12 140
10  65  40  53  12  12   0 0.00  0.0    0  4.5 10  30   M    M   1        12  30
11  67  37  52  11  13   0 0.00  0.0    0  5.5 16 200   M    M   1        20 180
12  64  41  53  13  12   0 0.00  0.0    0  5.8 10 290   M    M   0 8      13 190
13  65  38  52  12  13   0 0.03    M    0 13.6 33 190   M    M   1        41 210
14  54  33  44   4  21   0 0.00  0.0    0 12.3 25 290   M    M   0        31 290
15  54  31  43   3  22   0 0.00  0.0    0  5.2 15 310   M    M   0        22 310
16  55  31  43   3  22   0 0.00  0.0    0  4.8  9 320   M    M   0        12  60
17  56  33  45   5  20   0    T    M    0  6.7 23 200   M    M   5 8      29 190
18  50  36  43   3  22   0 0.04    M    0  4.1 15 200   M    M   8        19 180
19  50  29  40   0  25   0 0.00  0.0    0  4.7  9  40   M    M   1        13 310
20  52  26  39  -1  26   0 0.00  0.0    0  4.6 10 330   M    M   0        14 330
21  57  28  43   4  22   0 0.00  0.0    0  6.9 18 300   M    M   0        23 300
22  68  48  58  19   7   0 0.00  0.0    0 14.2 31 300   M    M   0        39 310
23  52  30  41   2  24   0 0.00  0.0    0 12.0 24 340   M    M   1        33 350
24  47  22  35  -4  30   0 0.00  0.0    0  6.9 15 170   M    M   0        18 300
25  63  27  45   6  20   0 0.00  0.0    0 10.2 31 220   M    M   0        40 220
================================================================================
SM 1473  878       443   0  0.12     0.0 165.6          M       34
================================================================================
AV 58.9 35.1                               6.6 FASTST   M    M   1    MAX(MPH)
                                 MISC ---->  # 33 190               # 41  210
================================================================================
NOTES:
# LAST OF SEVERAL OCCURRENCES

COLUMN 17 PEAK WIND IN M.P.H.

PRELIMINARY LOCAL CLIMATOLOGICAL DATA (WS FORM: F-6) , PAGE 2

                                          STATION:  TRUTH OR CONSEQUENCES
                                          MONTH:    DECEMBER
                                          YEAR:     2014
                                          LATITUDE:   33 13 N
                                          LONGITUDE: 107 16 W

[TEMPERATURE DATA]      [PRECIPITATION DATA]       SYMBOLS USED IN COLUMN 16

AVERAGE MONTHLY: 47.0   TOTAL FOR MONTH:   0.12    1 = FOG OR MIST
DPTR FM NORMAL:   6.4   DPTR FM NORMAL:   -0.59    2 = FOG REDUCING VISIBILITY
HIGHEST:    68 ON 22, 3 GRTST 24HR  0.04 ON 18-18      TO 1/4 MILE OR LESS
LOWEST:     22 ON 24                               3 = THUNDER
                        SNOW, ICE PELLETS, HAIL    4 = ICE PELLETS
                        TOTAL MONTH:   0.0 INCH    5 = HAIL
                        GRTST 24HR     0.0         6 = FREEZING RAIN OR DRIZZLE
                        GRTST DEPTH:   0           7 = DUSTSTORM OR SANDSTORM:
                                                       VSBY 1/2 MILE OR LESS
                                                   8 = SMOKE OR HAZE
[NO. OF DAYS WITH]      [WEATHER - DAYS WITH]      9 = BLOWING SNOW
                                                   X = TORNADO
MAX 32 OR BELOW:   0    0.01 INCH OR MORE:   4
MAX 90 OR ABOVE:   0    0.10 INCH OR MORE:   0
MIN 32 OR BELOW:   8    0.50 INCH OR MORE:   0
MIN  0 OR BELOW:   0    1.00 INCH OR MORE:   0

[HDD (BASE 65) ]
TOTAL THIS MO.   443    CLEAR  (SCALE 0-3)  22
DPTR FM NORMAL  -167    PTCLDY (SCALE 4-7)   3
TOTAL FM JUL 1   966    CLOUDY (SCALE 8-10)  0
DPTR FM NORMAL  -283

[CDD (BASE 65) ]
TOTAL THIS MO.     0
DPTR FM NORMAL     0    [PRESSURE DATA]
TOTAL FM JAN 1  1865    HIGHEST SLP M ON M
DPTR FM NORMAL   243    LOWEST  SLP 29.55 ON 22

[REMARKS]
