000
CXUS52 KTAE 160800
CF6TLH
PRELIMINARY LOCAL CLIMATOLOGICAL DATA (WS FORM: F-6)

                                          STATION:   TALLAHASSEE
                                          MONTH:     SEPTEMBER
                                          YEAR:      2014
                                          LATITUDE:   30 22 N
                                          LONGITUDE:  84 22 W

  TEMPERATURE IN F:       :PCPN:    SNOW:  WIND      :SUNSHINE: SKY     :PK WND
================================================================================
1   2   3   4   5  6A  6B    7    8   9   10  11  12  13   14  15   16   17  18
                                     12Z  AVG MX 2MIN
DY MAX MIN AVG DEP HDD CDD  WTR  SNW DPTH SPD SPD DIR MIN PSBL S-S WX    SPD DR
================================================================================

 1  95  73  84   3   0  19 1.12  0.0    0  2.2 22 230   M    M   4 3      35 210
 2  97  73  85   4   0  20 1.99  0.0    0  4.1  7  90   M    M   4 13      8  80
 3  93  73  83   2   0  18 0.00  0.0    0  4.1 16 160   M    M   5 3      20 170
 4  92  74  83   2   0  18 0.56  0.0    0  3.6 21 220   M    M   3 3      24 220
 5  95  73  84   4   0  19    T  0.0    0  2.7 17  50   M    M   4 13     22  60
 6  89  73  81   1   0  16 0.08  0.0    0  2.3  3 160   M    M   6 13      3 160
 7  89  75  82   2   0  17 0.44  0.0    0  2.1 20 160   M    M   6 138    25 160
 8  85  74  80   0   0  15 0.03  0.0    0  3.4 15 240   M    M   6 13     20 250
 9  87  75  81   1   0  16 0.00  0.0    0  4.0 30  90   M    M   6 1      35  90
10  91  73  82   2   0  17 0.00  0.0    0  3.5 12 130   M    M   4        30 330
11  94  74  84   4   0  19 0.00  0.0    0  2.2 15 200   M    M   5        20 200
12  96  73  85   6   0  20 0.48  0.0    0  3.0 12  50   M    M   5 13     17 200
13  94  75  85   6   0  20 0.44  0.0    0  4.2 14 140   M    M   5 13     17 130
14  95  73  84   5   0  19 0.00  0.0    0  3.9 36 240   M    M   5         M  M
15  89  75  82   3   0  17 0.64  0.0    0  4.1 21 230   M    M   7 13      M  M
================================================================================
SM 1381 1106         0 270  5.78     0.0  49.4          M       75
================================================================================
AV 92.1 73.7                               3.3 FASTST   M    M   5    MAX(MPH)
                                 MISC ---->  # 36 240               # 35  210
================================================================================
NOTES:
# LAST OF SEVERAL OCCURRENCES

COLUMN 17 PEAK WIND IN M.P.H.

PRELIMINARY LOCAL CLIMATOLOGICAL DATA (WS FORM: F-6) , PAGE 2

                                          STATION:  TALLAHASSEE
                                          MONTH:    SEPTEMBER
                                          YEAR:     2014
                                          LATITUDE:   30 22 N
                                          LONGITUDE:  84 22 W

[TEMPERATURE DATA]      [PRECIPITATION DATA]       SYMBOLS USED IN COLUMN 16

AVERAGE MONTHLY: 82.9   TOTAL FOR MONTH:   5.78    1 = FOG OR MIST
DPTR FM NORMAL:   2.9   DPTR FM NORMAL:    3.22    2 = FOG REDUCING VISIBILITY
HIGHEST:    97 ON  2    GRTST 24HR  2.08 ON  1- 2      TO 1/4 MILE OR LESS
LOWEST:     73 ON 14,12                            3 = THUNDER
                        SNOW, ICE PELLETS, HAIL    4 = ICE PELLETS
                        TOTAL MONTH:   0.0 INCH    5 = HAIL
                        GRTST 24HR     0.0         6 = FREEZING RAIN OR DRIZZLE
                        GRTST DEPTH:   0           7 = DUSTSTORM OR SANDSTORM:
                                                       VSBY 1/2 MILE OR LESS
                                                   8 = SMOKE OR HAZE
[NO. OF DAYS WITH]      [WEATHER - DAYS WITH]      9 = BLOWING SNOW
                                                   X = TORNADO
MAX 32 OR BELOW:   0    0.01 INCH OR MORE:   9
MAX 90 OR ABOVE:  10    0.10 INCH OR MORE:   7
MIN 32 OR BELOW:   0    0.50 INCH OR MORE:   4
MIN  0 OR BELOW:   0    1.00 INCH OR MORE:   2

[HDD (BASE 65) ]
TOTAL THIS MO.     0    CLEAR  (SCALE 0-3)   1
DPTR FM NORMAL     0    PTCLDY (SCALE 4-7)  14
TOTAL FM JUL 1     0    CLOUDY (SCALE 8-10)  0
DPTR FM NORMAL     0

[CDD (BASE 65) ]
TOTAL THIS MO.   270
DPTR FM NORMAL    46    [PRESSURE DATA]
TOTAL FM JAN 1  2441    HIGHEST SLP M ON M
DPTR FM NORMAL   264    LOWEST  SLP 29.94 ON  7

[REMARKS]
