000
CXUS54 KBMX 231216
CF6TOI
PRELIMINARY LOCAL CLIMATOLOGICAL DATA (WS FORM: F-6)

                                          STATION:   TROY
                                          MONTH:     JULY
                                          YEAR:      2014
                                          LATITUDE:   31 51 N
                                          LONGITUDE:  86  1 W

  TEMPERATURE IN F:       :PCPN:    SNOW:  WIND      :SUNSHINE: SKY     :PK WND
================================================================================
1   2   3   4   5  6A  6B    7    8   9   10  11  12  13   14  15   16   17  18
                                     12Z  AVG MX 2MIN
DY MAX MIN AVG DEP HDD CDD  WTR  SNW DPTH SPD SPD DIR MIN PSBL S-S WX    SPD DR
================================================================================

 1  94  69  82   2   0  17 0.00  0.0    0  2.6 15 360   M    M   1 1      18 350
 2  95  72  84   4   0  19 0.00  0.0    0  4.3 25 330   M    M   0 138    35 330
 3  91  66  79  -1   0  14 0.00  0.0    0  5.9 17 300   M    M   0        21 310
 4  88  61  75  -5   0  10 0.00  0.0    0  4.5 17 330   M    M   0        22 340
 5  93  62  78  -2   0  13 0.00  0.0    0  3.4 12 350   M    M   1 1      16  40
 6  92  65  79  -1   0  14 0.00  0.0    0  3.8 13 350   M    M   2 1      15 360
 7  94  67  81   1   0  16 0.00  0.0    0  3.0 10 260   M    M   2 1      14 250
 8  94  66  80  -1   0  15 0.00  0.0    0  3.7 13 210   M    M   1 18     16 200
 9  93  69  81   0   0  16 0.20  0.0    0  4.8 23 170   M    M   2 13     34 170
10  88  69  79  -2   0  14 0.16  0.0    0  3.0 16 320   M    M   2 13     22 310
11  94  70  82   1   0  17 0.00  0.0    0  2.7 13 360   M    M   2 12     15 340
12  93  70  82   1   0  17 0.00  0.0    0  4.1 12  80   M    M   2 12     17  90
13  93  69  81   0   0  16 0.00  0.0    0  2.6  9 140   M    M   5 128    14 160
14  95  72  84   3   0  19    T  0.0    0  4.6 20 260   M    M   2 13     27 260
15  90  72  81   0   0  16 0.52  0.0    0  5.6 15  10   M    M   6 138    24 250
16  88  64  76  -5   0  11 0.00  0.0    0  4.9 14 320   M    M   5 1      20 340
17  88  61  75  -6   0  10 0.00  0.0    0  1.7 12 350   M    M   0 1      16 340
18  84  63  74  -7   0   9 0.14  0.0    0  2.5  8 300   M    M   2 1      12 140
19  87  73  80  -1   0  15 0.78  0.0    0  5.9 21 200   M    M   8 13     29 200
20  87  75  81   0   0  16 0.19  0.0    0  4.1 13 290   M    M   6 13     18 310
21  87  74  81   0   0  16 0.03  0.0    0  4.2 12 220   M    M   7 13     16 220
22  89  72  81   0   0  16 0.00  0.0    0  4.2 12 220   M    M   6 13     15  30
================================================================================
SM 1997 1501         0 326  2.02     0.0  86.1          M       62
================================================================================
AV 90.8 68.2                               3.9 FASTST   M    M   3    MAX(MPH)
                                 MISC ---->  # 25 330               # 35  330
================================================================================
NOTES:
# LAST OF SEVERAL OCCURRENCES

COLUMN 17 PEAK WIND IN M.P.H.

PRELIMINARY LOCAL CLIMATOLOGICAL DATA (WS FORM: F-6) , PAGE 2

                                          STATION:  TROY
                                          MONTH:    JULY
                                          YEAR:     2014
                                          LATITUDE:   31 51 N
                                          LONGITUDE:  86  1 W

[TEMPERATURE DATA]      [PRECIPITATION DATA]       SYMBOLS USED IN COLUMN 16

AVERAGE MONTHLY: 79.5   TOTAL FOR MONTH:   2.02    1 = FOG OR MIST
DPTR FM NORMAL:  -1.2   DPTR FM NORMAL:   -1.98    2 = FOG REDUCING VISIBILITY
HIGHEST:    95 ON 14, 2 GRTST 24HR  0.87 ON 18-19      TO 1/4 MILE OR LESS
LOWEST:     61 ON 17, 4                            3 = THUNDER
                        SNOW, ICE PELLETS, HAIL    4 = ICE PELLETS
                        TOTAL MONTH:   0.0 INCH    5 = HAIL
                        GRTST 24HR     0.0         6 = FREEZING RAIN OR DRIZZLE
                        GRTST DEPTH:   0           7 = DUSTSTORM OR SANDSTORM:
                                                       VSBY 1/2 MILE OR LESS
                                                   8 = SMOKE OR HAZE
[NO. OF DAYS WITH]      [WEATHER - DAYS WITH]      9 = BLOWING SNOW
                                                   X = TORNADO
MAX 32 OR BELOW:   0    0.01 INCH OR MORE:   7
MAX 90 OR ABOVE:  13    0.10 INCH OR MORE:   6
MIN 32 OR BELOW:   0    0.50 INCH OR MORE:   2
MIN  0 OR BELOW:   0    1.00 INCH OR MORE:   0

[HDD (BASE 65) ]
TOTAL THIS MO.     0    CLEAR  (SCALE 0-3)  15
DPTR FM NORMAL     0    PTCLDY (SCALE 4-7)   7
TOTAL FM JUL 1     0    CLOUDY (SCALE 8-10)  0
DPTR FM NORMAL     0

[CDD (BASE 65) ]
TOTAL THIS MO.   326
DPTR FM NORMAL   -19    [PRESSURE DATA]
TOTAL FM JAN 1  1081    HIGHEST SLP M ON M
DPTR FM NORMAL    61    LOWEST  SLP 29.85 ON 15

[REMARKS]
