000
CXUS54 KBMX 301216
CF6TOI
PRELIMINARY LOCAL CLIMATOLOGICAL DATA (WS FORM: F-6)

                                          STATION:   TROY
                                          MONTH:     JULY
                                          YEAR:      2015
                                          LATITUDE:   31 51 N
                                          LONGITUDE:  86  1 W

  TEMPERATURE IN F:       :PCPN:    SNOW:  WIND      :SUNSHINE: SKY     :PK WND
================================================================================
1   2   3   4   5  6A  6B    7    8   9   10  11  12  13   14  15   16   17  18
                                     12Z  AVG MX 2MIN
DY MAX MIN AVG DEP HDD CDD  WTR  SNW DPTH SPD SPD DIR MIN PSBL S-S WX    SPD DR
================================================================================

 1  91  68  80   0   0  15 0.00  0.0    0  5.7 16 230   M    M   1 3      26 230
 2  90  71  81   1   0  16    T  0.0    0  6.9 21 310   M    M   4 3      26 300
 3  93  75  84   4   0  19 0.00  0.0    0  6.4 17 250   M    M   2 3      27 230
 4  90  70  80   0   0  15 0.93  0.0    0  5.0 28 300   M    M   5 13     40 310
 5  83  69  76  -4   0  11 0.31  0.0    0  3.5 15 250   M    M   4 1      29 170
 6  89  67  78  -2   0  13 0.00  0.0    0  2.7  9 270   M    M   2 1      23  10
 7  92  69  81   1   0  16 0.00  0.0    0  1.6  9 250   M    M   0 1      25 210
 8  94  69  82   1   0  17 0.00  0.0    0  3.0  9 240   M    M   1 1      31 240
 9  96  70  83   2   0  18 0.35  0.0    0  2.4 18 170   M    M   2 138    33 210
10  94  70  82   1   0  17    T  0.0    0  1.4  9 320   M    M   1 1      25 300
11  96  73  85   4   0  20 0.00  0.0    0  3.2 12 320   M    M   1 1      32 220
12  97  72  85   4   0  20 0.00  0.0    0  2.6 13  10   M    M   2 1      31 220
13  97  73  85   4   0  20 0.00  0.0    0  4.3 13 220   M    M   1        32 220
14  96  74  85   4   0  20 0.00  0.0    0  3.6 14 260   M    M   1 1      29 210
15  96  74  85   4   0  20 0.32  0.0    0  4.9 16  10   M    M   2 138    27 250
16  95  72  84   3   0  19 0.00  0.0    0  3.2 14 320   M    M   2 1      22 250
17  97  73  85   4   0  20 0.00  0.0    0  3.7 15  50   M    M   1 1      21 140
18  98  73  86   5   0  21 0.00  0.0    0  2.6 10 350   M    M   2 1      28 240
19 100  74  87   6   0  22 0.00  0.0    0  4.6 31 310   M    M   1 13     42 310
20  97  72  85   4   0  20 0.00  0.0    0  3.0 14 240   M    M   3 13     33 220
21  95  75  85   4   0  20    T  0.0    0  4.8 16 210   M    M   1 13     24 230
22  96  73  85   4   0  20    T  0.0    0  3.9 17 210   M    M   1 13     44 210
23  96  74  85   4   0  20 0.34  0.0    0  4.3 24 190   M    M   2 13     33 190
24  94  73  84   3   0  19 0.38  0.0    0  3.8 23 360   M    M   2 13     27  10
25  95  72  84   3   0  19 0.00  0.0    0  4.0 14  40   M    M   1 1      18  40
26  94  72  83   2   0  18 0.00  0.0    0  2.7 16  50   M    M   0 1      23  80
27  96  70  83   2   0  18 0.00  0.0    0  2.0 12 360   M    M   2 1      19  80
28  98  72  85   4   0  20    T  0.0    0  2.9 14 210   M    M   2 138    43 210
29  99  73  86   5   0  21 0.04  0.0    0  3.5 33 360   M    M   1 13     43 360
================================================================================
SM 2744 2082         0 534  2.67     0.0 106.2          M       50
================================================================================
AV 94.6 71.8                               3.7 FASTST   M    M   2    MAX(MPH)
                                 MISC ---->  # 33 360               # 44  210
================================================================================
NOTES:
# LAST OF SEVERAL OCCURRENCES

COLUMN 17 PEAK WIND IN M.P.H.

PRELIMINARY LOCAL CLIMATOLOGICAL DATA (WS FORM: F-6) , PAGE 2

                                          STATION:  TROY
                                          MONTH:    JULY
                                          YEAR:     2015
                                          LATITUDE:   31 51 N
                                          LONGITUDE:  86  1 W

[TEMPERATURE DATA]      [PRECIPITATION DATA]       SYMBOLS USED IN COLUMN 16

AVERAGE MONTHLY: 83.2   TOTAL FOR MONTH:   2.67    1 = FOG OR MIST
DPTR FM NORMAL:   2.4   DPTR FM NORMAL:   -2.64    2 = FOG REDUCING VISIBILITY
HIGHEST:   100 ON 19    GRTST 24HR  1.24 ON  4- 5      TO 1/4 MILE OR LESS
LOWEST:     67 ON  6                               3 = THUNDER
                        SNOW, ICE PELLETS, HAIL    4 = ICE PELLETS
                        TOTAL MONTH:   0.0 INCH    5 = HAIL
                        GRTST 24HR     0.0         6 = FREEZING RAIN OR DRIZZLE
                        GRTST DEPTH:   0           7 = DUSTSTORM OR SANDSTORM:
                                                       VSBY 1/2 MILE OR LESS
                                                   8 = SMOKE OR HAZE
[NO. OF DAYS WITH]      [WEATHER - DAYS WITH]      9 = BLOWING SNOW
                                                   X = TORNADO
MAX 32 OR BELOW:   0    0.01 INCH OR MORE:   7
MAX 90 OR ABOVE:  27    0.10 INCH OR MORE:   6
MIN 32 OR BELOW:   0    0.50 INCH OR MORE:   1
MIN  0 OR BELOW:   0    1.00 INCH OR MORE:   0

[HDD (BASE 65) ]
TOTAL THIS MO.     0    CLEAR  (SCALE 0-3)  26
DPTR FM NORMAL     0    PTCLDY (SCALE 4-7)   3
TOTAL FM JUL 1     0    CLOUDY (SCALE 8-10)  0
DPTR FM NORMAL     0

[CDD (BASE 65) ]
TOTAL THIS MO.   534
DPTR FM NORMAL    77    [PRESSURE DATA]
TOTAL FM JAN 1  1476    HIGHEST SLP M ON M
DPTR FM NORMAL   344    LOWEST  SLP 29.75 ON 14

[REMARKS]
