117
CXUS51 KCLE 250800
CF6TOL
PRELIMINARY LOCAL CLIMATOLOGICAL DATA (WS FORM: F-6)

                                          STATION:   TOLEDO OH
                                          MONTH:     MAY
                                          YEAR:      2016
                                          LATITUDE:   41 35 N
                                          LONGITUDE:  83 48 W

  TEMPERATURE IN F:       :PCPN:    SNOW:  WIND      :SUNSHINE: SKY     :PK WND
================================================================================
1   2   3   4   5  6A  6B    7    8   9   10  11  12  13   14  15   16   17  18
                                     12Z  AVG MX 2MIN
DY MAX MIN AVG DEP HDD CDD  WTR  SNW DPTH SPD SPD DIR MIN PSBL S-S WX    SPD DR
================================================================================

 1  56  48  52  -3  13   0 0.21  0.0    0  7.0 17  70   M    M  10 1      21  60
 2  53  46  50  -5  15   0 0.23  0.0    0  6.2 14  50   M    M  10 1      16  60
 3  64  44  54  -2  11   0    T    M    0  4.3 15 260   M    M   7 1      18 310
 4  58  44  51  -5  14   0 0.03  0.0    0  9.6 22 210   M    M   8 1      28 210
 5  67  43  55  -1  10   0 0.01  0.0    0 11.5 18  10   M    M   6 1      28  30
 6  72  41  57   0   8   0 0.00  0.0    0  4.1 13 330   M    M   0        16 330
 7  79  43  61   4   4   0    T  0.0    0  8.3 21  10   M    M   4        26 350
 8  69  39  54  -3  11   0 0.00  0.0    0  7.3 22 240   M    M   2        27 230
 9  58  40  49  -9  16   0    T  0.0    0  4.3 12  90   M    M   6        14 110
10  58  47  53  -5  12   0 0.23  0.0    0 10.9 20  90   M    M  10 1      28 100
11  71  52  62   4   3   0 0.01  0.0    0  5.0 12  80   M    M   8 1      15  60
12  77  56  67   9   0   2 0.44  0.0    0  8.5 24 240   M    M   4 13     30 240
13  67  53  60   1   5   0 0.01  0.0    0 12.3 24 260   M    M   4 1      29 260
14  58  40  49 -10  16   0 0.18  0.0    0 15.2 26 280   M    M  10 1      35 280
15  50  36  43 -16  22   0    T  0.0    0 12.7 24 280   M    M   7        34 270
16  67  37  52  -8  13   0 0.00  0.0    0 13.2 28 250   M    M   0        36 230
17  62  51  57  -3   8   0 0.06  0.0    0  8.3 21  20   M    M   9 1      25  20
18  65  43  54  -6  11   0    T  0.0    0  7.2 20  40   M    M   3        25  60
19  73  40  57  -4   8   0 0.00  0.0    0  2.6 13 330   M    M   1        16 350
20  68  41  55  -6  10   0    T  0.0    0  8.1 16  70   M    M   2        20  60
21  71  50  61   0   4   0 0.02  0.0    0  5.8 16  10   M    M   7        21  10
22  75  47  61  -1   4   0 0.00  0.0    0  6.4 17  20   M    M   2        25  10
23  78  40  59  -3   6   0 0.00  0.0    0  3.0  9 150   M    M   0        15 170
24  85  47  66   4   0   1 0.00  0.0    0  6.0 17 250   M    M   0        22 250
================================================================================
SM 1601 1068       224   3  1.43     0.0 187.8          M      120
================================================================================
AV 66.7 44.5                               7.8 FASTST   M    M   5    MAX(MPH)
                                 MISC ---->  # 28 250               # 36  230
================================================================================
NOTES:
# LAST OF SEVERAL OCCURRENCES

COLUMN 17 PEAK WIND IN M.P.H.

PRELIMINARY LOCAL CLIMATOLOGICAL DATA (WS FORM: F-6) , PAGE 2

                                          STATION:  TOLEDO OH
                                          MONTH:    MAY
                                          YEAR:     2016
                                          LATITUDE:   41 35 N
                                          LONGITUDE:  83 48 W

[TEMPERATURE DATA]      [PRECIPITATION DATA]       SYMBOLS USED IN COLUMN 16

AVERAGE MONTHLY: 55.6   TOTAL FOR MONTH:   1.43    1 = FOG OR MIST
DPTR FM NORMAL:  -3.0   DPTR FM NORMAL:   -1.30    2 = FOG REDUCING VISIBILITY
HIGHEST:    85 ON 24    GRTST 24HR  0.71 ON 30- 1      TO 1/4 MILE OR LESS
LOWEST:     36 ON 15                               3 = THUNDER
                        SNOW, ICE PELLETS, HAIL    4 = ICE PELLETS
                        TOTAL MONTH:   0.0 INCH    5 = HAIL
                        GRTST 24HR     0.0         6 = FREEZING RAIN OR DRIZZLE
                        GRTST DEPTH:   0           7 = DUSTSTORM OR SANDSTORM:
                                                       VSBY 1/2 MILE OR LESS
                                                   8 = SMOKE OR HAZE
[NO. OF DAYS WITH]      [WEATHER - DAYS WITH]      9 = BLOWING SNOW
                                                   X = TORNADO
MAX 32 OR BELOW:   0    0.01 INCH OR MORE:  11
MAX 90 OR ABOVE:   0    0.10 INCH OR MORE:   5
MIN 32 OR BELOW:   0    0.50 INCH OR MORE:   0
MIN  0 OR BELOW:   0    1.00 INCH OR MORE:   0

[HDD (BASE 65) ]
TOTAL THIS MO.   224    CLEAR  (SCALE 0-3)   9
DPTR FM NORMAL    44    PTCLDY (SCALE 4-7)   9
TOTAL FM JUL 1  5344    CLOUDY (SCALE 8-10)  6
DPTR FM NORMAL  -738

[CDD (BASE 65) ]
TOTAL THIS MO.     3
DPTR FM NORMAL   -24    [PRESSURE DATA]
TOTAL FM JAN 1     3    HIGHEST SLP M ON M
DPTR FM NORMAL   -32    LOWEST  SLP 29.59 ON  4

[REMARKS]
