568
CXUS51 KCLE 260800
CF6TOL
PRELIMINARY LOCAL CLIMATOLOGICAL DATA (WS FORM: F-6)

                                          STATION:   TOLEDO OH
                                          MONTH:     MAY
                                          YEAR:      2017
                                          LATITUDE:   41 35 N
                                          LONGITUDE:  83 48 W

  TEMPERATURE IN F:       :PCPN:    SNOW:  WIND      :SUNSHINE: SKY     :PK WND
================================================================================
1   2   3   4   5  6A  6B    7    8   9   10  11  12  13   14  15   16   17  18
                                     12Z  AVG MX 2MIN
DY MAX MIN AVG DEP HDD CDD  WTR  SNW DPTH SPD SPD DIR MIN PSBL S-S WX    SPD DR
================================================================================

 1  67  48  58   3   7   0 0.16  0.0    0 12.3 31 250   M    M   9 1      38 250
 2  50  41  46  -9  19   0 0.04  0.0    0 18.0 37 240   M    M   9 1      43 240
 3  58  38  48  -8  17   0 0.01  0.0    0  5.8 17 310   M    M   3 1      22 330
 4  50  44  47  -9  18   0 1.74  0.0    0 12.8 26  60   M    M   9 1      34  70
 5  45  42  44 -12  21   0 0.91  0.0    0 14.0 25  20   M    M   8 1      35  10
 6  59  40  50  -7  15   0 0.00  0.0    0 10.0 22 310   M    M   4        27 350
 7  57  37  47 -10  18   0 0.00  0.0    0 11.7 22 290   M    M   1        30 320
 8  58  33  46 -11  19   0 0.00  0.0    0  7.0 17 270   M    M   0        25 280
 9  62  33  48 -10  17   0 0.00  0.0    0  4.2 12  90   M    M   2        13 100
10  66  43  55  -3  10   0 0.00  0.0    0  8.6 18  60   M    M   5        24  60
11  62  45  54  -4  11   0 0.37  0.0    0  8.4 21  60   M    M   9 1      26  60
12  65  42  54  -4  11   0 0.00  0.0    0  5.8 15  80   M    M   2        20  50
13  74  41  58  -1   7   0 0.00  0.0    0  5.7 18 250   M    M   2 1      24 260
14  75  50  63   4   2   0 0.00  0.0    0  9.5 20 330   M    M   3        25 310
15  73  42  58  -1   7   0 0.00  0.0    0  4.7 13  80   M    M   0        16 140
16  86  53  70  10   0   5    T  0.0    0  9.7 23 240   M    M   1        31 250
17  87  67  77  17   0  12 0.00  0.0    0 13.9 30 240   M    M   2        42 230
18  88  68  78  18   0  13    T  0.0    0 15.5 30 230   M    M   3        43 250
19  68  48  58  -3   7   0 0.25  0.0    0 10.6 23  70   M    M   7 1      28  70
20  61  47  54  -7  11   0 0.31  0.0    0 11.5 23  70   M    M   8 13     27  80
21  76  55  66   5   0   1 0.13  0.0    0  9.9 26 250   M    M   7 13     36 250
22  70  50  60  -2   5   0 0.00  0.0    0 11.9 23 250   M    M   3        29 240
23  74  52  63   1   2   0 0.00  0.0    0  6.9 15  60   M    M   3        17  60
24  67  54  61  -1   4   0 0.42  0.0    0 11.0 22  60   M    M   6 13     27  70
25  63  58  61  -2   4   0 0.01  0.0    0  9.7 16  60   M    M  10 1      21  60
================================================================================
SM 1661 1171       232  31  4.35     0.0 249.1          M      116
================================================================================
AV 66.4 46.8                              10.0 FASTST   M    M   5    MAX(MPH)
                                 MISC ---->  # 37 240               # 43  240
================================================================================
NOTES:
# LAST OF SEVERAL OCCURRENCES

COLUMN 17 PEAK WIND IN M.P.H.

PRELIMINARY LOCAL CLIMATOLOGICAL DATA (WS FORM: F-6) , PAGE 2

                                          STATION:  TOLEDO OH
                                          MONTH:    MAY
                                          YEAR:     2017
                                          LATITUDE:   41 35 N
                                          LONGITUDE:  83 48 W

[TEMPERATURE DATA]      [PRECIPITATION DATA]       SYMBOLS USED IN COLUMN 16

AVERAGE MONTHLY: 56.6   TOTAL FOR MONTH:   4.35    1 = FOG OR MIST
DPTR FM NORMAL:  -2.2   DPTR FM NORMAL:    1.50    2 = FOG REDUCING VISIBILITY
HIGHEST:    88 ON 18    GRTST 24HR  1.74 ON  4- 4      TO 1/4 MILE OR LESS
LOWEST:     33 ON  9, 8                            3 = THUNDER
                        SNOW, ICE PELLETS, HAIL    4 = ICE PELLETS
                        TOTAL MONTH:   0.0 INCH    5 = HAIL
                        GRTST 24HR     0.0         6 = FREEZING RAIN OR DRIZZLE
                        GRTST DEPTH:   0           7 = DUSTSTORM OR SANDSTORM:
                                                       VSBY 1/2 MILE OR LESS
                                                   8 = SMOKE OR HAZE
[NO. OF DAYS WITH]      [WEATHER - DAYS WITH]      9 = BLOWING SNOW
                                                   X = TORNADO
MAX 32 OR BELOW:   0    0.01 INCH OR MORE:  11
MAX 90 OR ABOVE:   0    0.10 INCH OR MORE:   8
MIN 32 OR BELOW:   0    0.50 INCH OR MORE:   2
MIN  0 OR BELOW:   0    1.00 INCH OR MORE:   1

[HDD (BASE 65) ]
TOTAL THIS MO.   232    CLEAR  (SCALE 0-3)  13
DPTR FM NORMAL    47    PTCLDY (SCALE 4-7)   5
TOTAL FM JUL 1  5287    CLOUDY (SCALE 8-10)  7
DPTR FM NORMAL  -800

[CDD (BASE 65) ]
TOTAL THIS MO.    31
DPTR FM NORMAL     2    [PRESSURE DATA]
TOTAL FM JAN 1    39    HIGHEST SLP M ON M
DPTR FM NORMAL     2    LOWEST  SLP 29.39 ON  5

[REMARKS]
