000
CXUS53 KTOP 010820
CF6TOP
PRELIMINARY LOCAL CLIMATOLOGICAL DATA (WS FORM: F-6)

                                          STATION:   Topeka KS
                                          MONTH:     FEBRUARY
                                          YEAR:      2015
                                          LATITUDE:   39  4 N
                                          LONGITUDE:  95 38 W

  TEMPERATURE IN F:       :PCPN:    SNOW:  WIND      :SUNSHINE: SKY     :PK WND
================================================================================
1   2   3   4   5  6A  6B    7    8   9   10  11  12  13   14  15   16   17  18
                                     12Z  AVG MX 2MIN
DY MAX MIN AVG DEP HDD CDD  WTR  SNW DPTH SPD SPD DIR MIN PSBL S-S WX    SPD DR
================================================================================

 1  34   9  22  -9  43   0 0.24  0.4    T 15.5 32 310   M    M  10 18     43 310
 2  28   5  17 -14  48   0 0.00  0.0    T  6.7 17 180   M    M   0        21 170
 3  55  19  37   6  28   0 0.00  0.0    T  5.9 23 210   M    M   0        31 210
 4  37   8  23  -8  42   0 0.11  1.1    0 11.3 22 360   M    M   4 18     29  20
 5  32   0  16 -16  49   0 0.00  0.0    1  5.5 16 180   M    M   1 18     21 180
 6  60  28  44  12  21   0 0.00  0.0    1  7.3 18 200   M    M   0        25 200
 7  68  29  49  17  16   0 0.00  0.0    0  7.5 16 180   M    M   0        20 180
 8  69  37  53  21  12   0 0.00  0.0    0  8.1 20 300   M    M   1        24 300
 9  44  29  37   5  28   0 0.00  0.0    0  6.7 14  20   M    M   5 18     18  10
10  54  28  41   8  24   0 0.00  0.0    0  7.1 17 140   M    M   2 18     21 140
11  40  24  32  -1  33   0 0.00  0.0    0 10.4 26 340   M    M   4        33 350
12  31  12  22 -11  43   0 0.00  0.0    0  8.9 28 350   M    M   3        35 340
13  50  20  35   1  30   0 0.00  0.0    0  5.0 15 310   M    M   1        19 300
14  40  20  30  -4  35   0 0.00  0.0    0 11.1 28  20   M    M   2        35  20
15  22  15  19 -15  46   0 0.11  0.8    0 12.2 20  60   M    M   6 1      22  60
16  26  13  20 -15  45   0 0.04  0.6    1  4.8  9 350   M    M   8 1      11  30
17  32  11  22 -13  43   0 0.11  1.8    1  6.7 22 310   M    M   6 1      28 320
18  19   2  11 -24  54   0 0.00  0.0    2  9.3 24 310   M    M   0        33 310
19  22   1  12 -24  53   0 0.00  0.0    2  6.2 15 120   M    M   5        19 130
20  39  13  26 -10  39   0 0.04    T    1  5.6 13 160   M    M   4 18     17 160
21  49  27  38   2  27   0 0.08  0.0    0  8.6 22  10   M    M   4 12     29 360
22  27  15  21 -16  44   0    T    T    0 14.2 24 360   M    M   5        32  10
23  24  10  17 -20  48   0 0.00  0.0    0  5.1 16 360   M    M   2        19 360
24  49  19  34  -3  31   0 0.00  0.0    0  7.0 18 260   M    M   0        24 260
25  58  19  39   1  26   0    T    T    0 11.1 32 340   M    M   3        41 360
26  22   6  14 -24  51   0    T    T    0 14.4 30 360   M    M   2        36 360
27  20   3  12 -27  53   0 0.00  0.0    0  3.3  9  90   M    M   5        11  90
28  25  12  19 -20  46   0 0.14  1.8    0  4.8 12 120   M    M   9 18     14 120
================================================================================
SM 1076  434      1058   0  0.87     6.5 230.3          M       92
================================================================================
AV 38.4 15.5                               8.2 FASTST   M    M   3    MAX(MPH)
                                 MISC ---->  # 32 310               # 43  310
================================================================================
NOTES:
# LAST OF SEVERAL OCCURRENCES

COLUMN 17 PEAK WIND IN M.P.H.

PRELIMINARY LOCAL CLIMATOLOGICAL DATA (WS FORM: F-6) , PAGE 2

                                          STATION:  Topeka KS
                                          MONTH:    FEBRUARY
                                          YEAR:     2015
                                          LATITUDE:   39  4 N
                                          LONGITUDE:  95 38 W

[TEMPERATURE DATA]      [PRECIPITATION DATA]       SYMBOLS USED IN COLUMN 16

AVERAGE MONTHLY: 27.0   TOTAL FOR MONTH:   0.87    1 = FOG OR MIST
DPTR FM NORMAL:  -7.4   DPTR FM NORMAL:   -0.45    2 = FOG REDUCING VISIBILITY
HIGHEST:    69 ON  8    GRTST 24HR  1.15 ON 31- 1      TO 1/4 MILE OR LESS
LOWEST:      0 ON  5                               3 = THUNDER
                        SNOW, ICE PELLETS, HAIL    4 = ICE PELLETS
                        TOTAL MONTH:   6.5 INCHES  5 = HAIL
                        GRTST 24HR   1.8 ON   M    6 = FREEZING RAIN OR DRIZZLE
                        GRTST DEPTH:   2 ON 19,18  7 = DUSTSTORM OR SANDSTORM:
                                                       VSBY 1/2 MILE OR LESS
                                                   8 = SMOKE OR HAZE
[NO. OF DAYS WITH]      [WEATHER - DAYS WITH]      9 = BLOWING SNOW
                                                   X = TORNADO
MAX 32 OR BELOW:  13    0.01 INCH OR MORE:   8
MAX 90 OR ABOVE:   0    0.10 INCH OR MORE:   5
MIN 32 OR BELOW:  27    0.50 INCH OR MORE:   0
MIN  0 OR BELOW:   1    1.00 INCH OR MORE:   0

[HDD (BASE 65) ]
TOTAL THIS MO.  1058    CLEAR  (SCALE 0-3)  14
DPTR FM NORMAL   201    PTCLDY (SCALE 4-7)  12
TOTAL FM JUL 1  4001    CLOUDY (SCALE 8-10)  2
DPTR FM NORMAL    34

[CDD (BASE 65) ]
TOTAL THIS MO.     0
DPTR FM NORMAL     0    [PRESSURE DATA]
TOTAL FM JAN 1     0    HIGHEST SLP 30.84 ON 23
DPTR FM NORMAL     0    LOWEST  SLP 29.62 ON  7

[REMARKS]
#FINAL-02-15#
