000
CXUS56 KLKN 292242
CF6TPH
PRELIMINARY LOCAL CLIMATOLOGICAL DATA (WS FORM: F-6)

                                          STATION:   TONOPAH AIRPORT NV
                                          MONTH:     APRIL
                                          YEAR:      2017
                                          LATITUDE:   38  3 N
                                          LONGITUDE: 117  5 W

  TEMPERATURE IN F:       :PCPN:    SNOW:  WIND      :SUNSHINE: SKY     :PK WND
================================================================================
1   2   3   4   5  6A  6B    7    8   9   10  11  12  13   14  15   16   17  18
                                     12Z  AVG MX 2MIN
DY MAX MIN AVG DEP HDD CDD  WTR  SNW DPTH SPD SPD DIR MIN PSBL S-S WX    SPD DR
================================================================================

 1  65  36  51   5  14   0 0.00    M    M 15.8 26 330   M    M   0        34 340
 2  67  37  52   6  13   0 0.00    M    M 12.4 28 320   M    M   1        35 330
 3  57  34  46   0  19   0 0.00    M    M 18.0 36 320   M    M   1        47 330
 4  64  28  46   0  19   0 0.00    M    M  6.4 17  40   M    M   3        25  40
 5  70  37  54   7  11   0 0.00    M    M 10.1 22 200   M    M   0        31 170
 6  71  46  59  12   6   0 0.00    M    M 15.9 31 200   M    M   0        39 200
 7  66  45  56   9   9   0 0.14    M    M 16.3 33 200   M    M   8        42 200
 8  56  30  43  -4  22   0    T    M    M 16.1 38 340   M    M   3        47 340
 9  53  25  39  -9  26   0 0.00    M    M  5.9 13  10   M    M   0        15 300
10  63  29  46  -2  19   0 0.00    M    M  6.5 15 190   M    M   0        20 190
11  64  38  51   3  14   0 0.00    M    M  6.5 22 200   M    M   3        25 210
12  71  33  52   4  13   0 0.00    M    M 14.5 29 200   M    M   0        37 200
13  66  39  53   4  12   0 0.00    M    M 18.3 33 330   M    M   2        52 210
14  57  33  45  -4  20   0 0.00    M    M 12.5 23 320   M    M   0        29 310
15  66  31  49   0  16   0 0.00    M    M  7.4 15 200   M    M   0        19 140
16  73  44  59  10   6   0 0.00    M    M 11.1 28 190   M    M   1        36 190
17  72  38  55   5  10   0 0.00    M    M  9.7 23 200   M    M   4        28 170
18  61  36  49  -1  16   0 0.03    M    M 12.4 40 330   M    M   5 3      49 320
19  65  30  48  -2  17   0 0.00    M    M  6.8 18 330   M    M   0        28 330
20  64  41  53   2  12   0 0.00    M    M 15.4 29 340   M    M   0        35 360
21  69  35  52   1  13   0 0.00    M    M  9.9 21 330   M    M   0        29 330
22  72  38  55   4  10   0 0.00    M    M 10.1 22 190   M    M   0        27 210
23  70  41  56   4   9   0 0.00    M    M 13.1 30 320   M    M   0        38 330
24  63  43  53   1  12   0 0.00    M    M 14.4 30 350   M    M   1        37 330
25  60  40  50  -2  15   0 0.00    M    M 18.7 33 330   M    M   1        43 320
26  72  43  58   6   7   0    T    M    M 16.3 38 320   M    M   4        48 350
27  61  41  51  -2  14   0 0.00    M    M 23.6 40 350   M    M   1        50 330
28  54  34  44  -9  21   0    T    M    M 16.1 29  10   M    M   3        42 320
================================================================================
SM 1812 1025       395   0  0.17    M    360.2          M       41
================================================================================
AV 64.7 36.6                              12.9 FASTST   M    M   1    MAX(MPH)
                                 MISC ---->  # 40 330               # 52  210
================================================================================
NOTES:
# LAST OF SEVERAL OCCURRENCES

COLUMN 17 PEAK WIND IN M.P.H.

PRELIMINARY LOCAL CLIMATOLOGICAL DATA (WS FORM: F-6) , PAGE 2

                                          STATION:  TONOPAH AIRPORT NV
                                          MONTH:    APRIL
                                          YEAR:     2017
                                          LATITUDE:   38  3 N
                                          LONGITUDE: 117  5 W

[TEMPERATURE DATA]      [PRECIPITATION DATA]       SYMBOLS USED IN COLUMN 16

AVERAGE MONTHLY: 50.7   TOTAL FOR MONTH:   0.17    1 = FOG OR MIST
DPTR FM NORMAL:   1.5   DPTR FM NORMAL:   -0.22    2 = FOG REDUCING VISIBILITY
HIGHEST:    73 ON 16    GRTST 24HR  0.14 ON  7- 7      TO 1/4 MILE OR LESS
LOWEST:     25 ON  9                               3 = THUNDER
                        SNOW, ICE PELLETS, HAIL    4 = ICE PELLETS
                        TOTAL MONTH:    M          5 = HAIL
                        GRTST 24HR    M  ON   M    6 = FREEZING RAIN OR DRIZZLE
                        GRTST DEPTH:  M  ON   M    7 = DUSTSTORM OR SANDSTORM:
                                                       VSBY 1/2 MILE OR LESS
                                                   8 = SMOKE OR HAZE
[NO. OF DAYS WITH]      [WEATHER - DAYS WITH]      9 = BLOWING SNOW
                                                   X = TORNADO
MAX 32 OR BELOW:   0    0.01 INCH OR MORE:   2
MAX 90 OR ABOVE:   0    0.10 INCH OR MORE:   1
MIN 32 OR BELOW:   6    0.50 INCH OR MORE:   0
MIN  0 OR BELOW:   0    1.00 INCH OR MORE:   0

[HDD (BASE 65) ]
TOTAL THIS MO.   395    CLEAR  (SCALE 0-3)  24
DPTR FM NORMAL   -48    PTCLDY (SCALE 4-7)   4
TOTAL FM JUL 1  4791    CLOUDY (SCALE 8-10)  0
DPTR FM NORMAL  -379

[CDD (BASE 65) ]
TOTAL THIS MO.     0
DPTR FM NORMAL     0    [PRESSURE DATA]
TOTAL FM JAN 1     0    HIGHEST SLP M ON M
DPTR FM NORMAL     0    LOWEST  SLP 29.59 ON 13

[REMARKS]
