000
CXUS56 KLKN 251009
CF6TPH
PRELIMINARY LOCAL CLIMATOLOGICAL DATA (WS FORM: F-6)

                                          STATION:   TONOPAH AIRPORT NV
                                          MONTH:     JANUARY
                                          YEAR:      2015
                                          LATITUDE:   38  3 N
                                          LONGITUDE: 117  5 W

  TEMPERATURE IN F:       :PCPN:    SNOW:  WIND      :SUNSHINE: SKY     :PK WND
================================================================================
1   2   3   4   5  6A  6B    7    8   9   10  11  12  13   14  15   16   17  18
                                     12Z  AVG MX 2MIN
DY MAX MIN AVG DEP HDD CDD  WTR  SNW DPTH SPD SPD DIR MIN PSBL S-S WX    SPD DR
================================================================================

 1  37  14  26  -5  39   0 0.00    M    M 18.2 30 310   M    M   0        38 320
 2  45  11  28  -3  37   0 0.00    M    M  5.8 17 320   M    M   0        20 310
 3  51  15  33   1  32   0 0.00    M    M  8.1 21 320   M    M   0        24 330
 4  47  21  34   2  31   0 0.00    M    M  7.0 16 360   M    M   0        17 360
 5  56  22  39   7  26   0 0.00    M    M  6.0 15  10   M    M   0        17  10
 6  62  26  44  12  21   0 0.00    M    M  5.4 14  10   M    M   0        15  10
 7  64  26  45  13  20   0 0.00    M    M  7.7 15  10   M    M   0        18  20
 8  61  27  44  12  21   0 0.00    M    M  5.9 13 360   M    M   0        14 360
 9  58  25  42  10  23   0 0.00    M    M  4.6 15  20   M    M   3        17  20
10  58  33  46  14  19   0    T    M    M  4.9 21 290   M    M   7        26 280
11  53  28  41   9  24   0 0.00    M    M  6.3 13 360   M    M   1        23 340
12  50  28  39   7  26   0    T    M    M  9.6 26 320   M    M   3        32 330
13  48  26  37   5  28   0 0.00    M    M 13.5 25 330   M    M   0        32 320
14  49  20  35   3  30   0 0.00    M    M  7.9 17  10   M    M   0        19  10
15  52  18  35   3  30   0 0.00    M    M  6.4 14 360   M    M   0        15 360
16  54  26  40   8  25   0 0.00    M    M  5.7 16  30   M    M   1        27  50
17  57  27  42   9  23   0 0.00    M    M  6.8 17  20   M    M   0        20  20
18  57  31  44  11  21   0 0.00    M    M  6.8 14  10   M    M   0        16 360
19  61  30  46  13  19   0 0.00    M    M  8.6 20 350   M    M   0        26 350
20  50  26  38   5  27   0 0.00    M    M  6.8 13 360   M    M   0         M  M
21  51  25  38   5  27   0 0.00    M    M 12.3 28 300   M    M   0        32 300
22  50  18  34   1  31   0 0.00    M    M  5.7 20 360   M    M   0        22  10
23  56  24  40   7  25   0 0.00    M    M 12.7 28 330   M    M   0        32 310
24  59  27  43  10  22   0 0.00  0.0    0 12.7 23 320   M    M   0        30 320
================================================================================
SM 1286  574       627   0    T      0.0 195.4          M       15
================================================================================
AV 53.6 23.9                               8.1 FASTST   M    M   1    MAX(MPH)
                                 MISC ---->  # 30 310               # 38  320
================================================================================
NOTES:
# LAST OF SEVERAL OCCURRENCES

COLUMN 17 PEAK WIND IN M.P.H.

PRELIMINARY LOCAL CLIMATOLOGICAL DATA (WS FORM: F-6) , PAGE 2

                                          STATION:  TONOPAH AIRPORT NV
                                          MONTH:    JANUARY
                                          YEAR:     2015
                                          LATITUDE:   38  3 N
                                          LONGITUDE: 117  5 W

[TEMPERATURE DATA]      [PRECIPITATION DATA]       SYMBOLS USED IN COLUMN 16

AVERAGE MONTHLY: 38.8   TOTAL FOR MONTH:      T    1 = FOG OR MIST
DPTR FM NORMAL:   6.5   DPTR FM NORMAL:   -0.37    2 = FOG REDUCING VISIBILITY
HIGHEST:    64 ON  7    GRTST 24HR    T  ON 12-12      TO 1/4 MILE OR LESS
LOWEST:     11 ON  2                               3 = THUNDER
                        SNOW, ICE PELLETS, HAIL    4 = ICE PELLETS
                        TOTAL MONTH:   0.0 INCH    5 = HAIL
                        GRTST 24HR     0.0         6 = FREEZING RAIN OR DRIZZLE
                        GRTST DEPTH:   0           7 = DUSTSTORM OR SANDSTORM:
                                                       VSBY 1/2 MILE OR LESS
                                                   8 = SMOKE OR HAZE
[NO. OF DAYS WITH]      [WEATHER - DAYS WITH]      9 = BLOWING SNOW
                                                   X = TORNADO
MAX 32 OR BELOW:   0    0.01 INCH OR MORE:   0
MAX 90 OR ABOVE:   0    0.10 INCH OR MORE:   0
MIN 32 OR BELOW:  23    0.50 INCH OR MORE:   0
MIN  0 OR BELOW:   0    1.00 INCH OR MORE:   0

[HDD (BASE 65) ]
TOTAL THIS MO.   627    CLEAR  (SCALE 0-3)  23
DPTR FM NORMAL  -160    PTCLDY (SCALE 4-7)   1
TOTAL FM JUL 1  2430    CLOUDY (SCALE 8-10)  0
DPTR FM NORMAL  -602

[CDD (BASE 65) ]
TOTAL THIS MO.     0
DPTR FM NORMAL     0    [PRESSURE DATA]
TOTAL FM JAN 1     0    HIGHEST SLP M ON M
DPTR FM NORMAL     0    LOWEST  SLP 30.05 ON 10

[REMARKS]
