000
CXUS54 KFWD 250730
CF6TPL
PRELIMINARY LOCAL CLIMATOLOGICAL DATA (WS FORM: F-6)

                                          STATION:   TEMPLE
                                          MONTH:     OCTOBER
                                          YEAR:      2014
                                          LATITUDE:   31  8 N
                                          LONGITUDE:  97 25 W

  TEMPERATURE IN F:       :PCPN:    SNOW:  WIND      :SUNSHINE: SKY     :PK WND
================================================================================
1   2   3   4   5  6A  6B    7    8   9   10  11  12  13   14  15   16   17  18
                                     12Z  AVG MX 2MIN
DY MAX MIN AVG DEP HDD CDD  WTR  SNW DPTH SPD SPD DIR MIN PSBL S-S WX    SPD DR
================================================================================

 1  91  73  82  10   0  17 0.00  0.0    0 11.6 17 180   M    M   5        20 160
 2  93  70  82  10   0  17 0.36  0.0    0 15.5 25 190   M    M   5 3      30 190
 3  82  55  69  -2   0   4 0.00  0.0    0  9.1 18 340   M    M   0        23  20
 4  79  50  65  -6   0   0 0.00  0.0    0  7.0 14 180   M    M   0        16 160
 5  84  57  71   0   0   6 0.00  0.0    0 12.9 23 180   M    M   4        29 180
 6  82  66  74   4   0   9 0.00  0.0    0 12.5 29 100   M    M   3        36 100
 7  93  66  80  10   0  15 0.00  0.0    0 12.7 18 170   M    M   3        24 200
 8  90  72  81  11   0  16 0.00  0.0    0 14.1 21 180   M    M   4        28 160
 9  93  73  83  14   0  18 0.00  0.0    0 15.4 21 180   M    M   6        30 170
10  93  72  83  14   0  18 0.00  0.0    0 13.8 20 180   M    M   6        28 170
11  77  57  67  -2   0   2 0.85  0.0    0  9.8 22 350   M    M  10 13     30 350
12  73  57  65  -3   0   0 0.82  0.0    0  7.3 16 160   M    M   8        22 150
13  75  55  65  -3   0   0 0.66  0.0    0 17.5 31 300   M    M   4 3      43 300
14  79  52  66  -2   0   1 0.00  0.0    0  9.1 20 330   M    M   0        28 330
15  86  48  67  -1   0   2 0.00  0.0    0  4.6 16 280   M    M   0        21 280
16  86  52  69   2   0   4 0.00  0.0    0 10.5 18 170   M    M   0        24 180
17  86  55  71   4   0   6 0.00  0.0    0  9.3 14 170   M    M   0         M  M
18  84  63  74   7   0   9 0.00  0.0    0  5.4 12  50   M    M   4         M  M
19  79  63  71   5   0   6 0.00  0.0    0  6.7  9  80   M    M   5         M  M
20  82  57  70   4   0   5 0.00  0.0    0  3.6  8 100   M    M   1         M  M
21  81  54  68   2   0   3 0.00  0.0    0  4.6 10 120   M    M   0         M  M
22  82  57  70   4   0   5 0.00  0.0    0  5.6 13  70   M    M   1         M  M
23  82  63  73   8   0   8 0.00  0.0    0  5.1  8 120   M    M   3         M  M
24  82  57  70   5   0   5 0.00  0.0    0  6.4 10 170   M    M   0         M  M
================================================================================
SM 2014 1444         0 176  2.69     0.0 230.1          M       72
================================================================================
AV 83.9 60.2                               9.6 FASTST   M    M   3    MAX(MPH)
                                 MISC ---->    31   M                 43    M
================================================================================
NOTES:
# LAST OF SEVERAL OCCURRENCES

COLUMN 17 PEAK WIND IN M.P.H.

PRELIMINARY LOCAL CLIMATOLOGICAL DATA (WS FORM: F-6) , PAGE 2

                                          STATION:  TEMPLE
                                          MONTH:    OCTOBER
                                          YEAR:     2014
                                          LATITUDE:   31  8 N
                                          LONGITUDE:  97 25 W

[TEMPERATURE DATA]      [PRECIPITATION DATA]       SYMBOLS USED IN COLUMN 16

AVERAGE MONTHLY: 72.0   TOTAL FOR MONTH:   2.69    1 = FOG OR MIST
DPTR FM NORMAL:   3.7   DPTR FM NORMAL:   -0.11    2 = FOG REDUCING VISIBILITY
HIGHEST:    93 ON 10, 9 GRTST 24HR  0.85 ON 11-11      TO 1/4 MILE OR LESS
LOWEST:     48 ON 15                               3 = THUNDER
                        SNOW, ICE PELLETS, HAIL    4 = ICE PELLETS
                        TOTAL MONTH:   0.0 INCH    5 = HAIL
                        GRTST 24HR     0.0         6 = FREEZING RAIN OR DRIZZLE
                        GRTST DEPTH:   0           7 = DUSTSTORM OR SANDSTORM:
                                                       VSBY 1/2 MILE OR LESS
                                                   8 = SMOKE OR HAZE
[NO. OF DAYS WITH]      [WEATHER - DAYS WITH]      9 = BLOWING SNOW
                                                   X = TORNADO
MAX 32 OR BELOW:   0    0.01 INCH OR MORE:   4
MAX 90 OR ABOVE:   6    0.10 INCH OR MORE:   4
MIN 32 OR BELOW:   0    0.50 INCH OR MORE:   3
MIN  0 OR BELOW:   0    1.00 INCH OR MORE:   0

[HDD (BASE 65) ]
TOTAL THIS MO.     0    CLEAR  (SCALE 0-3)  13
DPTR FM NORMAL   -42    PTCLDY (SCALE 4-7)   9
TOTAL FM JUL 1     2    CLOUDY (SCALE 8-10)  2
DPTR FM NORMAL   -47

[CDD (BASE 65) ]
TOTAL THIS MO.   176
DPTR FM NORMAL    54    [PRESSURE DATA]
TOTAL FM JAN 1  2599    HIGHEST SLP M ON M
DPTR FM NORMAL   151    LOWEST  SLP M ON M

[REMARKS]
