000
CXUS54 KFWD 300730
CF6TPL
PRELIMINARY LOCAL CLIMATOLOGICAL DATA (WS FORM: F-6)

                                          STATION:   TEMPLE
                                          MONTH:     AUGUST
                                          YEAR:      2014
                                          LATITUDE:   31  8 N
                                          LONGITUDE:  97 25 W

  TEMPERATURE IN F:       :PCPN:    SNOW:  WIND      :SUNSHINE: SKY     :PK WND
================================================================================
1   2   3   4   5  6A  6B    7    8   9   10  11  12  13   14  15   16   17  18
                                     12Z  AVG MX 2MIN
DY MAX MIN AVG DEP HDD CDD  WTR  SNW DPTH SPD SPD DIR MIN PSBL S-S WX    SPD DR
================================================================================

 1  82  70  76  -8   0  11 0.00  0.0    0  8.8 12  20   M    M  10        16 360
 2  88  64  76  -8   0  11 0.00  0.0    0  8.5 15  10   M    M   4        21  40
 3  93  66  80  -4   0  15 0.00  0.0    0  8.5 16  40   M    M   2        21  40
 4  95  70  83  -1   0  18 0.00  0.0    0  8.3 16  30   M    M   3        22  30
 5  97  72  85   1   0  20 0.00  0.0    0  5.5 13 120   M    M   1         M  M
 6  97  73  85   1   0  20 0.00  0.0    0  9.7 14 130   M    M   0        22 140
 7 100  75  88   4   0  23 0.00  0.0    0 13.3 18 150   M    M   0        24 150
 8 100  75  88   4   0  23 0.00  0.0    0 11.9 17 190   M    M   0        22 180
 9  99  75  87   3   0  22 0.00  0.0    0 10.8 16 200   M    M   0        21 200
10 100  73  87   3   0  22 0.00  0.0    0  8.8 14 160   M    M   1 3      16 200
11  99  75  87   3   0  22 0.02  0.0    0  6.5 12 270   M    M   1 3      16 270
12  99  72  86   2   0  21 0.00  0.0    0  6.6 15  20   M    M   1        22  30
13  95  63  79  -5   0  14 0.00  0.0    0  6.3 13  10   M    M   0        18  40
14  97  66  82  -2   0  17 0.00  0.0    0  6.0 14  90   M    M   0        21  90
15  99  72  86   2   0  21 0.00  0.0    0  9.4 14 150   M    M   1        22 170
16 100  75  88   4   0  23 0.00  0.0    0 13.1 17 160   M    M   0        25 160
17  93  73  83  -1   0  18 0.01  0.0    0  9.9 16 290   M    M   2 3      28 290
18  99  72  86   2   0  21 0.00  0.0    0  9.9 16 180   M    M   2        24 180
19  97  75  86   2   0  21 0.00  0.0    0 12.5 17 180   M    M   0        27 180
20 100  75  88   4   0  23 0.00  0.0    0 15.6 22 160   M    M   2        27 190
21 100  75  88   5   0  23 0.00  0.0    0 16.6 22 150   M    M   1        31 190
22 100  75  88   5   0  23 0.00  0.0    0 13.6 20 170   M    M   1        25 160
23  99  73  86   3   0  21 0.00  0.0    0 11.1 15 160   M    M   0        21 190
24  99  73  86   3   0  21 0.00  0.0    0  9.4 15 160   M    M   0        21 130
25 100  73  87   4   0  22 0.00  0.0    0  7.6 12 140   M    M   0         M  M
26 100  75  88   5   0  23 0.00  0.0    0  7.2 18  90   M    M   1         M  M
27  99  72  86   4   0  21 0.00  0.0    0  6.4 16  70   M    M   1        22  80
28  99  70  85   3   0  20 0.00  0.0    0  8.0 20 120   M    M   2        28 120
29  97  70  84   2   0  19 0.10  0.0    0  7.1 14 120   M    M   3         M  M
================================================================================
SM 2822 2087         0 579  0.13     0.0 276.9          M       39
================================================================================
AV 97.3 72.0                               9.5 FASTST   M    M   1    MAX(MPH)
                                 MISC ---->    22   M                 31    M
================================================================================
NOTES:
# LAST OF SEVERAL OCCURRENCES

COLUMN 17 PEAK WIND IN M.P.H.

PRELIMINARY LOCAL CLIMATOLOGICAL DATA (WS FORM: F-6) , PAGE 2

                                          STATION:  TEMPLE
                                          MONTH:    AUGUST
                                          YEAR:     2014
                                          LATITUDE:   31  8 N
                                          LONGITUDE:  97 25 W

[TEMPERATURE DATA]      [PRECIPITATION DATA]       SYMBOLS USED IN COLUMN 16

AVERAGE MONTHLY: 84.6   TOTAL FOR MONTH:   0.13    1 = FOG OR MIST
DPTR FM NORMAL:   1.1   DPTR FM NORMAL:   -2.25    2 = FOG REDUCING VISIBILITY
HIGHEST:   100 ON 26,25 GRTST 24HR  0.10 ON 29-29      TO 1/4 MILE OR LESS
LOWEST:     63 ON 13                               3 = THUNDER
                        SNOW, ICE PELLETS, HAIL    4 = ICE PELLETS
                        TOTAL MONTH:   0.0 INCH    5 = HAIL
                        GRTST 24HR     0.0         6 = FREEZING RAIN OR DRIZZLE
                        GRTST DEPTH:   0           7 = DUSTSTORM OR SANDSTORM:
                                                       VSBY 1/2 MILE OR LESS
                                                   8 = SMOKE OR HAZE
[NO. OF DAYS WITH]      [WEATHER - DAYS WITH]      9 = BLOWING SNOW
                                                   X = TORNADO
MAX 32 OR BELOW:   0    0.01 INCH OR MORE:   3
MAX 90 OR ABOVE:  27    0.10 INCH OR MORE:   1
MIN 32 OR BELOW:   0    0.50 INCH OR MORE:   0
MIN  0 OR BELOW:   0    1.00 INCH OR MORE:   0

[HDD (BASE 65) ]
TOTAL THIS MO.     0    CLEAR  (SCALE 0-3)  27
DPTR FM NORMAL     0    PTCLDY (SCALE 4-7)   1
TOTAL FM JUL 1     2    CLOUDY (SCALE 8-10)  1
DPTR FM NORMAL     2

[CDD (BASE 65) ]
TOTAL THIS MO.   579
DPTR FM NORMAL    41    [PRESSURE DATA]
TOTAL FM JAN 1  1935    HIGHEST SLP M ON M
DPTR FM NORMAL    14    LOWEST  SLP M ON M

[REMARKS]
