000
CXUS54 KFWD 010730
CF6TPL
PRELIMINARY LOCAL CLIMATOLOGICAL DATA (WS FORM: F-6)

                                          STATION:   TEMPLE
                                          MONTH:     AUGUST
                                          YEAR:      2015
                                          LATITUDE:   31  8 N
                                          LONGITUDE:  97 25 W

  TEMPERATURE IN F:       :PCPN:    SNOW:  WIND      :SUNSHINE: SKY     :PK WND
================================================================================
1   2   3   4   5  6A  6B    7    8   9   10  11  12  13   14  15   16   17  18
                                     12Z  AVG MX 2MIN
DY MAX MIN AVG DEP HDD CDD  WTR  SNW DPTH SPD SPD DIR MIN PSBL S-S WX    SPD DR
================================================================================

 1  99  70  85   1   0  20 0.00  0.0    0  7.0 13  80   M    M   1        20  80
 2 100  72  86   2   0  21 0.00  0.0    0  4.6  9  30   M    M   2         M  M
 3  99  72  86   2   0  21 0.00  0.0    0  6.3 12 120   M    M   0        18 100
 4  99  73  86   2   0  21 0.00  0.0    0  9.5 15 140   M    M   1        18 190
 5  99  77  88   4   0  23 0.00  0.0    0 13.8 20 170   M    M   0        25 170
 6 100  75  88   4   0  23 0.00  0.0    0 14.0 22 190   M    M   0        28 190
 7 102  73  88   4   0  23 0.00  0.0    0 12.3 17 150   M    M   0        22 180
 8 100  73  87   3   0  22 0.00  0.0    0 12.7 17 150   M    M   0        23 170
 9 102  72  87   3   0  22 0.00  0.0    0 11.3 17 160   M    M   0        25 170
10 106  72  89   5   0  24 0.00  0.0    0  7.2 12 220   M    M   0         M  M
11 106  73  90   6   0  25 0.00  0.0    0  6.2 14 110   M    M   0        18 110
12 104  77  91   7   0  26 0.00  0.0    0  7.0 13 360   M    M   0        18  50
13 102  79  91   7   0  26 0.00  0.0    0  7.6 12  30   M    M   0        18  70
14 100  77  89   5   0  24 0.00  0.0    0  7.8 14  70   M    M   1        16 120
15 100  77  89   5   0  24 0.00  0.0    0  6.1 12  70   M    M   2        22  70
16  99  68  84   0   0  19 0.00  0.0    0  6.7 18 100   M    M   1        24 100
17  97  72  85   1   0  20 0.00  0.0    0  6.7 13 140   M    M   1        16 160
18  99  75  87   3   0  22 0.00  0.0    0 14.2 20 150   M    M   1        39 180
19  99  75  87   3   0  22 0.00  0.0    0 13.3 21 170   M    M   3        27 160
20  79  70  75  -9   0  10 0.01  0.0    0  9.2 15  20   M    M   7        20  20
21  90  70  80  -3   0  15 0.02  0.0    0  8.8 17 190   M    M   3        22 190
22  99  73  86   3   0  21 0.00  0.0    0 13.7 20 160   M    M   4        24 180
23  99  73  86   3   0  21 0.00  0.0    0 10.2 15 190   M    M   0        18 190
24 100  75  88   5   0  23 0.00  0.0    0  5.4 12 140   M    M   1         M  M
25  97  70  84   1   0  19 0.59  0.0    0  3.8  9 260   M    M   0 3       M  M
26  95  70  83   0   0  18 0.00  0.0    0  4.5  8  80   M    M   0         M  M
27  97  70  84   2   0  19 0.00  0.0    0  4.9  9 100   M    M   0         M  M
28  95  66  81  -1   0  16 0.00  0.0    0  6.8 14 140   M    M   0         M  M
29  93  70  82   0   0  17 0.00  0.0    0  7.1 10 170   M    M   0         M  M
30  93  73  83   1   0  18 0.00  0.0    0  5.6 13 320   M    M   2 3      16 320
31  93  70  82   0   0  17 0.00  0.0    0  9.4 18 140   M    M   0        24 140
================================================================================
SM 3042 2252         0 642  0.62     0.0 263.7          M       30
================================================================================
AV 98.1 72.6                               8.5 FASTST   M    M   1    MAX(MPH)
                                 MISC ---->    22   M                 39    M
================================================================================
NOTES:
# LAST OF SEVERAL OCCURRENCES

COLUMN 17 PEAK WIND IN M.P.H.

PRELIMINARY LOCAL CLIMATOLOGICAL DATA (WS FORM: F-6) , PAGE 2

                                          STATION:  TEMPLE
                                          MONTH:    AUGUST
                                          YEAR:     2015
                                          LATITUDE:   31  8 N
                                          LONGITUDE:  97 25 W

[TEMPERATURE DATA]      [PRECIPITATION DATA]       SYMBOLS USED IN COLUMN 16

AVERAGE MONTHLY: 85.4   TOTAL FOR MONTH:   0.62    1 = FOG OR MIST
DPTR FM NORMAL:   2.0   DPTR FM NORMAL:   -2.02    2 = FOG REDUCING VISIBILITY
HIGHEST:   106 ON 11,10 GRTST 24HR  0.59 ON 25-25      TO 1/4 MILE OR LESS
LOWEST:     66 ON 28                               3 = THUNDER
                        SNOW, ICE PELLETS, HAIL    4 = ICE PELLETS
                        TOTAL MONTH:   0.0 INCH    5 = HAIL
                        GRTST 24HR     0.0         6 = FREEZING RAIN OR DRIZZLE
                        GRTST DEPTH:   0           7 = DUSTSTORM OR SANDSTORM:
                                                       VSBY 1/2 MILE OR LESS
                                                   8 = SMOKE OR HAZE
[NO. OF DAYS WITH]      [WEATHER - DAYS WITH]      9 = BLOWING SNOW
                                                   X = TORNADO
MAX 32 OR BELOW:   0    0.01 INCH OR MORE:   3
MAX 90 OR ABOVE:  30    0.10 INCH OR MORE:   1
MIN 32 OR BELOW:   0    0.50 INCH OR MORE:   1
MIN  0 OR BELOW:   0    1.00 INCH OR MORE:   0

[HDD (BASE 65) ]
TOTAL THIS MO.     0    CLEAR  (SCALE 0-3)  28
DPTR FM NORMAL     0    PTCLDY (SCALE 4-7)   3
TOTAL FM JUL 1     0    CLOUDY (SCALE 8-10)  0
DPTR FM NORMAL     0

[CDD (BASE 65) ]
TOTAL THIS MO.   642
DPTR FM NORMAL    70    [PRESSURE DATA]
TOTAL FM JAN 1  2127    HIGHEST SLP M ON M
DPTR FM NORMAL   172    LOWEST  SLP M ON M

[REMARKS]
#FINAL-08-15#
