861
CXUS56 KSGX 281545
CF6TRM
PRELIMINARY LOCAL CLIMATOLOGICAL DATA (WS FORM: F-6)

                                          STATION:   THERMAL AIRPORT CA
                                          MONTH:     JULY
                                          YEAR:      2016
                                          LATITUDE:   33 37 N
                                          LONGITUDE: 116 10 W

  TEMPERATURE IN F:       :PCPN:    SNOW:  WIND      :SUNSHINE: SKY     :PK WND
================================================================================
1   2   3   4   5  6A  6B    7    8   9   10  11  12  13   14  15   16   17  18
                                     12Z  AVG MX 2MIN
DY MAX MIN AVG DEP HDD CDD  WTR  SNW DPTH SPD SPD DIR MIN PSBL S-S WX    SPD DR
================================================================================

 1 106  81  94   5   0  29 0.00  0.0    0  7.9 20 110   M    M   1        27 130
 2 107  76  92   3   0  27 0.00  0.0    0  7.0 18 150   M    M   0        23 150
 3 107  72  90   1   0  25 0.00  0.0    0  7.0 17 320   M    M   0        22 330
 4 110  79  95   6   0  30 0.00  0.0    0  8.3 21 330   M    M   0        27 340
 5 109  74  92   2   0  27 0.00  0.0    0  9.1 25 330   M    M   0        34 340
 6 105  66  86  -4   0  21 0.00  0.0    0  7.8 22 330   M    M   0        28 330
 7 105  65  85  -5   0  20 0.00  0.0    0  5.6 17 330   M    M   0        22 320
 8 106  69  88  -2   0  23 0.00  0.0    0  6.1 17 330   M    M   0        23 330
 9 109  77  93   3   0  28 0.00  0.0    0  8.6 25 330   M    M   0 8      32 330
10 113  84  99   9   0  34 0.00  0.0    0 11.2 23 340   M    M   0        28 340
11 108  63  86  -4   0  21 0.00  0.0    0  7.7 22 330   M    M   0        29 340
12 106  79  93   3   0  28 0.00  0.0    0  8.7 21 330   M    M   0        28 330
13 108  68  88  -2   0  23 0.00  0.0    0  4.8 14 150   M    M   0 8      17 150
14 110  70  90  -1   0  25 0.00  0.0    0  6.1 14 150   M    M   0        21 320
15 112  69  91   0   0  26 0.00  0.0    0  7.7 18 340   M    M   0        25 330
16 109  78  94   3   0  29 0.00  0.0    0  7.4 18 330   M    M   0        24 330
17 109  70  90  -1   0  25 0.00  0.0    0  5.4 15 140   M    M   0        20 150
18 108  69  89  -2   0  24 0.00  0.0    0  5.9 17 320   M    M   0        22 330
19 110  70  90  -1   0  25 0.00  0.0    0  4.3 14 140   M    M   0        19 140
20 111  73  92   1   0  27 0.00  0.0    0  5.8 14 150   M    M   0        21 140
21 116  79  98   7   0  33 0.00  0.0    0  6.7 15 340   M    M   0        18 330
22 115  79  97   6   0  32 0.00  0.0    0  5.4 15 140   M    M   0        20 150
23 110  76  93   2   0  28 0.00  0.0    0  6.6 22 140   M    M   0 8      30 140
24 108  78  93   2   0  28 0.00  0.0    0  6.9 20 130   M    M   1        25 150
25 108  80  94   3   0  29 0.00  0.0    0  4.4 13 130   M    M   0        17 120
26 112  85  99   8   0  34 0.00  0.0    0  7.6 16 140   M    M   0        21 130
27 114  85 100   9   0  35 0.00  0.0    0  7.5 21 340   M    M   0        29 330
================================================================================
SM 2951 2014         0 736  0.00     0.0 187.5          M        2
================================================================================
AV109.3 74.6                               6.9 FASTST   M    M   0    MAX(MPH)
                                 MISC ---->  # 25 330               # 34  340
================================================================================
NOTES:
# LAST OF SEVERAL OCCURRENCES

COLUMN 17 PEAK WIND IN M.P.H.

PRELIMINARY LOCAL CLIMATOLOGICAL DATA (WS FORM: F-6) , PAGE 2

                                          STATION:  THERMAL AIRPORT CA
                                          MONTH:    JULY
                                          YEAR:     2016
                                          LATITUDE:   33 37 N
                                          LONGITUDE: 116 10 W

[TEMPERATURE DATA]      [PRECIPITATION DATA]       SYMBOLS USED IN COLUMN 16

AVERAGE MONTHLY: 91.9   TOTAL FOR MONTH:   0.00    1 = FOG OR MIST
DPTR FM NORMAL:   1.6   DPTR FM NORMAL:   -0.12    2 = FOG REDUCING VISIBILITY
HIGHEST:   116 ON 21    GRTST 24HR  0.00 ON 27-27      TO 1/4 MILE OR LESS
LOWEST:     63 ON 11                               3 = THUNDER
                        SNOW, ICE PELLETS, HAIL    4 = ICE PELLETS
                        TOTAL MONTH:   0.0 INCH    5 = HAIL
                        GRTST 24HR     0.0         6 = FREEZING RAIN OR DRIZZLE
                        GRTST DEPTH:   0           7 = DUSTSTORM OR SANDSTORM:
                                                       VSBY 1/2 MILE OR LESS
                                                   8 = SMOKE OR HAZE
[NO. OF DAYS WITH]      [WEATHER - DAYS WITH]      9 = BLOWING SNOW
                                                   X = TORNADO
MAX 32 OR BELOW:   0    0.01 INCH OR MORE:   0
MAX 90 OR ABOVE:  27    0.10 INCH OR MORE:   0
MIN 32 OR BELOW:   0    0.50 INCH OR MORE:   0
MIN  0 OR BELOW:   0    1.00 INCH OR MORE:   0

[HDD (BASE 65) ]
TOTAL THIS MO.     0    CLEAR  (SCALE 0-3)  27
DPTR FM NORMAL     0    PTCLDY (SCALE 4-7)   0
TOTAL FM JUL 1     0    CLOUDY (SCALE 8-10)  0
DPTR FM NORMAL     0

[CDD (BASE 65) ]
TOTAL THIS MO.   736
DPTR FM NORMAL    51    [PRESSURE DATA]
TOTAL FM JAN 1  2374    HIGHEST SLP M ON M
DPTR FM NORMAL   408    LOWEST  SLP 29.79 ON 23

[REMARKS]
