000
CXUS56 KSGX 281445
CF6TRM

PRELIMINARY LOCAL CLIMATOLOGICAL DATA (WS FORM: F-6)

                                          STATION:   THERMAL AIRPORT CA
                                          MONTH:     DECEMBER
                                          YEAR:      2014
                                          LATITUDE:   33 37 N
                                          LONGITUDE: 116 10 W

  TEMPERATURE IN F:       :PCPN:    SNOW:  WIND      :SUNSHINE: SKY     :PK WND
================================================================================
1   2   3   4   5  6A  6B    7    8   9   10  11  12  13   14  15   16   17  18
                                     12Z  AVG MX 2MIN
DY MAX MIN AVG DEP HDD CDD  WTR  SNW DPTH SPD SPD DIR MIN PSBL S-S WX    SPD DR
================================================================================

 1  73  46  60   5   5   0 0.00  0.0    0  3.0  8 260   M    M   0         9 350
 2  69  54  62   7   3   0    T  0.0    0  4.0 12 310   M    M   8        14 320
 3  66  58  62   8   3   0 0.01  0.0    0  2.3  9 340   M    M   9        12 330
 4  69  50  60   6   5   0 0.00  0.0    0  2.2  8 130   M    M   5 1      11 150
 5  71  49  60   6   5   0 0.00  0.0    0  2.7  7  40   M    M   5 18      8 280
 6  80  55  68  14   0   3 0.00  0.0    0  4.0 13 310   M    M   0        16 330
 7  82  48  65  11   0   0 0.00  0.0    0  3.2  8 150   M    M   0        10 180
 8  81  49  65  12   0   0 0.00  0.0    0  4.5 10 340   M    M   0        13 340
 9  84  43  64  11   1   0 0.00  0.0    0  4.6 12 330   M    M   0 8      14 290
10  80  45  63  10   2   0 0.00  0.0    0  3.7  9 270   M    M   0        12 140
11  72  49  61   8   4   0 0.00  0.0    0  3.9  9 160   M    M   0        12 190
12  64  47  56   3   9   0 0.04    M    0  4.1 13 320   M    M   6 18     17 290
13  70  38  54   1  11   0 0.00  0.0    0  6.5 17 340   M    M   1        22 350
14  70  37  54   1  11   0 0.00  0.0    0  3.1  8 140   M    M   0        10 170
15  67  39  53   1  12   0 0.00  0.0    0  3.5  7 100   M    M   0         9 100
16  63  37  50  -2  15   0 0.00  0.0    0  2.7  8 130   M    M   3        10 130
17  61  43  52   0  13   0 0.08    M    0  2.6 10 150   M    M   6 18     14 120
18  68  40  54   2  11   0 0.00  0.0    0  3.2  8 250   M    M   0 18     14 310
19  68  36  52   0  13   0 0.00  0.0    0  3.6  8 330   M    M   0         9 150
20  67  38  53   1  12   0 0.00  0.0    0  2.5  8 330   M    M   0         9 320
21  69  40  55   3  10   0 0.00  0.0    0  2.9  7 220   M    M   0 18     10 140
22  73  39  56   4   9   0 0.00  0.0    0  3.3 12 140   M    M   0        14 150
23  83  47  65  12   0   0 0.00  0.0    0  8.0 15 170   M    M   0        21 160
24  70  39  55   2  10   0 0.00  0.0    0  3.6 15 280   M    M   0        17 280
25  69  39  54   1  11   0 0.00  0.0    0  9.2 22 340   M    M   1        28 350
26  64  36  50  -3  15   0 0.00  0.0    0  7.3 17 350   M    M   0        22 330
27  62  27  45  -8  20   0 0.00  0.0    0  4.4 13 310   M    M   0        18 350
================================================================================
SM 1915 1168       210   3  0.13     0.0 108.6          M       44
================================================================================
AV 70.9 43.3                               4.0 FASTST   M    M   2    MAX(MPH)
                                 MISC ---->  # 22 340               # 28  350
================================================================================
NOTES:
# LAST OF SEVERAL OCCURRENCES

COLUMN 17 PEAK WIND IN M.P.H.

PRELIMINARY LOCAL CLIMATOLOGICAL DATA (WS FORM: F-6) , PAGE 2

                                          STATION:  THERMAL AIRPORT CA
                                          MONTH:    DECEMBER
                                          YEAR:     2014
                                          LATITUDE:   33 37 N
                                          LONGITUDE: 116 10 W

[TEMPERATURE DATA]      [PRECIPITATION DATA]       SYMBOLS USED IN COLUMN 16

AVERAGE MONTHLY: 57.1   TOTAL FOR MONTH:   0.13    1 = FOG OR MIST
DPTR FM NORMAL:   4.1   DPTR FM NORMAL:   -0.16    2 = FOG REDUCING VISIBILITY
HIGHEST:    84 ON  9    GRTST 24HR  0.08 ON 17-17      TO 1/4 MILE OR LESS
LOWEST:     27 ON 27                               3 = THUNDER
                        SNOW, ICE PELLETS, HAIL    4 = ICE PELLETS
                        TOTAL MONTH:   0.0 INCH    5 = HAIL
                        GRTST 24HR     0.0         6 = FREEZING RAIN OR DRIZZLE
                        GRTST DEPTH:   0           7 = DUSTSTORM OR SANDSTORM:
                                                       VSBY 1/2 MILE OR LESS
                                                   8 = SMOKE OR HAZE
[NO. OF DAYS WITH]      [WEATHER - DAYS WITH]      9 = BLOWING SNOW
                                                   X = TORNADO
MAX 32 OR BELOW:   0    0.01 INCH OR MORE:   3
MAX 90 OR ABOVE:   0    0.10 INCH OR MORE:   0
MIN 32 OR BELOW:   1    0.50 INCH OR MORE:   0
MIN  0 OR BELOW:   0    1.00 INCH OR MORE:   0

[HDD (BASE 65) ]
TOTAL THIS MO.   210    CLEAR  (SCALE 0-3)  21
DPTR FM NORMAL  -114    PTCLDY (SCALE 4-7)   5
TOTAL FM JUL 1   319    CLOUDY (SCALE 8-10)  1
DPTR FM NORMAL  -172

[CDD (BASE 65) ]
TOTAL THIS MO.     3
DPTR FM NORMAL     3    [PRESSURE DATA]
TOTAL FM JAN 1  4261    HIGHEST SLP M ON M
DPTR FM NORMAL   575    LOWEST  SLP 29.76 ON 25

[REMARKS]
