000
CXUS55 KPQR 161230
CF6TTD
PRELIMINARY LOCAL CLIMATOLOGICAL DATA (WS FORM: F-6)

                                          STATION:   TROUTDALE OR
                                          MONTH:     APRIL
                                          YEAR:      2014
                                          LATITUDE:   45 33 N
                                          LONGITUDE: 122 25 W

  TEMPERATURE IN F:       :PCPN:    SNOW:  WIND      :SUNSHINE: SKY     :PK WND
================================================================================
1   2   3   4   5  6A  6B    7    8   9   10  11  12  13   14  15   16   17  18
                                     12Z  AVG MX 2MIN
DY MAX MIN AVG DEP HDD CDD  WTR  SNW DPTH SPD SPD DIR MIN PSBL S-S WX    SPD DR
================================================================================

 1  51  45  48  -2  17   0 0.14    M    0  2.5 13 210   M    M  10 1      18 220
 2  60  44  52   2  13   0 0.00  0.0    0  1.8  8 110   M    M   6        11 220
 3  60  41  51   1  14   0 0.16    M    0  7.1 26 220   M    M   8 1      35 210
 4  58  47  53   3  12   0 0.03    M    0  3.9 15 210   M    M  10 1      20 250
 5  56  48  52   2  13   0 0.34    M    0  5.1 18 210   M    M   9 1      23 220
 6  65  47  56   6   9   0    T    M    0  5.1 17 230   M    M   7        21 220
 7  76  43  60  10   5   0 0.00    M    M  2.6  8 270   M    M   2 12     11 340
 8  70  45  58   8   7   0 0.17    M    M  3.2  8 300   M    M   6 1       M  M
 9  63  44  54   4  11   0 0.00  0.0    0  3.8  9 350   M    M   1        14 250
10  66  37  52   1  13   0 0.00  0.0    0  3.5 12 240   M    M   0        14 230
11  69  38  54   3  11   0 0.00  0.0    0  4.7 13 310   M    M   0        19 310
12  64  44  54   3  11   0 0.00  0.0    0  3.4  9 240   M    M   6        14 270
13  71  36  54   3  11   0 0.00  0.0    0  8.9 21 100   M    M   0        27  90
14  73  49  61  10   4   0 0.00  0.0    0 11.5 23 100   M    M   1        30 100
15  60  47  54   3  11   0    T    M    0  5.3 10 210   M    M   8        13 210
================================================================================
SM  962  655       162   0  0.84     0.0  72.4          M       74
================================================================================
AV 64.1 43.7                               4.8 FASTST   M    M   5    MAX(MPH)
                                 MISC ---->  # 26 220               # 35  210
================================================================================
NOTES:
# LAST OF SEVERAL OCCURRENCES

COLUMN 17 PEAK WIND IN M.P.H.

PRELIMINARY LOCAL CLIMATOLOGICAL DATA (WS FORM: F-6) , PAGE 2

                                          STATION:  TROUTDALE OR
                                          MONTH:    APRIL
                                          YEAR:     2014
                                          LATITUDE:   45 33 N
                                          LONGITUDE: 122 25 W

[TEMPERATURE DATA]      [PRECIPITATION DATA]       SYMBOLS USED IN COLUMN 16

AVERAGE MONTHLY: 53.9   TOTAL FOR MONTH:   0.84    1 = FOG OR MIST
DPTR FM NORMAL:   3.5   DPTR FM NORMAL:   -1.17    2 = FOG REDUCING VISIBILITY
HIGHEST:    76 ON  7    GRTST 24HR  0.41 ON 31- 1      TO 1/4 MILE OR LESS
LOWEST:     36 ON 13                               3 = THUNDER
                        SNOW, ICE PELLETS, HAIL    4 = ICE PELLETS
                        TOTAL MONTH:   0.0 INCH    5 = HAIL
                        GRTST 24HR     0.0         6 = FREEZING RAIN OR DRIZZLE
                        GRTST DEPTH:   0           7 = DUSTSTORM OR SANDSTORM:
                                                       VSBY 1/2 MILE OR LESS
                                                   8 = SMOKE OR HAZE
[NO. OF DAYS WITH]      [WEATHER - DAYS WITH]      9 = BLOWING SNOW
                                                   X = TORNADO
MAX 32 OR BELOW:   0    0.01 INCH OR MORE:   5
MAX 90 OR ABOVE:   0    0.10 INCH OR MORE:   4
MIN 32 OR BELOW:   0    0.50 INCH OR MORE:   0
MIN  0 OR BELOW:   0    1.00 INCH OR MORE:   0

[HDD (BASE 65) ]
TOTAL THIS MO.   162    CLEAR  (SCALE 0-3)   6
DPTR FM NORMAL   -56    PTCLDY (SCALE 4-7)   6
TOTAL FM JUL 1  3841    CLOUDY (SCALE 8-10)  3
DPTR FM NORMAL  -239

[CDD (BASE 65) ]
TOTAL THIS MO.     0
DPTR FM NORMAL     0    [PRESSURE DATA]
TOTAL FM JAN 1     0    HIGHEST SLP M ON M
DPTR FM NORMAL     0    LOWEST  SLP 29.74 ON  1

[REMARKS]
