000
CXUS56 KPQR 251200
CF6TTD
PRELIMINARY LOCAL CLIMATOLOGICAL DATA (WS FORM: F-6)

                                          STATION:   TROUTDALE OR
                                          MONTH:     MAY
                                          YEAR:      2016
                                          LATITUDE:   45 33 N
                                          LONGITUDE: 122 25 W

  TEMPERATURE IN F:       :PCPN:    SNOW:  WIND      :SUNSHINE: SKY     :PK WND
================================================================================
1   2   3   4   5  6A  6B    7    8   9   10  11  12  13   14  15   16   17  18
                                     12Z  AVG MX 2MIN
DY MAX MIN AVG DEP HDD CDD  WTR  SNW DPTH SPD SPD DIR MIN PSBL S-S WX    SPD DR
================================================================================

 1  81  43  62   8   3   0 0.00  0.0    0  7.8 21  80   M    M   0        26  80
 2  88  63  76  22   0  11 0.00  0.0    0 10.5 25  90   M    M   0        32  90
 3  74  54  64  10   1   0 0.05  0.0    0  2.5 10 250   M    M   2 1      15 340
 4  64  53  59   4   6   0 0.01  0.0    0  3.4  8 250   M    M   9        11 280
 5  71  53  62   7   3   0 0.00  0.0    0  2.1  7 250   M    M   7        11 340
 6  83  50  67  12   0   2 0.00  0.0    0  3.5 13 310   M    M   1        21 320
 7  86  52  69  14   0   4 0.00  0.0    0  4.6 16 310   M    M   0        26 310
 8  67  52  60   4   5   0 0.00  0.0    0  6.3 13 310   M    M   7        20 320
 9  70  52  61   5   4   0 0.00  0.0    0  2.7 10 320   M    M   7        17 250
10  80  42  61   5   4   0 0.00  0.0    0  2.6 12 330   M    M   0        17 330
11  85  49  67  11   0   2 0.00  0.0    0  3.9 13  50   M    M   0        16  60
12  83  48  66   9   0   1 0.00  0.0    0  2.7  7 330   M    M   0        10 330
13  86  48  67  10   0   2 0.00  0.0    0  6.0 18  80   M    M   0        23  90
14  60  54  57   0   8   0 0.14  0.0    0  3.5 12 210   M    M   9 18     16 210
15  58  54  56  -1   9   0 0.65  0.0    0  3.1 12 250   M    M  10 1      14 220
16  62  54  58   0   7   0 0.00    M    M  3.5  9 250   M    M  10        11 260
17  76  55  66   8   0   1 0.00    M    M  2.2  8 230   M    M   5        12 230
18  75  51  63   5   2   0 0.00    M    M  4.0 15 320   M    M   4        23 330
19  58  50  54  -4  11   0 0.49    M    M  4.2 13 230   M    M  10 1      16 310
20  66  49  58   0   7   0    T    M    0  2.3 10  50   M    M   8        14  30
21  58  53  56  -2   9   0 0.25  0.0    0  5.0 14 240   M    M  10 1      19 220
22  67  52  60   1   5   0 0.13  0.0    0  4.8 17 220   M    M  10        22 210
23  66  53  60   1   5   0    T  0.0    0  3.4 10 240   M    M   7        15 250
24  73  54  64   5   1   0 0.00  0.0    0  3.9 12 310   M    M   7        20 290
================================================================================
SM 1737 1238        90  23  1.72     0.0  98.5          M      123
================================================================================
AV 72.4 51.6                               4.1 FASTST   M    M   5    MAX(MPH)
                                 MISC ---->  # 25  90               # 32   90
================================================================================
NOTES:
# LAST OF SEVERAL OCCURRENCES

COLUMN 17 PEAK WIND IN M.P.H.

PRELIMINARY LOCAL CLIMATOLOGICAL DATA (WS FORM: F-6) , PAGE 2

                                          STATION:  TROUTDALE OR
                                          MONTH:    MAY
                                          YEAR:     2016
                                          LATITUDE:   45 33 N
                                          LONGITUDE: 122 25 W

[TEMPERATURE DATA]      [PRECIPITATION DATA]       SYMBOLS USED IN COLUMN 16

AVERAGE MONTHLY: 62.0   TOTAL FOR MONTH:   1.72    1 = FOG OR MIST
DPTR FM NORMAL:   5.4   DPTR FM NORMAL:   -0.54    2 = FOG REDUCING VISIBILITY
HIGHEST:    88 ON  2    GRTST 24HR  0.73 ON 14-15      TO 1/4 MILE OR LESS
LOWEST:     42 ON 10                               3 = THUNDER
                        SNOW, ICE PELLETS, HAIL    4 = ICE PELLETS
                        TOTAL MONTH:   0.0 INCH    5 = HAIL
                        GRTST 24HR     0.0         6 = FREEZING RAIN OR DRIZZLE
                        GRTST DEPTH:   0           7 = DUSTSTORM OR SANDSTORM:
                                                       VSBY 1/2 MILE OR LESS
                                                   8 = SMOKE OR HAZE
[NO. OF DAYS WITH]      [WEATHER - DAYS WITH]      9 = BLOWING SNOW
                                                   X = TORNADO
MAX 32 OR BELOW:   0    0.01 INCH OR MORE:   7
MAX 90 OR ABOVE:   0    0.10 INCH OR MORE:   5
MIN 32 OR BELOW:   0    0.50 INCH OR MORE:   1
MIN  0 OR BELOW:   0    1.00 INCH OR MORE:   0

[HDD (BASE 65) ]
TOTAL THIS MO.    90    CLEAR  (SCALE 0-3)   9
DPTR FM NORMAL  -121    PTCLDY (SCALE 4-7)   8
TOTAL FM JUL 1  3389    CLOUDY (SCALE 8-10)  7
DPTR FM NORMAL -1091

[CDD (BASE 65) ]
TOTAL THIS MO.    23
DPTR FM NORMAL    16    [PRESSURE DATA]
TOTAL FM JAN 1    52    HIGHEST SLP M ON M
DPTR FM NORMAL    44    LOWEST  SLP 29.72 ON 20

[REMARKS]
