000
CXUS56 KPQR 011200
CF6TTD
PRELIMINARY LOCAL CLIMATOLOGICAL DATA (WS FORM: F-6)

                                          STATION:   TROUTDALE OR
                                          MONTH:     AUGUST
                                          YEAR:      2015
                                          LATITUDE:   45 33 N
                                          LONGITUDE: 122 25 W

  TEMPERATURE IN F:       :PCPN:    SNOW:  WIND      :SUNSHINE: SKY     :PK WND
================================================================================
1   2   3   4   5  6A  6B    7    8   9   10  11  12  13   14  15   16   17  18
                                     12Z  AVG MX 2MIN
DY MAX MIN AVG DEP HDD CDD  WTR  SNW DPTH SPD SPD DIR MIN PSBL S-S WX    SPD DR
================================================================================

 1  99  56  78   9   0  13 0.00  0.0    0  3.6 10 250   M    M   0        20 250
 2  81  62  72   3   0   7 0.00  0.0    0  1.7  8 240   M    M   0        14  30
 3  85  64  75   6   0  10    T  0.0    0  2.3 10 320   M    M   1        16 330
 4  84  59  72   3   0   7 0.00  0.0    0  4.4 13 320   M    M   2        20 330
 5  79  57  68  -1   0   3 0.00  0.0    0  4.1 13 320   M    M   4        19 310
 6  80  53  67  -2   0   2 0.00  0.0    0  3.4 13 260   M    M   1        21 250
 7  88  53  71   2   0   6 0.00  0.0    0  4.6 12 250   M    M   0        18 320
 8  84  63  74   5   0   9 0.00  0.0    0  4.2 14 240   M    M   6        20 250
 9  86  58  72   3   0   7 0.00  0.0    0  3.1 12 240   M    M   2        15 320
10  88  61  75   6   0  10 0.00  0.0    0  2.7 10 250   M    M   1        14 250
11  91  63  77   8   0  12 0.00  0.0    0  3.2 10 220   M    M   2        13 270
12  90  66  78   9   0  13 0.00  0.0    0  2.3  8 260   M    M   0        12 330
13  86  64  75   7   0  10 0.00  0.0    0  4.0 12 270   M    M   3        15 260
14  77  64  71   3   0   6 0.22  0.0    0  7.5 21 220   M    M   9 1      29 220
15  77  60  69   1   0   4 0.02  0.0    0  3.6 10 310   M    M   6 1      17 320
16  85  52  69   1   0   4 0.00  0.0    0  4.0 10 310   M    M   0        16 280
17  90  54  72   4   0   7 0.00  0.0    0  2.8 10 250   M    M   0        14 250
18  97  54  76   8   0  11 0.00  0.0    0  3.5 10 260   M    M   0        15 250
19  97  59  78  10   0  13 0.00  0.0    0  3.9 13 320   M    M   0        21 320
20  81  58  70   2   0   5 0.00  0.0    0  4.6 14 320   M    M   4        21 320
21  80  58  69   1   0   4 0.00  0.0    0  5.0 12 260   M    M   5        16 260
22  85  49  67   0   0   2 0.00  0.0    0  5.9 20 100   M    M   8 8      23  90
23  88  58  73   6   0   8 0.00  0.0    0  3.5  9 320   M    M   3 8      14 320
24  83  55  69   2   0   4 0.00  0.0    0  3.6 12 310   M    M   0 8      19 330
25  85  50  68   1   0   3 0.00  0.0    M  2.6 10 250   M    M   0        14 250
26  90  51  71   4   0   6 0.00  0.0    0  2.8  9 260   M    M   0        13 260
27  90  57  74   7   0   9 0.00  0.0    0  2.3 12 250   M    M   0        14 260
28  82  67  75   9   0  10    T  0.0    0  2.5  9  60   M    M   4        12 260
29  77  64  71   5   0   6 0.20    M    0 10.6 31 200   M    M   8 1      43 210
30  73  57  65  -1   0   0 0.92  0.0    M  6.3 16 190   M    M   8 18     23 220
31  75  56  66   0   0   1 0.00    M    M  3.9 13 240   M    M   9        17 240
================================================================================
SM 2633 1802         0 212  1.36     0.0 122.5          M       86
================================================================================
AV 84.9 58.1                               4.0 FASTST   M    M   3    MAX(MPH)
                                 MISC ---->  # 31 200               # 43  210
================================================================================
NOTES:
# LAST OF SEVERAL OCCURRENCES

COLUMN 17 PEAK WIND IN M.P.H.

PRELIMINARY LOCAL CLIMATOLOGICAL DATA (WS FORM: F-6) , PAGE 2

                                          STATION:  TROUTDALE OR
                                          MONTH:    AUGUST
                                          YEAR:     2015
                                          LATITUDE:   45 33 N
                                          LONGITUDE: 122 25 W

[TEMPERATURE DATA]      [PRECIPITATION DATA]       SYMBOLS USED IN COLUMN 16

AVERAGE MONTHLY: 71.5   TOTAL FOR MONTH:   1.36    1 = FOG OR MIST
DPTR FM NORMAL:   3.6   DPTR FM NORMAL:    0.50    2 = FOG REDUCING VISIBILITY
HIGHEST:    99 ON  1    GRTST 24HR  0.95 ON 29-30      TO 1/4 MILE OR LESS
LOWEST:     49 ON 22                               3 = THUNDER
                        SNOW, ICE PELLETS, HAIL    4 = ICE PELLETS
                        TOTAL MONTH:   0.0 INCH    5 = HAIL
                        GRTST 24HR     0.0         6 = FREEZING RAIN OR DRIZZLE
                        GRTST DEPTH:   0           7 = DUSTSTORM OR SANDSTORM:
                                                       VSBY 1/2 MILE OR LESS
                                                   8 = SMOKE OR HAZE
[NO. OF DAYS WITH]      [WEATHER - DAYS WITH]      9 = BLOWING SNOW
                                                   X = TORNADO
MAX 32 OR BELOW:   0    0.01 INCH OR MORE:   4
MAX 90 OR ABOVE:   8    0.10 INCH OR MORE:   3
MIN 32 OR BELOW:   0    0.50 INCH OR MORE:   1
MIN  0 OR BELOW:   0    1.00 INCH OR MORE:   0

[HDD (BASE 65) ]
TOTAL THIS MO.     0    CLEAR  (SCALE 0-3)  19
DPTR FM NORMAL   -29    PTCLDY (SCALE 4-7)   9
TOTAL FM JUL 1     1    CLOUDY (SCALE 8-10)  3
DPTR FM NORMAL   -61

[CDD (BASE 65) ]
TOTAL THIS MO.   212
DPTR FM NORMAL    91    [PRESSURE DATA]
TOTAL FM JAN 1   676    HIGHEST SLP 30.26 ON 15
DPTR FM NORMAL   380    LOWEST  SLP 29.53 ON 29

[REMARKS]
#FINAL-08-15#
