000
CXUS56 KPQR 291200
CF6TTD
PRELIMINARY LOCAL CLIMATOLOGICAL DATA (WS FORM: F-6)

                                          STATION:   TROUTDALE OR
                                          MONTH:     MARCH
                                          YEAR:      2015
                                          LATITUDE:   45 33 N
                                          LONGITUDE: 122 25 W

  TEMPERATURE IN F:       :PCPN:    SNOW:  WIND      :SUNSHINE: SKY     :PK WND
================================================================================
1   2   3   4   5  6A  6B    7    8   9   10  11  12  13   14  15   16   17  18
                                     12Z  AVG MX 2MIN
DY MAX MIN AVG DEP HDD CDD  WTR  SNW DPTH SPD SPD DIR MIN PSBL S-S WX    SPD DR
================================================================================

 1  58  35  47   2  18   0 0.00  0.0    0  5.3 20  90   M    M   0        25  90
 2  56  36  46   1  19   0    T    M    0  3.5 10 300   M    M   7        16 300
 3  57  29  43  -2  22   0 0.00  0.0    0  2.8 14  90   M    M   0        17  90
 4  59  29  44  -1  21   0 0.00  0.0    0  2.6  8 250   M    M   0         9 300
 5  61  29  45   0  20   0 0.00  0.0    0  1.8  8 100   M    M   0        12 220
 6  66  34  50   4  15   0 0.00  0.0    0  2.6  9  90   M    M   0        11  90
 7  68  32  50   4  15   0 0.00  0.0    0  1.4  8 240   M    M   0        12 270
 8  69  32  51   5  14   0 0.00  0.0    0  2.7  9 250   M    M   0 1      12 250
 9  69  36  53   7  12   0 0.00  0.0    0  1.9  7 310   M    M   0        12 270
10  68  36  52   6  13   0 0.00  0.0    0  3.2 16 100   M    M   1 1      20 100
11  59  51  55   8  10   0 0.17  0.0    0  4.6 15  90   M    M  10 1      20 240
12  69  52  61  14   4   0 0.00  0.0    0  3.0 17  80   M    M   5        24  80
13  66  54  60  13   5   0    T  0.0    0 14.6 25  90   M    M   1        33  90
14  58  53  56   9   9   0 1.52  0.0    0  4.9 18 220   M    M   9 1      24 230
15  63  47  55   8  10   0 0.81    M    0 10.6 37 210   M    M  10 18     49 220
16  64  38  51   3  14   0 0.00  0.0    0  5.7 16  90   M    M   3 12     22  90
17  59  45  52   4  13   0 0.18    M    0  4.8 18  90   M    M   9 1      24  90
18  63  43  53   5  12   0 0.00  0.0    0  1.3  6 100   M    M   5         9 330
19  67  40  54   6  11   0 0.00  0.0    0  3.9 10 110   M    M   0        13 110
20  68  43  56   8   9   0 0.32    M    0  6.7 20 210   M    M   4 1      26 220
21  61  47  54   6  11   0    T    M    0  7.7 20 200   M    M   4        27 190
22  58  47  53   5  12   0 0.04    M    0  7.8 17  80   M    M   9 8      22  80
23  56  45  51   2  14   0 0.44    M    0  9.5 24 190   M    M   8 18     32 210
24  57  44  51   2  14   0 0.12    M    0  6.4 20 240   M    M   8 1      26 220
25  63  48  56   7   9   0 0.20    M    0  6.2 14 230   M    M   8 1      19 250
26  73  48  61  12   4   0 0.00  0.0    0  3.1  9 100   M    M   1        12  90
27  72  44  58   9   7   0 0.03    M    0  6.9 20 240   M    M   3 1      24 240
28  62  50  56   7   9   0    T  0.0    0  7.4 18 220   M    M   6        24 250
================================================================================
SM 1769 1167       346   0  3.83     0.0 142.9          M      111
================================================================================
AV 63.2 41.7                               5.1 FASTST   M    M   4    MAX(MPH)
                                 MISC ---->  # 37 210               # 49  220
================================================================================
NOTES:
# LAST OF SEVERAL OCCURRENCES

COLUMN 17 PEAK WIND IN M.P.H.

PRELIMINARY LOCAL CLIMATOLOGICAL DATA (WS FORM: F-6) , PAGE 2

                                          STATION:  TROUTDALE OR
                                          MONTH:    MARCH
                                          YEAR:     2015
                                          LATITUDE:   45 33 N
                                          LONGITUDE: 122 25 W

[TEMPERATURE DATA]      [PRECIPITATION DATA]       SYMBOLS USED IN COLUMN 16

AVERAGE MONTHLY: 52.4   TOTAL FOR MONTH:   3.83    1 = FOG OR MIST
DPTR FM NORMAL:   5.3   DPTR FM NORMAL:   -0.38    2 = FOG REDUCING VISIBILITY
HIGHEST:    73 ON 26    GRTST 24HR  1.52 ON 14-14      TO 1/4 MILE OR LESS
LOWEST:     29 ON  5, 4                            3 = THUNDER
                        SNOW, ICE PELLETS, HAIL    4 = ICE PELLETS
                        TOTAL MONTH:   0.0 INCH    5 = HAIL
                        GRTST 24HR     0.0         6 = FREEZING RAIN OR DRIZZLE
                        GRTST DEPTH:   0           7 = DUSTSTORM OR SANDSTORM:
                                                       VSBY 1/2 MILE OR LESS
                                                   8 = SMOKE OR HAZE
[NO. OF DAYS WITH]      [WEATHER - DAYS WITH]      9 = BLOWING SNOW
                                                   X = TORNADO
MAX 32 OR BELOW:   0    0.01 INCH OR MORE:  10
MAX 90 OR ABOVE:   0    0.10 INCH OR MORE:   8
MIN 32 OR BELOW:   5    0.50 INCH OR MORE:   2
MIN  0 OR BELOW:   0    1.00 INCH OR MORE:   1

[HDD (BASE 65) ]
TOTAL THIS MO.   346    CLEAR  (SCALE 0-3)  13
DPTR FM NORMAL  -153    PTCLDY (SCALE 4-7)   9
TOTAL FM JUL 1  2791    CLOUDY (SCALE 8-10)  6
DPTR FM NORMAL -1024

[CDD (BASE 65) ]
TOTAL THIS MO.     0
DPTR FM NORMAL     0    [PRESSURE DATA]
TOTAL FM JAN 1     0    HIGHEST SLP M ON M
DPTR FM NORMAL     0    LOWEST  SLP 29.66 ON 15

[REMARKS]
