000
CXUS54 KTSA 250840
CF6TUL
PRELIMINARY LOCAL CLIMATOLOGICAL DATA (WS FORM: F-6)

                                          STATION:   TULSA OKLAHOMA
                                          MONTH:     APRIL
                                          YEAR:      2014
                                          LATITUDE:   36 12 N
                                          LONGITUDE:  95 54 W

  TEMPERATURE IN F:       :PCPN:    SNOW:  WIND      :SUNSHINE: SKY     :PK WND
================================================================================
1   2   3   4   5  6A  6B    7    8   9   10  11  12  13   14  15   16   17  18
                                     12Z  AVG MX 2MIN
DY MAX MIN AVG DEP HDD CDD  WTR  SNW DPTH SPD SPD DIR MIN PSBL S-S WX    SPD DR
================================================================================

 1  58  44  51  -5  14   0 0.00  0.0    0  9.5 18  10   M    M   7        25  20
 2  83  49  66  10   0   1 0.00  0.0    0 14.2 26 170   M    M   9        33 170
 3  84  46  65   8   0   0 0.00  0.0    0 17.2 28 320   M    M   7 3      34 310
 4  60  38  49  -8  16   0 0.00  0.0    0 11.4 26 320   M    M   2        35 320
 5  65  32  49  -8  16   0 0.00  0.0    0  6.0 20 170   M    M   6 1      24 170
 6  55  42  49  -9  16   0 0.09  0.0    0  6.1 16 140   M    M   9 1      19 120
 7  66  45  56  -2   9   0 0.16  0.0    0  6.6 22 350   M    M   9 1      27 350
 8  66  41  54  -4  11   0 0.00  0.0    0 13.3 35 350   M    M   4        45 350
 9  79  36  58  -1   7   0 0.00  0.0    0 11.1 25 180   M    M   2        33 200
10  87  57  72  13   0   7 0.00  0.0    0 13.8 26 190   M    M   7        34 180
11  80  48  64   5   1   0 0.00  0.0    0  9.5 22 170   M    M   4        26 170
12  84  63  74  14   0   9 0.00  0.0    0 19.3 32 180   M    M   8        43 180
13  83  43  63   3   2   0 0.31    T    0 21.9 37 180   M    M   9 358    47 280
14  50  35  43 -17  22   0    T    T    0 16.6 30 350   M    M   7 1      38 340
15  63  30  47 -13  18   0 0.00  0.0    0  5.6 15 160   M    M   2        21 160
16  66  46  56  -5   9   0 0.00  0.0    0 18.0 35 170   M    M   7        47 180
17  63  40  52  -9  13   0    T  0.0    0  6.5 15 350   M    M   9 1      17 350
18  75  36  56  -5   9   0 0.00  0.0    0  5.0 10 170   M    M   1 1      15  80
19  79  48  64   2   1   0 0.00  0.0    0  9.5 18 190   M    M   5        25 140
20  76  55  66   4   0   1    T  0.0    0  9.1 18 190   M    M   9        23 180
21  73  55  64   2   1   0 0.77  0.0    0  3.7 16  10   M    M   9 13     20  10
22  76  51  64   1   1   0 0.00  0.0    0  5.8 12  70   M    M   1 1      16  20
23  84  49  67   4   0   2    T  0.0    0 13.0 25 160   M    M   4 3      32 180
24  74  47  61  -2   4   0 0.11  0.0    0 17.8 36 180   M    M   7 13     43 180
================================================================================
SM 1729 1076       170  20  1.44    T    270.5          M      144
================================================================================
AV 72.0 44.8                              11.3 FASTST   M    M   6    MAX(MPH)
                                 MISC ---->  # 37 180               # 47  280
================================================================================
NOTES:
# LAST OF SEVERAL OCCURRENCES

COLUMN 17 PEAK WIND IN M.P.H.

PRELIMINARY LOCAL CLIMATOLOGICAL DATA (WS FORM: F-6) , PAGE 2

                                          STATION:  TULSA OKLAHOMA
                                          MONTH:    APRIL
                                          YEAR:     2014
                                          LATITUDE:   36 12 N
                                          LONGITUDE:  95 54 W

[TEMPERATURE DATA]      [PRECIPITATION DATA]       SYMBOLS USED IN COLUMN 16

AVERAGE MONTHLY: 58.4   TOTAL FOR MONTH:   1.44    1 = FOG OR MIST
DPTR FM NORMAL:  -1.2   DPTR FM NORMAL:   -1.41    2 = FOG REDUCING VISIBILITY
HIGHEST:    87 ON 10    GRTST 24HR  0.77 ON 21-21      TO 1/4 MILE OR LESS
LOWEST:     30 ON 15                               3 = THUNDER
                        SNOW, ICE PELLETS, HAIL    4 = ICE PELLETS
                        TOTAL MONTH:    T          5 = HAIL
                        GRTST 24HR    T  ON 14-14  6 = FREEZING RAIN OR DRIZZLE
                        GRTST DEPTH:   0           7 = DUSTSTORM OR SANDSTORM:
                                                       VSBY 1/2 MILE OR LESS
                                                   8 = SMOKE OR HAZE
[NO. OF DAYS WITH]      [WEATHER - DAYS WITH]      9 = BLOWING SNOW
                                                   X = TORNADO
MAX 32 OR BELOW:   0    0.01 INCH OR MORE:   5
MAX 90 OR ABOVE:   0    0.10 INCH OR MORE:   4
MIN 32 OR BELOW:   2    0.50 INCH OR MORE:   1
MIN  0 OR BELOW:   0    1.00 INCH OR MORE:   0

[HDD (BASE 65) ]
TOTAL THIS MO.   170    CLEAR  (SCALE 0-3)   5
DPTR FM NORMAL     4    PTCLDY (SCALE 4-7)  12
TOTAL FM JUL 1  4033    CLOUDY (SCALE 8-10)  7
DPTR FM NORMAL   518

[CDD (BASE 65) ]
TOTAL THIS MO.    20
DPTR FM NORMAL   -17    [PRESSURE DATA]
TOTAL FM JAN 1    21    HIGHEST SLP M ON M
DPTR FM NORMAL   -28    LOWEST  SLP 29.39 ON 13

[REMARKS]
