000
CXUS55 KTWC 290855
CF6TUS
PRELIMINARY LOCAL CLIMATOLOGICAL DATA (WS FORM: F-6)

                                          STATION:   TUCSON AZ
                                          MONTH:     JULY
                                          YEAR:      2015
                                          LATITUDE:   32  7 N
                                          LONGITUDE: 110 56 W

  TEMPERATURE IN F:       :PCPN:    SNOW:  WIND      :SUNSHINE: SKY     :PK WND
================================================================================
1   2   3   4   5  6A  6B    7    8   9   10  11  12  13   14  15   16   17  18
                                     12Z  AVG MX 2MIN
DY MAX MIN AVG DEP HDD CDD  WTR  SNW DPTH SPD SPD DIR MIN PSBL S-S WX    SPD DR
================================================================================

 1  96  71  84  -4   0  19 0.00  0.0    0  8.0 16 130   M    M   0        20 320
 2 101  74  88   0   0  23 0.00  0.0    0  6.7 17 270   M    M   0        23 300
 3 101  81  91   3   0  26 0.00  0.0    0  8.1 21  80   M    M   0        29  40
 4  94  81  88   0   0  23    T  0.0    0  7.5 22 190   M    M   3 3      28 200
 5  89  77  83  -5   0  18    T  0.0    0  7.2 21 270   M    M   5 3      27 280
 6  96  75  86  -2   0  21    T  0.0    0  5.2 18 280   M    M   2 3      24 290
 7 101  76  89   1   0  24 0.00  0.0    0  4.9 15 270   M    M   3        20 280
 8 102  77  90   2   0  25 0.00  0.0    M   M  22 280   M    M   M        29 240
 9  95  78  87  -1   0  22 0.00  0.0    M 10.6 30 200   M    M   2        37 190
10  96  76  86  -2   0  21 0.00  0.0    0  9.2 23 240   M    M   1        30 190
11 101  78  90   2   0  25 0.00  0.0    0  5.6 18 230   M    M   1        26 220
12 103  77  90   2   0  25 0.02  0.0    0  7.0 30 180   M    M   1 3      39 180
13 102  77  90   2   0  25    T  0.0    0  8.9 21 190   M    M   1 3      29 250
14 100  76  88   1   0  23 0.17  0.0    0  9.3 41 270   M    M   1 38     51 280
15  97  72  85  -2   0  20 0.25  0.0    0  6.6 17 140   M    M   2 38     20 140
16 101  77  89   2   0  24 0.01  0.0    0  6.2 32 170   M    M   3 3      41 170
17  94  78  86  -1   0  21 0.00  0.0    0  5.8 20 280   M    M   2        27 300
18  93  76  85  -2   0  20    T  0.0    0  5.2 21 170   M    M   1        24 180
19  95  73  84  -3   0  19 0.00  0.0    0  6.9 20 270   M    M   2        24 260
20  98  75  87   0   0  22 0.00  0.0    0  6.6 16 290   M    M   1        22 280
21 102  77  90   3   0  25 0.00  0.0    0  6.3 16 300   M    M   1        23 300
22  99  80  90   3   0  25    T  0.0    0  9.2 29 180   M    M   2 3      35 180
23  93  73  83  -4   0  18 0.07  0.0    0  8.3 18 170   M    M   4        22 200
24  99  74  87   1   0  22 0.00  0.0    0  6.9 17 280   M    M   2        23 280
25 100  80  90   4   0  25 0.00  0.0    0  6.9 17 340   M    M   0        22 340
26 102  77  90   4   0  25 0.00  0.0    0  7.6 18 270   M    M   1        24 270
27 102  81  92   6   0  27 0.00  0.0    0  8.0 20 260   M    M   0        25 260
28 103  72  88   2   0  23 1.49    M    0  9.3 43 350   M    M   2 38     65 340
================================================================================
SM 2755 2139         0 636  2.01     0.0 198.0          M       43
================================================================================
AV 98.4 76.4                               7.3 FASTST   M    M   2    MAX(MPH)
                                 MISC ---->  # 43 350               # 65  340
================================================================================
NOTES:
# LAST OF SEVERAL OCCURRENCES

COLUMN 17 PEAK WIND IN M.P.H.

PRELIMINARY LOCAL CLIMATOLOGICAL DATA (WS FORM: F-6) , PAGE 2

                                          STATION:  TUCSON AZ
                                          MONTH:    JULY
                                          YEAR:     2015
                                          LATITUDE:   32  7 N
                                          LONGITUDE: 110 56 W

[TEMPERATURE DATA]      [PRECIPITATION DATA]       SYMBOLS USED IN COLUMN 16

AVERAGE MONTHLY: 87.4   TOTAL FOR MONTH:   2.01    1 = FOG OR MIST
DPTR FM NORMAL:   0.1   DPTR FM NORMAL:    0.05    2 = FOG REDUCING VISIBILITY
HIGHEST:   103 ON 28,12 GRTST 24HR  1.49 ON 28-28      TO 1/4 MILE OR LESS
LOWEST:     71 ON  1                               3 = THUNDER
                        SNOW, ICE PELLETS, HAIL    4 = ICE PELLETS
                        TOTAL MONTH:   0.0 INCH    5 = HAIL
                        GRTST 24HR     0.0         6 = FREEZING RAIN OR DRIZZLE
                        GRTST DEPTH:   0           7 = DUSTSTORM OR SANDSTORM:
                                                       VSBY 1/2 MILE OR LESS
                                                   8 = SMOKE OR HAZE
[NO. OF DAYS WITH]      [WEATHER - DAYS WITH]      9 = BLOWING SNOW
                                                   X = TORNADO
MAX 32 OR BELOW:   0    0.01 INCH OR MORE:   6
MAX 90 OR ABOVE:  27    0.10 INCH OR MORE:   3
MIN 32 OR BELOW:   0    0.50 INCH OR MORE:   1
MIN  0 OR BELOW:   0    1.00 INCH OR MORE:   1

[HDD (BASE 65) ]
TOTAL THIS MO.     0    CLEAR  (SCALE 0-3)  24
DPTR FM NORMAL     0    PTCLDY (SCALE 4-7)   3
TOTAL FM JUL 1     0    CLOUDY (SCALE 8-10)  0
DPTR FM NORMAL     0

[CDD (BASE 65) ]
TOTAL THIS MO.   636
DPTR FM NORMAL    13    [PRESSURE DATA]
TOTAL FM JAN 1  1863    HIGHEST SLP M ON M
DPTR FM NORMAL   144    LOWEST  SLP 29.65 ON  3

[REMARKS]
