000
CXUS55 KTWC 010855
CF6TUS
PRELIMINARY LOCAL CLIMATOLOGICAL DATA (WS FORM: F-6)

                                          STATION:   TUCSON AZ
                                          MONTH:     APRIL
                                          YEAR:      2016
                                          LATITUDE:   32  7 N
                                          LONGITUDE: 110 56 W

  TEMPERATURE IN F:       :PCPN:    SNOW:  WIND      :SUNSHINE: SKY     :PK WND
================================================================================
1   2   3   4   5  6A  6B    7    8   9   10  11  12  13   14  15   16   17  18
                                     12Z  AVG MX 2MIN
DY MAX MIN AVG DEP HDD CDD  WTR  SNW DPTH SPD SPD DIR MIN PSBL S-S WX    SPD DR
================================================================================

 1  73  44  59  -4   6   0 0.00    M    M  5.8 15 350   M    M   0        22 190
 2  79  45  62  -2   3   0 0.00    M    M  6.9 20 150   M    M   0        26 150
 3  86  50  68   4   0   3 0.00    M    M  6.8 22 120   M    M   0        26 130
 4  91  53  72   8   0   7 0.00    M    M  6.9 15 320   M    M   0        17 310
 5  89  58  74  10   0   9 0.00    M    M  6.3 18 340   M    M   0        26 360
 6  94  56  75  11   0  10 0.00    M    M  6.0 13  30   M    M   0        17  40
 7  86  61  74   9   0   9 0.08    M    M  7.5 24 170   M    M   3        30 190
 8  77  59  68   3   0   3 0.17    M    M  6.6 15 150   M    M   M 13     19 270
 9  82  53  68   3   0   3 0.00    M    M  5.8 15 220   M    M   M        21 230
10  69  53  61  -5   4   0 0.45  0.0    0  8.2 36 170   M    M   M 13     48 180
11  75  49  62  -4   3   0 0.00    M    M  5.1 12 330   M    M   1        15 340
12  77  57  67   1   0   2 0.01    M    M  5.1 15 230   M    M   3 3      19 240
13  84  53  69   3   0   4 0.00    M    M  4.4 12 280   M    M   0        16 270
14  89  57  73   7   0   8 0.00    M    M  8.0 17 270   M    M   0        23 290
15  83  58  71   4   0   6 0.00    M    M 15.1 29 270   M    M   0        43  70
16  74  51  63  -4   2   0 0.00    M    M  7.7 20 340   M    M   0        27 340
17  79  50  65  -2   0   0 0.00    M    M  6.5 17 340   M    M   0        21  10
18  81  52  67  -1   0   2 0.00    M    M  6.9 18 350   M    M   0        27 310
19  87  53  70   2   0   5 0.00    M    M  6.7 16 340   M    M   0        21 340
20  91  56  74   6   0   9 0.00    M    M  6.0 14 340   M    M   0        19 150
21  95  58  77   9   0  12 0.00    M    M  6.5 17 230   M    M   0        22 190
22  94  62  78   9   0  13 0.00    M    M  8.0 23 220   M    M   0        32 190
23  89  60  75   6   0  10 0.00    M    M 10.6 25 260   M    M   0        33 230
24  87  57  72   3   0   7 0.00    M    M  7.2 17 230   M    M   0        22 220
25  81  59  70   0   0   5 0.00    M    M 12.5 28 230   M    M   0        39 230
26  74  52  63  -7   2   0 0.00    M    M  6.7 18 280   M    M   0        26 290
27  84  51  68  -2   0   3 0.00    M    M  7.7 20 260   M    M   0        24 240
28  81  57  69  -2   0   4 0.00    M    M 14.1 29 250   M    M   1        43 230
29  76  50  63  -8   2   0 0.00    M    M  7.0 18 280   M    M   2        26 280
30  81  54  68  -3   0   3 0.00    M    M 10.2 24 210   M    M   2        32 190
================================================================================
SM 2488 1628        22 137  0.71     0.0 228.8          M       12
================================================================================
AV 82.9 54.3                               7.6 FASTST   M    M   0    MAX(MPH)
                                 MISC ---->  # 36 170               # 48  180
================================================================================
NOTES:
# LAST OF SEVERAL OCCURRENCES

COLUMN 17 PEAK WIND IN M.P.H.

PRELIMINARY LOCAL CLIMATOLOGICAL DATA (WS FORM: F-6) , PAGE 2

                                          STATION:  TUCSON AZ
                                          MONTH:    APRIL
                                          YEAR:     2016
                                          LATITUDE:   32  7 N
                                          LONGITUDE: 110 56 W

[TEMPERATURE DATA]      [PRECIPITATION DATA]       SYMBOLS USED IN COLUMN 16

AVERAGE MONTHLY: 68.6   TOTAL FOR MONTH:   0.71    1 = FOG OR MIST
DPTR FM NORMAL:   1.6   DPTR FM NORMAL:    0.40    2 = FOG REDUCING VISIBILITY
HIGHEST:    95 ON 21    GRTST 24HR  0.45 ON 10-10      TO 1/4 MILE OR LESS
LOWEST:     44 ON  1                               3 = THUNDER
                        SNOW, ICE PELLETS, HAIL    4 = ICE PELLETS
                        TOTAL MONTH:   0.0 INCH    5 = HAIL
                        GRTST 24HR     0.0         6 = FREEZING RAIN OR DRIZZLE
                        GRTST DEPTH:   0           7 = DUSTSTORM OR SANDSTORM:
                                                       VSBY 1/2 MILE OR LESS
                                                   8 = SMOKE OR HAZE
[NO. OF DAYS WITH]      [WEATHER - DAYS WITH]      9 = BLOWING SNOW
                                                   X = TORNADO
MAX 32 OR BELOW:   0    0.01 INCH OR MORE:   4
MAX 90 OR ABOVE:   5    0.10 INCH OR MORE:   2
MIN 32 OR BELOW:   0    0.50 INCH OR MORE:   0
MIN  0 OR BELOW:   0    1.00 INCH OR MORE:   0

[HDD (BASE 65) ]
TOTAL THIS MO.    22    CLEAR  (SCALE 0-3)  26
DPTR FM NORMAL   -38    PTCLDY (SCALE 4-7)   1
TOTAL FM JUL 1  1217    CLOUDY (SCALE 8-10)  0
DPTR FM NORMAL  -289

[CDD (BASE 65) ]
TOTAL THIS MO.   137
DPTR FM NORMAL    16    [PRESSURE DATA]
TOTAL FM JAN 1   249    HIGHEST SLP M ON M
DPTR FM NORMAL    95    LOWEST  SLP 29.52 ON 30

[REMARKS]
#FINAL-04-16#
