000
CXUS55 KREV 290839
CF6TVL
PRELIMINARY LOCAL CLIMATOLOGICAL DATA (WS FORM: F-6)

                                          STATION:   SOUTH LAKE TAHOE CA
                                          MONTH:     JUNE
                                          YEAR:      2015
                                          LATITUDE:   38 53 N
                                          LONGITUDE: 119 60 W

  TEMPERATURE IN F:       :PCPN:    SNOW:  WIND      :SUNSHINE: SKY     :PK WND
================================================================================
1   2   3   4   5  6A  6B    7    8   9   10  11  12  13   14  15   16   17  18
                                     12Z  AVG MX 2MIN
DY MAX MIN AVG DEP HDD CDD  WTR  SNW DPTH SPD SPD DIR MIN PSBL S-S WX    SPD DR
================================================================================

 1  68  46  57   6   8   0 0.00  0.0    0 10.5 22 190   M    M   M        33 190
 2  70  38  54   2  11   0 0.00  0.0    0  5.8 17 190   M    M   M        26 180
 3  70  40  55   3  10   0 0.00  0.0    0  4.4 16 190   M    M   M        25 180
 4  63  40  52   0  13   0 0.13  0.0    0  2.4 13 110   M    M   M 3      18 140
 5  72  38  55   3  10   0 0.02  0.0    0  4.8 16  20   M    M   M 3      24  80
 6  72  37  55   3  10   0 0.13  0.0    0  4.2 15  30   M    M   M 123    23  30
 7  76  41  59   6   6   0 0.00  0.0    0  4.1 16  50   M    M   M 128    26  30
 8  82  44  63  10   2   0 0.00  0.0    0  3.4 10  30   M    M   M        16  20
 9  82  46  64  11   1   0 0.07  0.0    0  7.2 23 190   M    M   M 3      29 180
10  62  53  58   5   7   0 0.45  0.0    0  2.2 13  10   M    M   M 1      21  20
11  79  47  63   9   2   0 0.00  0.0    0  3.3 13  30   M    M   M 1      17  20
12  82  43  63   9   2   0 0.00  0.0    0  2.8 14  30   M    M   M        19  40
13  85  46  66  12   0   1 0.00  0.0    0  2.7 29 180   M    M   M        38 190
14  84  43  64  10   1   0 0.00  0.0    0  4.6 18 190   M    M   M        30 190
15  81  41  61   7   4   0 0.00  0.0    0  6.0 20 190   M    M   M        25 190
16  82  35  59   4   6   0 0.00  0.0    0  6.3 14 180   M    M   M        23 180
17  81  39  60   5   5   0 0.00  0.0    0  4.6 16 190   M    M   M        22 190
18  82  38  60   5   5   0 0.00  0.0    0  7.6 22 190   M    M   M        32 190
19  82  41  62   6   3   0 0.00  0.0    0  6.8 20 190   M    M   M        25 190
20  84  37  61   5   4   0 0.00  0.0    0  5.2 18 200   M    M   M        25 200
21  76  42  59   3   6   0 0.00  0.0    0  7.0 16 180   M    M   M        36 190
22  80  39  60   4   5   0 0.00  0.0    0  5.7 17 210   M    M   M        23 210
23  82  40  61   5   4   0 0.00  0.0    0  4.9 13  40   M    M   M         M  M
24  87  45  66   9   0   1 0.00  0.0    0  4.8 13 190   M    M   M        17  30
25  90  47  69  12   0   4 0.00  0.0    0  4.4 10 200   M    M   M         M  M
26  89  46  68  11   0   3 0.00  0.0    0  4.1 10  20   M    M   M         M  M
27  87  51  69  11   0   4    T  0.0    0  4.5 13 180   M    M   M 3       M  M
28  80  53  67   9   0   2    T  0.0    0  3.7 16 220   M    M   M        24 180
================================================================================
SM 2210 1196       125  15  0.80     0.0 138.0          M        M
================================================================================
AV 78.9 42.7                               4.9 FASTST   M    M -nan   MAX(MPH)
                                 MISC ---->  # 29 180               # 38  190
================================================================================
NOTES:
# LAST OF SEVERAL OCCURRENCES

COLUMN 17 PEAK WIND IN M.P.H.

PRELIMINARY LOCAL CLIMATOLOGICAL DATA (WS FORM: F-6) , PAGE 2

                                          STATION:  SOUTH LAKE TAHOE CA
                                          MONTH:    JUNE
                                          YEAR:     2015
                                          LATITUDE:   38 53 N
                                          LONGITUDE: 119 60 W

[TEMPERATURE DATA]      [PRECIPITATION DATA]       SYMBOLS USED IN COLUMN 16

AVERAGE MONTHLY: 60.8   TOTAL FOR MONTH:   0.80    1 = FOG OR MIST
DPTR FM NORMAL:   6.4   DPTR FM NORMAL:    0.23    2 = FOG REDUCING VISIBILITY
HIGHEST:    90 ON 25    GRTST 24HR  0.52 ON  9-10      TO 1/4 MILE OR LESS
LOWEST:     35 ON 16                               3 = THUNDER
                        SNOW, ICE PELLETS, HAIL    4 = ICE PELLETS
                        TOTAL MONTH:   0.0 INCH    5 = HAIL
                        GRTST 24HR     0.0         6 = FREEZING RAIN OR DRIZZLE
                        GRTST DEPTH:   0           7 = DUSTSTORM OR SANDSTORM:
                                                       VSBY 1/2 MILE OR LESS
                                                   8 = SMOKE OR HAZE
[NO. OF DAYS WITH]      [WEATHER - DAYS WITH]      9 = BLOWING SNOW
                                                   X = TORNADO
MAX 32 OR BELOW:   0    0.01 INCH OR MORE:   5
MAX 90 OR ABOVE:   1    0.10 INCH OR MORE:   3
MIN 32 OR BELOW:   0    0.50 INCH OR MORE:   0
MIN  0 OR BELOW:   0    1.00 INCH OR MORE:   0

[HDD (BASE 65) ]
TOTAL THIS MO.   125    CLEAR  (SCALE 0-3)   0
DPTR FM NORMAL  -172    PTCLDY (SCALE 4-7)   0
TOTAL FM JUL 1  5774    CLOUDY (SCALE 8-10)  0
DPTR FM NORMAL -1945

[CDD (BASE 65) ]
TOTAL THIS MO.    15
DPTR FM NORMAL    15    [PRESSURE DATA]
TOTAL FM JAN 1    15    HIGHEST SLP M ON M
DPTR FM NORMAL    15    LOWEST  SLP 29.78 ON  4

[REMARKS]
