000
CXUS55 KREV 010925
CF6TVL

PRELIMINARY LOCAL CLIMATOLOGICAL DATA (WS FORM: F-6)

                                          STATION:   SOUTH LAKE TAHOE CA
                                          MONTH:     JULY
                                          YEAR:      2014
                                          LATITUDE:   38 53 N
                                          LONGITUDE: 119 60 W

  TEMPERATURE IN F:       :PCPN:    SNOW:  WIND      :SUNSHINE: SKY     :PK WND
================================================================================
1   2   3   4   5  6A  6B    7    8   9   10  11  12  13   14  15   16   17  18
                                     12Z  AVG MX 2MIN
DY MAX MIN AVG DEP HDD CDD  WTR  SNW DPTH SPD SPD DIR MIN PSBL S-S WX    SPD DR
================================================================================

 1  90  47  69  10   0   4 0.00  0.0    0  3.3 16  40   M    M   M 3      22  20
 2  87  45  66   7   0   1 0.00  0.0    0  5.4 17 190   M    M   M        27 190
 3  85  46  66   7   0   1 0.00  0.0    0  4.1 16 190   M    M   M 8      23 190
 4  84  41  63   4   2   0 0.00  0.0    0  4.6 21 190   M    M   M        32 180
 5  86  43  65   5   0   0 0.00  0.0    0  4.0 15 200   M    M   M        23 190
 6  90  42  66   6   0   1 0.00  0.0    0  3.9 14 180   M    M   M        17  40
 7  88  47  68   8   0   3    T  0.0    0  3.5 15  50   M    M   M        22  20
 8  86  58  72  12   0   7 0.00  0.0    0  2.2 12  30   M    M   M        16  30
 9  87  48  68   8   0   3 0.00  0.0    0  4.6 16 190   M    M   M        24 190
10  83  48  66   5   0   1    T  0.0    0  3.6 17 150   M    M   M        23 150
11  80  56  68   7   0   3 0.00  0.0    0  4.6 14 190   M    M   M        18 190
12  86  49  68   7   0   3 0.00  0.0    0  3.2 14  20   M    M   M        19  30
13  91  51  71  10   0   6 0.00  0.0    0  4.1 14  30   M    M   M        18 230
14  92  51  72  11   0   7    T  0.0    0  4.5 22 190   M    M   M        35 210
15  90  58  74  13   0   9    T  0.0    0  4.2 25 170   M    M   M        33 180
16  87  53  70   8   0   5 0.00  0.0    0  5.2 17 190   M    M   M        21 190
17  85  57  71   9   0   6 0.13  0.0    0  3.8 12 180   M    M   M 3      20 190
18  87  50  69   7   0   4 0.15  0.0    0  3.2 17  70   M    M   M        25  60
19  86  53  70   8   0   5 0.01  0.0    0  5.0 21 200   M    M   M        31 200
20  78  55  67   5   0   2 0.13  0.0    0  3.5 20 190   M    M   M 8      25 160
21  76  49  63   1   2   0 0.01  0.0    0  3.7 18 190   M    M   M 1      23 180
22  78  49  64   2   1   0 0.00  0.0    0  4.9 17 190   M    M   M        27 200
23  78  46  62   0   3   0 0.00  0.0    0  8.2 23 190   M    M   M        37 190
24  82  41  62   0   3   0 0.00  0.0    0  4.7 14  40   M    M   M        18  40
25  85  42  64   2   1   0 0.00  0.0    0  4.6 18 190   M    M   M        26 180
26  86  40  63   1   2   0 0.00  0.0    0  4.2 14 200   M    M   M        19 200
27  87  48  68   6   0   3 0.00  0.0    0  3.1 16  30   M    M   M        21  20
28  87  53  70   8   0   5 0.00  0.0    0  3.5 15 190   M    M   M 8      20 190
29  87  55  71   9   0   6 0.04  0.0    0  3.4 18 150   M    M   M 3      26 170
30  80  50  65   3   0   0 0.01  0.0    0  4.4 15 200   M    M   M 3      21 210
31  85  47  66   4   0   1 0.00  0.0    0  3.7 14  40   M    M   M        17  20
================================================================================
SM 2639 1518        14  86  0.48     0.0 128.9          M        M
================================================================================
AV 85.1 49.0                               4.2 FASTST   M    M   0    MAX(MPH)
                                 MISC ---->  # 25 170               # 37  190
================================================================================
NOTES:
# LAST OF SEVERAL OCCURRENCES

COLUMN 17 PEAK WIND IN M.P.H.

PRELIMINARY LOCAL CLIMATOLOGICAL DATA (WS FORM: F-6) , PAGE 2

                                          STATION:  SOUTH LAKE TAHOE CA
                                          MONTH:    JULY
                                          YEAR:     2014
                                          LATITUDE:   38 53 N
                                          LONGITUDE: 119 60 W

[TEMPERATURE DATA]      [PRECIPITATION DATA]       SYMBOLS USED IN COLUMN 16

AVERAGE MONTHLY: 67.0   TOTAL FOR MONTH:   0.48    1 = FOG OR MIST
DPTR FM NORMAL:   5.9   DPTR FM NORMAL:    0.05    2 = FOG REDUCING VISIBILITY
HIGHEST:    92 ON 14    GRTST 24HR  0.15 ON 18-18      TO 1/4 MILE OR LESS
LOWEST:     40 ON 26                               3 = THUNDER
                        SNOW, ICE PELLETS, HAIL    4 = ICE PELLETS
                        TOTAL MONTH:   0.0 INCH    5 = HAIL
                        GRTST 24HR     0.0         6 = FREEZING RAIN OR DRIZZLE
                        GRTST DEPTH:   0           7 = DUSTSTORM OR SANDSTORM:
                                                       VSBY 1/2 MILE OR LESS
                                                   8 = SMOKE OR HAZE
[NO. OF DAYS WITH]      [WEATHER - DAYS WITH]      9 = BLOWING SNOW
                                                   X = TORNADO
MAX 32 OR BELOW:   0    0.01 INCH OR MORE:   7
MAX 90 OR ABOVE:   5    0.10 INCH OR MORE:   3
MIN 32 OR BELOW:   0    0.50 INCH OR MORE:   0
MIN  0 OR BELOW:   0    1.00 INCH OR MORE:   0

[HDD (BASE 65) ]
TOTAL THIS MO.    14    CLEAR  (SCALE 0-3)   0
DPTR FM NORMAL  -124    PTCLDY (SCALE 4-7)   0
TOTAL FM JUL 1    14    CLOUDY (SCALE 8-10)  0
DPTR FM NORMAL  -124

[CDD (BASE 65) ]
TOTAL THIS MO.    86
DPTR FM NORMAL    68    [PRESSURE DATA]
TOTAL FM JAN 1    87    HIGHEST SLP M ON M
DPTR FM NORMAL    68    LOWEST  SLP 29.88 ON  1

[REMARKS]

THE AVERAGE TEMPERATURE FOR JULY 2014 AT THE SOUTH LAKE TAHOE AIRPORT WAS
67.0 DEGREES. THIS WAS 5.9 DEGREES ABOVE NORMAL. THE WARMEST TEMPERATURE
FOR THE MONTH WAS 92 DEGREES WHICH WAS RECORDED ON THE 14TH. THE LOWEST
READING RECORDED FOR JULY WAS 40 DEGREES WHICH OCCURED ON THE 26TH.

FOR JULY 2014 SOUTH LAKE TAHOE AIRPORT RECORDED A TOTAL OF 0.48 INCHES
OF PRECIPITATION. THIS WAS 0.05 INCHES ABOVE NORMAL. NO SNOWFALL WAS RECORDED
FOR THE MONTH OF JULY 2014.

THE AVERAGE WIND SPEED FOR JULY 2014 WAS 4.2 MPH. THE PEAK WIND GUST RECORDED
WAS 37 MPH FROM THE SOUTH WHICH OCCURED ON THE 23RD.


#FINAL-07-14#
