139
CXUS55 KREV 270931
CF6TVL
PRELIMINARY LOCAL CLIMATOLOGICAL DATA (WS FORM: F-6)

                                          STATION:   SOUTH LAKE TAHOE CA
                                          MONTH:     APRIL
                                          YEAR:      2017
                                          LATITUDE:   38 53 N
                                          LONGITUDE: 119 60 W

  TEMPERATURE IN F:       :PCPN:    SNOW:  WIND      :SUNSHINE: SKY     :PK WND
================================================================================
1   2   3   4   5  6A  6B    7    8   9   10  11  12  13   14  15   16   17  18
                                     12Z  AVG MX 2MIN
DY MAX MIN AVG DEP HDD CDD  WTR  SNW DPTH SPD SPD DIR MIN PSBL S-S WX    SPD DR
================================================================================

 1  57  29  43   5  22   0 0.00  0.0    1  3.7 12  30   M    M   M        17 140
 2  58  28  43   5  22   0 0.00  0.0    T  3.5 14  20   M    M   M        17  30
 3  53  28  41   3  24   0 0.00  0.0    0  2.4 12  30   M    M   M        19  40
 4  57  28  43   5  22   0 0.00  0.0    0  2.5 12 200   M    M   M        17 190
 5  60  31  46   8  19   0 0.00  0.0    0  7.8 21 190   M    M   M        28 170
 6  52  36  44   6  21   0 0.55  0.2    0 23.0 43 180   M    M   M 1      56 190
 7  39  33  36  -3  29   0 0.71  0.5    T 12.5 25 200   M    M   M 1      40 180
 8  35  17  26 -13  39   0 0.39  1.8    1  7.4 20 190   M    M   M 128    26 200
 9  42  12  27 -12  38   0 0.00  0.0    2  6.6 20 190   M    M   M        23 170
10  48  29  39   0  26   0 0.00  0.0    1  7.2 17 180   M    M   M        20 200
11  46  28  37  -2  28   0    T  0.0    T  6.8 14 190   M    M   M        31 210
12  52  36  44   4  21   0 0.16  0.0    0 14.3 29 190   M    M   M 13     54 200
13  37  26  32  -8  33   0 0.65  3.9    2  8.7 18 190   M    M   M 12     33 200
14  42  15  29 -11  36   0 0.00  0.0    3  4.0  9  30   M    M   M        18  30
15  51  22  37  -3  28   0 0.00  0.0    1  3.5 12  30   M    M   M        15  30
16  57  29  43   3  22   0 0.45  0.0    0  9.6 32 180   M    M   M 1      44 180
17  49  38  44   4  21   0 0.24  0.0    0  9.8 29 180   M    M   M 1      43 170
18  49  29  39  -2  26   0 0.47    T    0  3.2 14 160   M    M   M 1      20 160
19  51  25  38  -3  27   0 0.00  0.0    0  7.5 22 190   M    M   M        35 180
20  50  30  40  -1  25   0    T    T    0  6.0 20 190   M    M   M 18     24 190
21  62  28  45   4  20   0 0.00  0.0    0  3.8 12  30   M    M   M        16  30
22  63  29  46   4  19   0 0.00  0.0    0  8.7 28 180   M    M   M        41 190
23  55  40  48   6  17   0 0.00  0.0    0 12.3 21 190   M    M   M        34 180
24  43  33  38  -4  27   0 0.02    T    T 10.8 21 190   M    M   M 1      29 240
25  55  29  42   0  23   0 0.00  0.0    0  4.1 13 200   M    M   M        16  30
26  57  38  48   5  17   0    T    M    0 10.4 22 180   M    M   8        32 190
================================================================================
SM 1320  746       652   0  3.64     6.4 200.1          M        8
================================================================================
AV 50.8 28.7                               7.7 FASTST   M    M   8    MAX(MPH)
                                 MISC ---->  # 43 180               # 56  190
================================================================================
NOTES:
# LAST OF SEVERAL OCCURRENCES

COLUMN 17 PEAK WIND IN M.P.H.

PRELIMINARY LOCAL CLIMATOLOGICAL DATA (WS FORM: F-6) , PAGE 2

                                          STATION:  SOUTH LAKE TAHOE CA
                                          MONTH:    APRIL
                                          YEAR:     2017
                                          LATITUDE:   38 53 N
                                          LONGITUDE: 119 60 W

[TEMPERATURE DATA]      [PRECIPITATION DATA]       SYMBOLS USED IN COLUMN 16

AVERAGE MONTHLY: 39.7   TOTAL FOR MONTH:   3.64    1 = FOG OR MIST
DPTR FM NORMAL:  -0.2   DPTR FM NORMAL:    2.72    2 = FOG REDUCING VISIBILITY
HIGHEST:    63 ON 22    GRTST 24HR  0.71 ON  7- 7      TO 1/4 MILE OR LESS
LOWEST:     12 ON  9                               3 = THUNDER
                        SNOW, ICE PELLETS, HAIL    4 = ICE PELLETS
                        TOTAL MONTH:   6.4 INCHES  5 = HAIL
                        GRTST 24HR   3.9 ON 13-13  6 = FREEZING RAIN OR DRIZZLE
                        GRTST DEPTH:   3 ON 14     7 = DUSTSTORM OR SANDSTORM:
                                                       VSBY 1/2 MILE OR LESS
                                                   8 = SMOKE OR HAZE
[NO. OF DAYS WITH]      [WEATHER - DAYS WITH]      9 = BLOWING SNOW
                                                   X = TORNADO
MAX 32 OR BELOW:   0    0.01 INCH OR MORE:   9
MAX 90 OR ABOVE:   0    0.10 INCH OR MORE:   8
MIN 32 OR BELOW:  19    0.50 INCH OR MORE:   3
MIN  0 OR BELOW:   0    1.00 INCH OR MORE:   0

[HDD (BASE 65) ]
TOTAL THIS MO.   652    CLEAR  (SCALE 0-3)   0
DPTR FM NORMAL     0    PTCLDY (SCALE 4-7)   1
TOTAL FM JUL 1  6514    CLOUDY (SCALE 8-10)  0
DPTR FM NORMAL  -290

[CDD (BASE 65) ]
TOTAL THIS MO.     0
DPTR FM NORMAL     0    [PRESSURE DATA]
TOTAL FM JAN 1     0    HIGHEST SLP M ON M
DPTR FM NORMAL     0    LOWEST  SLP 29.60 ON  7

[REMARKS]
