000
CXUS55 KBOI 251002
CF6TWF
PRELIMINARY LOCAL CLIMATOLOGICAL DATA (WS FORM: F-6)

                                          STATION:   TWIN FALLS ID
                                          MONTH:     SEPTEMBER
                                          YEAR:      2016
                                          LATITUDE:   42 28 N
                                          LONGITUDE: 114 29 W

  TEMPERATURE IN F:       :PCPN:    SNOW:  WIND      :SUNSHINE: SKY     :PK WND
================================================================================
1   2   3   4   5  6A  6B    7    8   9   10  11  12  13   14  15   16   17  18
                                     12Z  AVG MX 2MIN
DY MAX MIN AVG DEP HDD CDD  WTR  SNW DPTH SPD SPD DIR MIN PSBL S-S WX    SPD DR
================================================================================

 1  83  65  74   6   0   9 0.00    M    M  8.8 17 190   M    M   0        22 190
 2  72  53  63  -4   2   0 0.00    M    M 11.9 20 270   M    M   0        24 270
 3  68  53  61  -6   4   0 0.00    M    M  6.8 12 280   M    M   1        15 200
 4  59  45  52 -15  13   0 0.22    M    M  8.0 17 260   M    M   8 13     22 250
 5  66  44  55 -11  10   0 0.00    M    M  9.4 16 200   M    M   0        22 200
 6  73  39  56 -10   9   0 0.00    M    M  7.1 14 310   M    M   1        17 360
 7  72  50  61  -5   4   0 0.00    M    M 10.6 17 260   M    M   0        23 210
 8  75  51  63  -2   2   0 0.00    M    M 13.0 22 280   M    M   0        28 270
 9  71  44  58  -7   7   0 0.00    M    M  9.2 15 220   M    M   0        20 230
10  77  37  57  -8   8   0 0.00    M    M  7.0 14 190   M    M   0        16 190
11  81  52  67   3   0   2 0.00    M    M 10.5 22 290   M    M   0        25 280
12  59  45  52 -12  13   0 0.00    M    M 10.1 16 290   M    M   5        22 220
13  68  45  57  -7   8   0 0.11    M    M 11.5 31 210   M    M   4 13     40 210
14  61  42  52 -11  13   0 0.01    M    M  9.8 21 260   M    M   9        24 280
15  68  40  54  -9  11   0 0.00    M    M  7.3 12 180   M    M   0        15 310
16  74  42  58  -4   7   0 0.00    M    M  6.9 13 190   M    M   0        16 190
17  81  49  65   3   0   0 0.00    M    M  9.2 16 180   M    M   1        20 190
18  80  57  69   7   0   4 0.00    M    M  8.4 15 210   M    M   3        20 210
19  81  55  68   7   0   3 0.00    M    M  8.3 14 180   M    M   0        17 180
20  83  49  66   5   0   1 0.00    M    M  8.5 17 210   M    M   0 8      23 210
21  64  52  58  -2   7   0 0.06    M    M  7.1 25 110   M    M   7 1      33 100
22  56  46  51  -9  14   0 1.06    M    M  7.6 23 250   M    M   8 13     30 160
23  55  45  50  -9  15   0 0.82    M    M 16.4 26 260   M    M   9 1      35 260
24  62  46  54  -5  11   0 0.00    M    M 20.1 33 270   M    M   1        42 250
================================================================================
SM 1689 1146       158  19  2.28    M    233.5          M       57
================================================================================
AV 70.4 47.8                               9.7 FASTST   M    M   2    MAX(MPH)
                                 MISC ---->  # 33 270               # 42  250
================================================================================
NOTES:
# LAST OF SEVERAL OCCURRENCES

COLUMN 17 PEAK WIND IN M.P.H.

PRELIMINARY LOCAL CLIMATOLOGICAL DATA (WS FORM: F-6) , PAGE 2

                                          STATION:  TWIN FALLS ID
                                          MONTH:    SEPTEMBER
                                          YEAR:     2016
                                          LATITUDE:   42 28 N
                                          LONGITUDE: 114 29 W

[TEMPERATURE DATA]      [PRECIPITATION DATA]       SYMBOLS USED IN COLUMN 16

AVERAGE MONTHLY: 59.1   TOTAL FOR MONTH:   2.28    1 = FOG OR MIST
DPTR FM NORMAL:  -4.5   DPTR FM NORMAL:    1.84    2 = FOG REDUCING VISIBILITY
HIGHEST:    83 ON 20, 1 GRTST 24HR  1.10 ON 21-22      TO 1/4 MILE OR LESS
LOWEST:     37 ON 10                               3 = THUNDER
                        SNOW, ICE PELLETS, HAIL    4 = ICE PELLETS
                        TOTAL MONTH:    M          5 = HAIL
                        GRTST 24HR    M  ON   M    6 = FREEZING RAIN OR DRIZZLE
                        GRTST DEPTH:  M  ON   M    7 = DUSTSTORM OR SANDSTORM:
                                                       VSBY 1/2 MILE OR LESS
                                                   8 = SMOKE OR HAZE
[NO. OF DAYS WITH]      [WEATHER - DAYS WITH]      9 = BLOWING SNOW
                                                   X = TORNADO
MAX 32 OR BELOW:   0    0.01 INCH OR MORE:   6
MAX 90 OR ABOVE:   0    0.10 INCH OR MORE:   4
MIN 32 OR BELOW:   0    0.50 INCH OR MORE:   2
MIN  0 OR BELOW:   0    1.00 INCH OR MORE:   1

[HDD (BASE 65) ]
TOTAL THIS MO.   158    CLEAR  (SCALE 0-3)  16
DPTR FM NORMAL    66    PTCLDY (SCALE 4-7)   6
TOTAL FM JUL 1   182    CLOUDY (SCALE 8-10)  2
DPTR FM NORMAL    69

[CDD (BASE 65) ]
TOTAL THIS MO.    19
DPTR FM NORMAL   -39    [PRESSURE DATA]
TOTAL FM JAN 1   635    HIGHEST SLP M ON M
DPTR FM NORMAL   -40    LOWEST  SLP 29.71 ON  4

[REMARKS]
