000
CXUS55 KBOI 011002
CF6TWF
PRELIMINARY LOCAL CLIMATOLOGICAL DATA (WS FORM: F-6)

                                          STATION:   TWIN FALLS ID
                                          MONTH:     FEBRUARY
                                          YEAR:      2017
                                          LATITUDE:   42 28 N
                                          LONGITUDE: 114 29 W

  TEMPERATURE IN F:       :PCPN:    SNOW:  WIND      :SUNSHINE: SKY     :PK WND
================================================================================
1   2   3   4   5  6A  6B    7    8   9   10  11  12  13   14  15   16   17  18
                                     12Z  AVG MX 2MIN
DY MAX MIN AVG DEP HDD CDD  WTR  SNW DPTH SPD SPD DIR MIN PSBL S-S WX    SPD DR
================================================================================

 1  36  18  27  -3  38   0 0.00    M    M  5.4 13 260   M    M   9 128    15 260
 2  27  15  21  -9  44   0    T    M    M  6.7 16  70   M    M   9 18     20  70
 3  44  21  33   3  32   0    T    M    M 12.9 24 170   M    M  10        33 180
 4  46  39  43  12  22   0    T    M    M 12.9 25 200   M    M  10        35 200
 5  48  35  42  11  23   0 0.00    M    M 12.7 30 170   M    M   8        40 160
 6  47  34  41  10  24   0 0.01    M    M 18.3 32 160   M    M   4 1      44 160
 7  45  31  38   7  27   0 0.36    M    M  7.8 26 210   M    M   8 12     32 210
 8  47  32  40   9  25   0 0.40    M    M 10.4 21 180   M    M   6 1      25 180
 9  54  46  50  19  15   0 0.05    M    M 16.2 24 180   M    M   9        31 170
10  50  35  43  11  22   0 0.03    M    M 11.6 26 230   M    M   9 1      33 220
11  38  22  30  -2  35   0 0.00    M    M 13.1 26 250   M    M   1        35 260
12  33  17  25  -7  40   0 0.00    M    M  5.3 14  60   M    M   2 12     17  60
13  38  19  29  -3  36   0 0.00    M    M  3.0 10 190   M    M   1 12     13 190
14  43  20  32   0  33   0 0.00    M    M  3.5  9  50   M    M   0 1      11  30
15  48  23  36   3  29   0 0.00    M    M  6.6 15 110   M    M   0 1      16 110
16  56  32  44  11  21   0    T    M    M 12.9 40 260   M    M   6        49 260
17  47  26  37   4  28   0    T    M    M  9.8 30 160   M    M   5        38 160
18  50  40  45  11  20   0 0.10    M    M 14.7 33 160   M    M  10 1      43 160
19  51  32  42   8  23   0 0.06    M    M 10.4 36 260   M    M   8        48 260
20  51  33  42   8  23   0 0.08    M    M 17.4 39 170   M    M   9        50 160
21  51  34  43   9  22   0 0.02    M    M 16.5 37 250   M    M   6        46 250
22  43  27  35   0  30   0 0.15    M    M  7.7 22 220   M    M   6 18     27 230
23  28  24  26  -9  39   0 0.12    M    M 25.1 37 250   M    M  10 1289   46 250
24  26  13  20 -15  45   0 0.00    M    M 16.4 25 230   M    M   3        30 230
25  28  14  21 -15  44   0 0.00    M    M 11.4 18 190   M    M   1        21 190
26  35  19  27  -9  38   0 0.05    M    M 12.8 21 300   M    M   3 1      29 170
27  29  18  24 -12  41   0 0.02    M    M 13.8 23 250   M    M   6 128    28 250
28  31  18  25 -12  40   0 0.01    M    M 15.1 32 260   M    M   5 128    38 250
================================================================================
SM 1170  737       859   0  1.46    M    330.4          M      164
================================================================================
AV 41.8 26.3                              11.8 FASTST   M    M   6    MAX(MPH)
                                 MISC ---->  # 40 260               # 50  160
================================================================================
NOTES:
# LAST OF SEVERAL OCCURRENCES

COLUMN 17 PEAK WIND IN M.P.H.

PRELIMINARY LOCAL CLIMATOLOGICAL DATA (WS FORM: F-6) , PAGE 2

                                          STATION:  TWIN FALLS ID
                                          MONTH:    FEBRUARY
                                          YEAR:     2017
                                          LATITUDE:   42 28 N
                                          LONGITUDE: 114 29 W

[TEMPERATURE DATA]      [PRECIPITATION DATA]       SYMBOLS USED IN COLUMN 16

AVERAGE MONTHLY: 34.1   TOTAL FOR MONTH:   1.46    1 = FOG OR MIST
DPTR FM NORMAL:   1.2   DPTR FM NORMAL:    0.65    2 = FOG REDUCING VISIBILITY
HIGHEST:    56 ON 16    GRTST 24HR  0.45 ON  8- 9      TO 1/4 MILE OR LESS
LOWEST:     13 ON 24                               3 = THUNDER
                        SNOW, ICE PELLETS, HAIL    4 = ICE PELLETS
                        TOTAL MONTH:    M          5 = HAIL
                        GRTST 24HR    M  ON   M    6 = FREEZING RAIN OR DRIZZLE
                        GRTST DEPTH:  M  ON   M    7 = DUSTSTORM OR SANDSTORM:
                                                       VSBY 1/2 MILE OR LESS
                                                   8 = SMOKE OR HAZE
[NO. OF DAYS WITH]      [WEATHER - DAYS WITH]      9 = BLOWING SNOW
                                                   X = TORNADO
MAX 32 OR BELOW:   6    0.01 INCH OR MORE:  14
MAX 90 OR ABOVE:   0    0.10 INCH OR MORE:   5
MIN 32 OR BELOW:  20    0.50 INCH OR MORE:   0
MIN  0 OR BELOW:   0    1.00 INCH OR MORE:   0

[HDD (BASE 65) ]
TOTAL THIS MO.   859    CLEAR  (SCALE 0-3)   8
DPTR FM NORMAL   -40    PTCLDY (SCALE 4-7)  11
TOTAL FM JUL 1  4780    CLOUDY (SCALE 8-10)  9
DPTR FM NORMAL   213

[CDD (BASE 65) ]
TOTAL THIS MO.     0
DPTR FM NORMAL     0    [PRESSURE DATA]
TOTAL FM JAN 1     0    HIGHEST SLP 30.59 ON 12
DPTR FM NORMAL     0    LOWEST  SLP 29.38 ON 18

[REMARKS]
#FINAL-02-17#
