000
CXUS55 KBOI 291002
CF6TWF
PRELIMINARY LOCAL CLIMATOLOGICAL DATA (WS FORM: F-6)

                                          STATION:   TWIN FALLS ID
                                          MONTH:     MAY
                                          YEAR:      2017
                                          LATITUDE:   42 28 N
                                          LONGITUDE: 114 29 W

  TEMPERATURE IN F:       :PCPN:    SNOW:  WIND      :SUNSHINE: SKY     :PK WND
================================================================================
1   2   3   4   5  6A  6B    7    8   9   10  11  12  13   14  15   16   17  18
                                     12Z  AVG MX 2MIN
DY MAX MIN AVG DEP HDD CDD  WTR  SNW DPTH SPD SPD DIR MIN PSBL S-S WX    SPD DR
================================================================================

 1  61  35  48  -4  17   0    T    M    M 16.0 25 270   M    M   2        31 270
 2  62  44  53   1  12   0 0.00    M    M 17.0 26 260   M    M   5        34 240
 3  69  39  54   1  11   0 0.00    M    M  9.4 18 210   M    M   0        22 210
 4  80  43  62   9   3   0 0.00    M    M  7.9 16 180   M    M   0        20 190
 5  79  45  62   9   3   0    T    M    M 10.5 25 300   M    M   1 3      33 290
 6  63  43  53  -1  12   0 0.20    M    M 11.5 23 250   M    M   5 13     29 230
 7  57  38  48  -6  17   0    T    M    M 13.6 22 240   M    M   6 3      27 250
 8  62  36  49  -5  16   0 0.00    M    M  8.3 15 240   M    M   0        21 220
 9  71  37  54   0  11   0 0.00    M    M 12.5 21 270   M    M   0        27 270
10  75  43  59   4   6   0 0.00    M    M  8.7 15 190   M    M   0        17 190
11  84  47  66  11   0   1 0.00    M    M  9.5 22 190   M    M   1        32 200
12  69  39  54  -1  11   0    T    M    M 15.8 37 270   M    M   4        47 270
13  55  33  44 -12  21   0    T    M    M 11.5 30 240   M    M   6        37 260
14  61  31  46 -10  19   0    T    M    M  8.7 20 250   M    M   2        26 270
15  62  40  51  -5  14   0 0.00    M    M 11.0 22 250   M    M   5        26 260
16  58  36  47 -10  18   0 0.41    M    M 13.9 31 260   M    M   6 1      39 270
17  44  32  38 -19  27   0    T    M    M 18.9 32 270   M    M   9        42 280
18  61  28  45 -12  20   0 0.00    M    M  7.4 15 280   M    M   4 12     19 290
19  64  42  53  -4  12   0 0.00    M    M  8.9 17 140   M    M   5        21 210
20  71  43  57  -1   8   0 0.08    M    M  9.4 24 190   M    M   1 1      30 190
21  69  45  57  -1   8   0 0.06    M    M  5.4 13  60   M    M   3 1      18  80
22  77  47  62   4   3   0 0.00    M    M  9.8 17 280   M    M   0        22 260
23  81  44  63   5   2   0 0.00    M    M  7.1 17 280   M    M   0        22 280
24  73  51  62   3   3   0 0.00    M    M 17.9 24 280   M    M   2        33 270
25  64  39  52  -7  13   0    T    M    M 11.3 23 230   M    M   2        29 230
26  60  41  51  -8  14   0 0.37    M    M  8.9 21 260   M    M   8 1      25 270
27  72  41  57  -2   8   0 0.00    M    M  6.3 13 150   M    M   0        15 180
28  78  42  60   0   5   0 0.00    M    M  6.4 14  10   M    M   0        17  50
================================================================================
SM 1882 1124       314   1  1.12    M    303.5          M       77
================================================================================
AV 67.2 40.1                              10.8 FASTST   M    M   3    MAX(MPH)
                                 MISC ---->  # 37 270               # 47  270
================================================================================
NOTES:
# LAST OF SEVERAL OCCURRENCES

COLUMN 17 PEAK WIND IN M.P.H.

PRELIMINARY LOCAL CLIMATOLOGICAL DATA (WS FORM: F-6) , PAGE 2

                                          STATION:  TWIN FALLS ID
                                          MONTH:    MAY
                                          YEAR:     2017
                                          LATITUDE:   42 28 N
                                          LONGITUDE: 114 29 W

[TEMPERATURE DATA]      [PRECIPITATION DATA]       SYMBOLS USED IN COLUMN 16

AVERAGE MONTHLY: 53.7   TOTAL FOR MONTH:   1.12    1 = FOG OR MIST
DPTR FM NORMAL:  -2.3   DPTR FM NORMAL:   -0.11    2 = FOG REDUCING VISIBILITY
HIGHEST:    84 ON 11    GRTST 24HR  0.41 ON 16-16      TO 1/4 MILE OR LESS
LOWEST:     28 ON 18                               3 = THUNDER
                        SNOW, ICE PELLETS, HAIL    4 = ICE PELLETS
                        TOTAL MONTH:    M          5 = HAIL
                        GRTST 24HR    M  ON   M    6 = FREEZING RAIN OR DRIZZLE
                        GRTST DEPTH:  M  ON   M    7 = DUSTSTORM OR SANDSTORM:
                                                       VSBY 1/2 MILE OR LESS
                                                   8 = SMOKE OR HAZE
[NO. OF DAYS WITH]      [WEATHER - DAYS WITH]      9 = BLOWING SNOW
                                                   X = TORNADO
MAX 32 OR BELOW:   0    0.01 INCH OR MORE:   5
MAX 90 OR ABOVE:   0    0.10 INCH OR MORE:   3
MIN 32 OR BELOW:   3    0.50 INCH OR MORE:   0
MIN  0 OR BELOW:   0    1.00 INCH OR MORE:   0

[HDD (BASE 65) ]
TOTAL THIS MO.   314    CLEAR  (SCALE 0-3)  17
DPTR FM NORMAL    44    PTCLDY (SCALE 4-7)  10
TOTAL FM JUL 1  6295    CLOUDY (SCALE 8-10)  1
DPTR FM NORMAL   227

[CDD (BASE 65) ]
TOTAL THIS MO.     1
DPTR FM NORMAL   -15    [PRESSURE DATA]
TOTAL FM JAN 1     1    HIGHEST SLP M ON M
DPTR FM NORMAL   -16    LOWEST  SLP 29.55 ON 24

[REMARKS]
