000
CXUS54 KSHV 011300
CF6TXK
PRELIMINARY LOCAL CLIMATOLOGICAL DATA (WS FORM: F-6)

                                          STATION:   TEXARKANA
                                          MONTH:     JULY
                                          YEAR:      2014
                                          LATITUDE:   33 27 N
                                          LONGITUDE:  94  0 W

  TEMPERATURE IN F:       :PCPN:    SNOW:  WIND      :SUNSHINE: SKY     :PK WND
================================================================================
1   2   3   4   5  6A  6B    7    8   9   10  11  12  13   14  15   16   17  18
                                     12Z  AVG MX 2MIN
DY MAX MIN AVG DEP HDD CDD  WTR  SNW DPTH SPD SPD DIR MIN PSBL S-S WX    SPD DR
================================================================================

 1  94  73  84   3   0  19 0.00  0.0    0  8.6 18 230   M    M   0 1      23 240
 2  91  71  81   0   0  16 0.02  0.0    0  3.4 22 310   M    M   2 138    30 300
 3  87  69  78  -3   0  13 0.00  0.0    0  4.5 15  60   M    M   1        20  60
 4  86  64  75  -6   0  10 0.00  0.0    0  3.7 10 130   M    M   0        15 130
 5  88  62  75  -7   0  10 0.00  0.0    0  2.6 12 160   M    M   1 1      14 150
 6  92  68  80  -2   0  15 0.00  0.0    0  4.9 13 240   M    M   1        16 230
 7  94  73  84   2   0  19 0.00  0.0    0  7.6 14 230   M    M   0 18     21 210
 8  96  76  86   4   0  21 0.00  0.0    0  9.1 16 230   M    M   1        23 240
 9  83  70  77  -5   0  12 0.14  0.0    0  5.3 17 350   M    M   6 13     25  20
10  95  70  83   1   0  18 0.00  0.0    0  4.7 14  80   M    M   2 3      18  80
11  96  70  83   1   0  18 0.00  0.0    0  4.0 12 240   M    M   0 1      16 230
12  97  75  86   4   0  21 0.00  0.0    0  3.8 10 230   M    M   1        14 220
13  99  72  86   4   0  21 0.00  0.0    0  4.5 12 270   M    M   0        16 260
14 100  76  88   6   0  23    T  0.0    0  7.8 23 310   M    M   1 18     30 320
15  89  68  79  -3   0  14 0.00  0.0    0  6.8 15  50   M    M   3        22  50
16  84  60  72 -10   0   7 0.00  0.0    0  3.3 10  50   M    M   1        14 130
17  71  62  67 -15   0   2 1.45  0.0    0  5.3 13  60   M    M   9 1      16  70
18  69  61  65 -17   0   0 0.03  0.0    0  6.0 12  40   M    M  10 18     17  60
19  75  62  69 -14   0   4 0.00  0.0    0  2.1 10  40   M    M   9 1      13  30
20  81  64  73 -10   0   8 0.00  0.0    0  0.9  8 130   M    M   6 1      10 150
21  86  63  75  -8   0  10 0.00  0.0    0  2.4  9  40   M    M   3 1      13  40
22  90  68  79  -4   0  14 0.00  0.0    0  2.5  9  60   M    M   1 1      12  60
23  90  69  80  -3   0  15 0.62  0.0    0  4.4 33  30   M    M   3 1      52  10
24  83  68  76  -7   0  11 0.00  0.0    0  2.5  9  20   M    M   7 12     13  60
25  91  69  80  -3   0  15 0.00  0.0    0  4.4 12 230   M    M   3 18     15 250
26  94  75  85   2   0  20 0.00  0.0    0  7.2 15 240   M    M   1 18     22 240
27  96  76  86   3   0  21 0.00  0.0    0  7.2 15 240   M    M   0        20 250
28  92  70  81  -2   0  16 0.00  0.0    0  4.6 13 360   M    M   2        17 340
29  89  66  78  -5   0  13 0.00  0.0    0  3.9 13  40   M    M   0        15  40
30  79  69  74  -9   0   9 0.06  0.0    0  5.5 10 160   M    M   4 1      16 180
31  70  66  68 -15   0   3 0.78  0.0    0  5.6 10  60   M    M  10 1      15  60
================================================================================
SM 2727 2125         0 418  3.10     0.0 149.1          M       88
================================================================================
AV 88.0 68.5                               4.8 FASTST   M    M   3    MAX(MPH)
                                 MISC ---->  # 33  30               # 52   10
================================================================================
NOTES:
# LAST OF SEVERAL OCCURRENCES

COLUMN 17 PEAK WIND IN M.P.H.

PRELIMINARY LOCAL CLIMATOLOGICAL DATA (WS FORM: F-6) , PAGE 2

                                          STATION:  TEXARKANA
                                          MONTH:    JULY
                                          YEAR:     2014
                                          LATITUDE:   33 27 N
                                          LONGITUDE:  94  0 W

[TEMPERATURE DATA]      [PRECIPITATION DATA]       SYMBOLS USED IN COLUMN 16

AVERAGE MONTHLY: 78.3   TOTAL FOR MONTH:   3.10    1 = FOG OR MIST
DPTR FM NORMAL:  -3.9   DPTR FM NORMAL:   -0.34    2 = FOG REDUCING VISIBILITY
HIGHEST:   100 ON 14    GRTST 24HR  1.48 ON 17-18      TO 1/4 MILE OR LESS
LOWEST:     60 ON 16                               3 = THUNDER
                        SNOW, ICE PELLETS, HAIL    4 = ICE PELLETS
                        TOTAL MONTH:   0.0 INCH    5 = HAIL
                        GRTST 24HR     0.0         6 = FREEZING RAIN OR DRIZZLE
                        GRTST DEPTH:   0           7 = DUSTSTORM OR SANDSTORM:
                                                       VSBY 1/2 MILE OR LESS
                                                   8 = SMOKE OR HAZE
[NO. OF DAYS WITH]      [WEATHER - DAYS WITH]      9 = BLOWING SNOW
                                                   X = TORNADO
MAX 32 OR BELOW:   0    0.01 INCH OR MORE:   7
MAX 90 OR ABOVE:  16    0.10 INCH OR MORE:   4
MIN 32 OR BELOW:   0    0.50 INCH OR MORE:   3
MIN  0 OR BELOW:   0    1.00 INCH OR MORE:   1

[HDD (BASE 65) ]
TOTAL THIS MO.     0    CLEAR  (SCALE 0-3)  21
DPTR FM NORMAL     0    PTCLDY (SCALE 4-7)   6
TOTAL FM JUL 1     0    CLOUDY (SCALE 8-10)  4
DPTR FM NORMAL     0

[CDD (BASE 65) ]
TOTAL THIS MO.   418
DPTR FM NORMAL  -117    [PRESSURE DATA]
TOTAL FM JAN 1  1141    HIGHEST SLP 30.26 ON  4
DPTR FM NORMAL  -119    LOWEST  SLP 29.86 ON 14

[REMARKS]
#FINAL-07-14#
