934
CXUS54 KSHV 201300
CF6TYR
PRELIMINARY LOCAL CLIMATOLOGICAL DATA (WS FORM: F-6)

                                          STATION:   TYLER
                                          MONTH:     JANUARY
                                          YEAR:      2018
                                          LATITUDE:   32 22 N
                                          LONGITUDE:  95 24 W

  TEMPERATURE IN F:       :PCPN:    SNOW:  WIND      :SUNSHINE: SKY     :PK WND
================================================================================
1   2   3   4   5  6A  6B    7    8   9   10  11  12  13   14  15   16   17  18
                                     12Z  AVG MX 2MIN
DY MAX MIN AVG DEP HDD CDD  WTR  SNW DPTH SPD SPD DIR MIN PSBL S-S WX    SPD DR
================================================================================

 1  33  19  26 -21  39   0 0.00  0.0    0  9.8 16  20   M    M   0        20  10
 2  28  20  24 -22  41   0 0.00  0.0    0  7.5 15  80   M    M   8        18  80
 3  47  17  32 -14  33   0 0.00  0.0    0  5.8 14 320   M    M   1        19 320
 4  50  22  36 -10  29   0 0.00  0.0    0  1.7  8 320   M    M   0        10 320
 5  58  27  43  -3  22   0 0.00  0.0    0  6.9 14 180   M    M   1        17 200
 6  62  31  47   1  18   0 0.00  0.0    0  8.0 17 150   M    M   1        22 140
 7  61  45  53   7  12   0 0.58  0.0    0 10.0 23 170   M    M   5 13     28 180
 8  60  43  52   6  13   0 0.04  0.0    0  9.1 20 360   M    M   3 13     26 350
 9  48  39  44  -2  21   0 0.00  0.0    0  6.4 15 140   M    M   9 1      17 140
10  60  46  53   7  12   0 0.00  0.0    0 10.4 20 140   M    M   9 1      23 170
11  66  30  48   2  17   0 0.17  0.0    0 14.3 30 310   M    M   6 13     39 330
12  44  22  33 -13  32   0 0.00  0.0    0 13.2 25 320   M    M   0        36 320
13  46  25  36 -10  29   0 0.00  0.0    0  6.0 13  10   M    M   0        15 330
14  52  27  40  -6  25   0 0.00  0.0    0  6.0 12 190   M    M   0        15 190
15  63  26  45  -1  20   0 0.25    M    0 12.0 24 360   M    M   4 16     37  10
16  26  16  21 -25  44   0 0.08  1.3    1 11.4 23 360   M    M   6 1      34  10
17  34  10  22 -24  43   0 0.00  0.0    0  5.0 10  60   M    M   0        14  50
18  44  15  30 -16  35   0 0.00  0.0    0  5.0 13 170   M    M   4        16 180
19  54  38  46   0  19   0 0.00  0.0    0  8.9 15 160   M    M  10        18 180
================================================================================
SM  936  518       504   0  1.12     1.3 157.4          M       67
================================================================================
AV 49.3 27.3                               8.3 FASTST   M    M   4    MAX(MPH)
                                 MISC ---->  # 30 310               # 39  330
================================================================================
NOTES:
# LAST OF SEVERAL OCCURRENCES

COLUMN 17 PEAK WIND IN M.P.H.

PRELIMINARY LOCAL CLIMATOLOGICAL DATA (WS FORM: F-6) , PAGE 2

                                          STATION:  TYLER
                                          MONTH:    JANUARY
                                          YEAR:     2018
                                          LATITUDE:   32 22 N
                                          LONGITUDE:  95 24 W

[TEMPERATURE DATA]      [PRECIPITATION DATA]       SYMBOLS USED IN COLUMN 16

AVERAGE MONTHLY: 38.3   TOTAL FOR MONTH:   1.12    1 = FOG OR MIST
DPTR FM NORMAL:  -7.8   DPTR FM NORMAL:   -0.74    2 = FOG REDUCING VISIBILITY
HIGHEST:    66 ON 11    GRTST 24HR  0.58 ON  7- 7      TO 1/4 MILE OR LESS
LOWEST:     10 ON 17                               3 = THUNDER
                        SNOW, ICE PELLETS, HAIL    4 = ICE PELLETS
                        TOTAL MONTH:   1.3 INCHES  5 = HAIL
                        GRTST 24HR   1.3 ON 16-16  6 = FREEZING RAIN OR DRIZZLE
                        GRTST DEPTH:   1 ON 16     7 = DUSTSTORM OR SANDSTORM:
                                                       VSBY 1/2 MILE OR LESS
                                                   8 = SMOKE OR HAZE
[NO. OF DAYS WITH]      [WEATHER - DAYS WITH]      9 = BLOWING SNOW
                                                   X = TORNADO
MAX 32 OR BELOW:   2    0.01 INCH OR MORE:   5
MAX 90 OR ABOVE:   0    0.10 INCH OR MORE:   3
MIN 32 OR BELOW:  14    0.50 INCH OR MORE:   1
MIN  0 OR BELOW:   0    1.00 INCH OR MORE:   0

[HDD (BASE 65) ]
TOTAL THIS MO.   504    CLEAR  (SCALE 0-3)  10
DPTR FM NORMAL   143    PTCLDY (SCALE 4-7)   5
TOTAL FM JUL 1  1292    CLOUDY (SCALE 8-10)  4
DPTR FM NORMAL    30

[CDD (BASE 65) ]
TOTAL THIS MO.     0
DPTR FM NORMAL     0    [PRESSURE DATA]
TOTAL FM JAN 1     0    HIGHEST SLP M ON M
DPTR FM NORMAL     0    LOWEST  SLP 29.71 ON 11

[REMARKS]
