000
CXUS54 KSHV 011300
CF6TYR
PRELIMINARY LOCAL CLIMATOLOGICAL DATA (WS FORM: F-6)

                                          STATION:   TYLER
                                          MONTH:     FEBRUARY
                                          YEAR:      2015
                                          LATITUDE:   32 22 N
                                          LONGITUDE:  95 24 W

  TEMPERATURE IN F:       :PCPN:    SNOW:  WIND      :SUNSHINE: SKY     :PK WND
================================================================================
1   2   3   4   5  6A  6B    7    8   9   10  11  12  13   14  15   16   17  18
                                     12Z  AVG MX 2MIN
DY MAX MIN AVG DEP HDD CDD  WTR  SNW DPTH SPD SPD DIR MIN PSBL S-S WX    SPD DR
================================================================================

 1  67  37  52   4  13   0 0.21  0.0    0 14.4 24 320   M    M   6 13     31 320
 2  44  26  35 -13  30   0 0.00  0.0    0  7.4 21 360   M    M   0        28  10
 3  52  33  43  -5  22   0 0.00  0.0    0  5.8 14 190   M    M   2        17 190
 4  55  42  49   1  16   0 0.03  0.0    0  5.0 15 180   M    M   9 18     20 350
 5  49  35  42  -6  23   0 0.01  0.0    0  8.3 17 350   M    M   9 1      21 360
 6  51  36  44  -5  21   0 0.00  0.0    0  5.7 14 220   M    M   7 18     19 200
 7  69  42  56   7   9   0 0.00  0.0    0 15.8 25 190   M    M   3 1      34 190
 8  72  52  62  13   3   0 0.00  0.0    0  9.8 24 200   M    M   6 1      32 180
 9  76  46  61  12   4   0 0.00  0.0    0  6.6 21 340   M    M   0 1      29 350
10  71  45  58   9   7   0 0.00  0.0    0  8.3 17 110   M    M   0        19 110
11  75  46  61  11   4   0 0.00  0.0    0  7.0 16 360   M    M   1 12     22  20
12  60  40  50   0  15   0 0.00  0.0    0  9.6 17  30   M    M   0        23 360
13  64  34  49  -1  16   0 0.00  0.0    0  6.1 15 200   M    M   0 8      21 200
14  78  39  59   9   6   0 0.00  0.0    0  5.2 12 320   M    M   0        14 320
15  60  48  54   3  11   0 0.31  0.0    0  9.9 16 150   M    M   5 1      20 150
16  63  30  47  -4  18   0 0.71  0.0    0 13.4 28 310   M    M  10 1      35 320
17  50  28  39 -12  26   0    T  0.0    0  6.3 15  20   M    M   7        19  20
18  58  31  45  -6  20   0 0.00  0.0    0  3.9 13 330   M    M   0 1      17 280
19  57  33  45  -7  20   0 0.00  0.0    0 11.7 20 120   M    M   1        24 120
20  66  48  57   5   8   0    T  0.0    0 15.1 25 190   M    M  10        35 180
21  71  52  62  10   3   0    T  0.0    0 13.9 29 200   M    M  10        36 190
22  52  38  45  -7  20   0 0.81  0.0    0 12.9 20  30   M    M  10 1      27  40
23  38  29  34 -18  31   0 0.47  0.4    0 10.8 21  30   M    M   9 146    26  30
24  33  29  31 -22  34   0 0.00  0.0    T  4.6 10 350   M    M  10 1      14  10
25  37  29  33 -20  32   0 0.65  1.2    1  4.3 12 290   M    M   8 16     14 300
26  43  27  35 -18  30   0 0.00  0.0    T  8.8 20 350   M    M   7 128    25 350
27  33  29  31 -22  34   0    T  0.0    0 10.9 18  70   M    M   9        23  80
28  41  31  36 -18  29   0 0.01    T    0  8.2 15  80   M    M  10 4      20  80
================================================================================
SM 1585 1035       505   0  3.21     1.6 249.7          M      149
================================================================================
AV 56.6 37.0                               8.9 FASTST   M    M   5    MAX(MPH)
                                 MISC ---->  # 29 200               # 36  190
================================================================================
NOTES:
# LAST OF SEVERAL OCCURRENCES

COLUMN 17 PEAK WIND IN M.P.H.

PRELIMINARY LOCAL CLIMATOLOGICAL DATA (WS FORM: F-6) , PAGE 2

                                          STATION:  TYLER
                                          MONTH:    FEBRUARY
                                          YEAR:     2015
                                          LATITUDE:   32 22 N
                                          LONGITUDE:  95 24 W

[TEMPERATURE DATA]      [PRECIPITATION DATA]       SYMBOLS USED IN COLUMN 16

AVERAGE MONTHLY: 46.8   TOTAL FOR MONTH:   3.21    1 = FOG OR MIST
DPTR FM NORMAL:  -3.7   DPTR FM NORMAL:   -0.60    2 = FOG REDUCING VISIBILITY
HIGHEST:    78 ON 14    GRTST 24HR  1.19 ON 22-23      TO 1/4 MILE OR LESS
LOWEST:     26 ON  2                               3 = THUNDER
                        SNOW, ICE PELLETS, HAIL    4 = ICE PELLETS
                        TOTAL MONTH:   1.6 INCHES  5 = HAIL
                        GRTST 24HR   1.2 ON   M    6 = FREEZING RAIN OR DRIZZLE
                        GRTST DEPTH:   1 ON 25     7 = DUSTSTORM OR SANDSTORM:
                                                       VSBY 1/2 MILE OR LESS
                                                   8 = SMOKE OR HAZE
[NO. OF DAYS WITH]      [WEATHER - DAYS WITH]      9 = BLOWING SNOW
                                                   X = TORNADO
MAX 32 OR BELOW:   0    0.01 INCH OR MORE:   9
MAX 90 OR ABOVE:   0    0.10 INCH OR MORE:   6
MIN 32 OR BELOW:  10    0.50 INCH OR MORE:   3
MIN  0 OR BELOW:   0    1.00 INCH OR MORE:   0

[HDD (BASE 65) ]
TOTAL THIS MO.   505    CLEAR  (SCALE 0-3)  10
DPTR FM NORMAL    91    PTCLDY (SCALE 4-7)   8
TOTAL FM JUL 1  1887    CLOUDY (SCALE 8-10) 10
DPTR FM NORMAL    -5

[CDD (BASE 65) ]
TOTAL THIS MO.     0
DPTR FM NORMAL    -8    [PRESSURE DATA]
TOTAL FM JAN 1     0    HIGHEST SLP 30.55 ON 23
DPTR FM NORMAL   -12    LOWEST  SLP 29.74 ON 21

[REMARKS]
#FINAL-02-15#
