000
CXUS54 KSHV 241300
CF6TYR
PRELIMINARY LOCAL CLIMATOLOGICAL DATA (WS FORM: F-6)

                                          STATION:   TYLER
                                          MONTH:     MAY
                                          YEAR:      2016
                                          LATITUDE:   32 22 N
                                          LONGITUDE:  95 24 W

  TEMPERATURE IN F:       :PCPN:    SNOW:  WIND      :SUNSHINE: SKY     :PK WND
================================================================================
1   2   3   4   5  6A  6B    7    8   9   10  11  12  13   14  15   16   17  18
                                     12Z  AVG MX 2MIN
DY MAX MIN AVG DEP HDD CDD  WTR  SNW DPTH SPD SPD DIR MIN PSBL S-S WX    SPD DR
================================================================================

 1  80  62  71   2   0   6 0.00  0.0    0  9.9 17 350   M    M   2 3      24  10
 2  69  53  61  -8   4   0 0.09  0.0    0  9.7 20 350   M    M   7 13     27 350
 3  73  49  61  -9   4   0 0.00  0.0    0  5.1 15 330   M    M   0        21 330
 4  81  52  67  -3   0   2 0.00  0.0    0  7.2 20 310   M    M   0        26 310
 5  81  56  69  -1   0   4 0.00  0.0    0  5.6 17 320   M    M   0        21 320
 6  84  53  69  -1   0   4 0.00  0.0    0  3.6  9  40   M    M   0        13  60
 7  85  57  71   0   0   6 0.00  0.0    0  8.3 17 190   M    M   0        23 160
 8  73  63  68  -3   0   3    T  0.0    0 12.2 26 180   M    M   3        36 180
 9  84  67  76   5   0  11 0.00  0.0    0 13.2 24 190   M    M   5        30 170
10  91  69  80   8   0  15 0.01  0.0    0 14.1 35 250   M    M   6 38     47 240
11  89  69  79   7   0  14 0.01  0.0    0 11.9 26 270   M    M   3        36 280
12  86  67  77   5   0  12    T  0.0    0  7.0 24 260   M    M   2 3      35 250
13  86  63  75   3   0  10 0.00  0.0    0  5.3 16  80   M    M   1        21  90
14  80  66  73   0   0   8 0.02  0.0    0  6.9 20  30   M    M   3 3      24  30
15  77  62  70  -3   0   5 0.00  0.0    0  7.9 16 120   M    M   7        24 120
16  76  65  71  -2   0   6 0.02  0.0    0  9.2 17 150   M    M   8 18     24 150
17  86  66  76   3   0  11    T  0.0    0  8.6 23  60   M    M   7 18     29  60
18  66  60  63 -11   2   0 0.95  0.0    0  8.5 15  10   M    M   8 13     19 360
19  67  59  63 -11   2   0 0.51  0.0    0  7.2 22 110   M    M  10 13     27 110
20  82  63  73  -1   0   8 0.00  0.0    0  4.8 12 300   M    M   6 1      14 290
21  86  61  74   0   0   9 0.00  0.0    0  5.4 12  70   M    M   0        16 110
22  86  71  79   4   0  14 0.00  0.0    0  9.8 17 130   M    M   4        21 130
23  87  69  78   3   0  13 0.00  0.0    0  9.2 22 140   M    M   4 38     28 140
================================================================================
SM 1855 1422        12 161  1.61     0.0 190.6          M       86
================================================================================
AV 80.7 61.8                               8.3 FASTST   M    M   4    MAX(MPH)
                                 MISC ---->  # 35 250               # 47  240
================================================================================
NOTES:
# LAST OF SEVERAL OCCURRENCES

COLUMN 17 PEAK WIND IN M.P.H.

PRELIMINARY LOCAL CLIMATOLOGICAL DATA (WS FORM: F-6) , PAGE 2

                                          STATION:  TYLER
                                          MONTH:    MAY
                                          YEAR:     2016
                                          LATITUDE:   32 22 N
                                          LONGITUDE:  95 24 W

[TEMPERATURE DATA]      [PRECIPITATION DATA]       SYMBOLS USED IN COLUMN 16

AVERAGE MONTHLY: 71.2   TOTAL FOR MONTH:   1.61    1 = FOG OR MIST
DPTR FM NORMAL:  -0.8   DPTR FM NORMAL:   -1.82    2 = FOG REDUCING VISIBILITY
HIGHEST:    91 ON 10    GRTST 24HR  0.95 ON 18-18      TO 1/4 MILE OR LESS
LOWEST:     49 ON  3                               3 = THUNDER
                        SNOW, ICE PELLETS, HAIL    4 = ICE PELLETS
                        TOTAL MONTH:   0.0 INCH    5 = HAIL
                        GRTST 24HR     0.0         6 = FREEZING RAIN OR DRIZZLE
                        GRTST DEPTH:   0           7 = DUSTSTORM OR SANDSTORM:
                                                       VSBY 1/2 MILE OR LESS
                                                   8 = SMOKE OR HAZE
[NO. OF DAYS WITH]      [WEATHER - DAYS WITH]      9 = BLOWING SNOW
                                                   X = TORNADO
MAX 32 OR BELOW:   0    0.01 INCH OR MORE:   7
MAX 90 OR ABOVE:   1    0.10 INCH OR MORE:   2
MIN 32 OR BELOW:   0    0.50 INCH OR MORE:   2
MIN  0 OR BELOW:   0    1.00 INCH OR MORE:   0

[HDD (BASE 65) ]
TOTAL THIS MO.    12    CLEAR  (SCALE 0-3)  11
DPTR FM NORMAL     6    PTCLDY (SCALE 4-7)   9
TOTAL FM JUL 1  1467    CLOUDY (SCALE 8-10)  3
DPTR FM NORMAL  -801

[CDD (BASE 65) ]
TOTAL THIS MO.   161
DPTR FM NORMAL    -9    [PRESSURE DATA]
TOTAL FM JAN 1   348    HIGHEST SLP M ON M
DPTR FM NORMAL    66    LOWEST  SLP 29.72 ON  9

[REMARKS]
