000
CXUS55 KSEW 300945
CF6UIL

PRELIMINARY LOCAL CLIMATOLOGICAL DATA (WS FORM: F-6)

                                          STATION:   QUILLAYUTE WA AIRPORT
                                          MONTH:     MARCH
                                          YEAR:      2015
                                          LATITUDE:   47 57 N
                                          LONGITUDE: 124 33 W

  TEMPERATURE IN F:       :PCPN:    SNOW:  WIND      :SUNSHINE: SKY     :PK WND
================================================================================
1   2   3   4   5  6A  6B    7    8   9   10  11  12  13   14  15   16   17  18
                                     12Z  AVG MX 2MIN
DY MAX MIN AVG DEP HDD CDD  WTR  SNW DPTH SPD SPD DIR MIN PSBL S-S WX    SPD DR
================================================================================

 1  51  26  39  -4  26   0 0.11  0.0    0  2.7  9 230   M    M   4 1      13 170
 2  55  32  44   1  21   0 0.00  0.0    0  7.0 21  30   M    M   0 1      28  20
 3  56  28  42  -1  23   0 0.00  0.0    0  3.2 14 250   M    M   0        16 240
 4  56  26  41  -2  24   0 0.00  0.0    0  2.7 12 240   M    M   0 1      14 260
 5  56  30  43   0  22   0 0.00  0.0    0  2.3 12 270   M    M   0        13 240
 6  64  32  48   5  17   0 0.00  0.0    0  2.1  9 250   M    M   0 1      13 280
 7  62  30  46   3  19   0 0.00  0.0    0  3.3 13 290   M    M   0 12     15 290
 8  59  32  46   3  19   0 0.00  0.0    0  2.6  9 220   M    M   1 12     12 220
 9  53  34  44   0  21   0 0.00  0.0    0  3.5 14 260   M    M  10 12     25 210
10  65  37  51   7  14   0    T  0.0    0  5.9 16 160   M    M   5 1      25 170
11  56  50  53   9  12   0 0.94  0.0    0 10.8 20 190   M    M  10 1      29 190
12  58  47  53   9  12   0    T  0.0    0  7.3 18 190   M    M   8 1      29 170
13  65  44  55  11  10   0 0.42  0.0    0  5.8 17 200   M    M   3 1      26 210
14  54  45  50   6  15   0 0.92  0.0    0  8.5 23 260   M    M   7 1      32 150
15  45  40  43  -1  22   0 1.44  0.0    0  8.7 25  60   M    M  10 1      37  50
16  56  37  47   3  18   0 0.00  0.0    0  4.9 10  20   M    M   5        14  30
17  56  35  46   2  19   0    T  0.0    0  4.4 12 250   M    M   3 1      16 180
18  58  36  47   3  18   0 0.00  0.0    0  4.8 14 210   M    M   6        20 220
19  52  46  49   5  16   0 1.45  0.0    0  5.7 12 160   M    M   9 1      17 150
20  53  47  50   6  15   0 1.57  0.0    0  7.7 17 160   M    M   9 1      34 140
21  54  42  48   3  17   0 0.36  0.0    0  5.5 16 230   M    M   6 1      20 220
22  51  41  46   1  19   0 0.26  0.0    0  5.3 12 140   M    M   6 1      17 180
23  49  41  45   0  20   0 0.59  0.0    0  4.1 15 240   M    M   9 1      22 220
24  54  39  47   2  18   0 0.37  0.0    0  4.8 15 240   M    M   9 12     19 230
25  54  46  50   5  15   0 2.49  0.0    0  9.3 16 190   M    M  10 1      26 190
26  61  47  54   9  11   0 0.03  0.0    0  3.6 13 190   M    M   6 1      20 190
27  58  41  50   5  15   0 0.66  0.0    0  6.9 18 250   M    M   7 12     25 200
28  54  48  51   6  14   0 0.42  0.0    0  8.3 21 250   M    M   9 1      26 240
29  54  48  51   6  14   0 1.93  0.0    0  8.6 16 170   M    M  10 12     25 150
================================================================================
SM 1619 1127       506   0 13.96     0.0 160.3          M      162
================================================================================
AV 55.8 38.9                               5.5 FASTST   M    M   6    MAX(MPH)
                                 MISC ---->  # 25  60               # 37   50
================================================================================
NOTES:
# LAST OF SEVERAL OCCURRENCES

COLUMN 17 PEAK WIND IN M.P.H.

PRELIMINARY LOCAL CLIMATOLOGICAL DATA (WS FORM: F-6) , PAGE 2

                                          STATION:  QUILLAYUTE WA AIRPORT
                                          MONTH:    MARCH
                                          YEAR:     2015
                                          LATITUDE:   47 57 N
                                          LONGITUDE: 124 33 W

[TEMPERATURE DATA]      [PRECIPITATION DATA]       SYMBOLS USED IN COLUMN 16

AVERAGE MONTHLY: 47.3   TOTAL FOR MONTH:  13.96    1 = FOG OR MIST
DPTR FM NORMAL:   3.3   DPTR FM NORMAL:    3.79    2 = FOG REDUCING VISIBILITY
HIGHEST:    65 ON 13,10 GRTST 24HR  2.49 ON 25-25      TO 1/4 MILE OR LESS
LOWEST:     26 ON  4, 1                            3 = THUNDER
                        SNOW, ICE PELLETS, HAIL    4 = ICE PELLETS
                        TOTAL MONTH:   0.0 INCH    5 = HAIL
                        GRTST 24HR     0.0         6 = FREEZING RAIN OR DRIZZLE
                        GRTST DEPTH:   0           7 = DUSTSTORM OR SANDSTORM:
                                                       VSBY 1/2 MILE OR LESS
                                                   8 = SMOKE OR HAZE
[NO. OF DAYS WITH]      [WEATHER - DAYS WITH]      9 = BLOWING SNOW
                                                   X = TORNADO
MAX 32 OR BELOW:   0    0.01 INCH OR MORE:  16
MAX 90 OR ABOVE:   0    0.10 INCH OR MORE:  15
MIN 32 OR BELOW:   8    0.50 INCH OR MORE:   9
MIN  0 OR BELOW:   0    1.00 INCH OR MORE:   5

[HDD (BASE 65) ]
TOTAL THIS MO.   506    CLEAR  (SCALE 0-3)   8
DPTR FM NORMAL  -102    PTCLDY (SCALE 4-7)  11
TOTAL FM JUL 1  3416    CLOUDY (SCALE 8-10) 10
DPTR FM NORMAL -1037

[CDD (BASE 65) ]
TOTAL THIS MO.     0
DPTR FM NORMAL     0    [PRESSURE DATA]
TOTAL FM JAN 1     0    HIGHEST SLP M ON M
DPTR FM NORMAL     0    LOWEST  SLP 29.60 ON 15

[REMARKS]
