000
CXUS53 KLSX 281600
CF6UIN
PRELIMINARY LOCAL CLIMATOLOGICAL DATA (WS FORM: F-6)

                                          STATION:   QUINCY IL
                                          MONTH:     FEBRUARY
                                          YEAR:      2015
                                          LATITUDE:   39 57 N
                                          LONGITUDE:  91 12 W

  TEMPERATURE IN F:       :PCPN:    SNOW:  WIND      :SUNSHINE: SKY     :PK WND
================================================================================
1   2   3   4   5  6A  6B    7    8   9   10  11  12  13   14  15   16   17  18
                                     12Z  AVG MX 2MIN
DY MAX MIN AVG DEP HDD CDD  WTR  SNW DPTH SPD SPD DIR MIN PSBL S-S WX    SPD DR
================================================================================

 1  34  13  24  -3  41   0 0.50    M    M 13.5 29  10   M    M   9 129    34 350
 2  18   4  11 -17  54   0    T    M    M  8.6 24 340   M    M   3 9      30 340
 3  38  14  26  -2  39   0 0.00  0.0    M 10.4 16 180   M    M   2        24 190
 4  36   4  20  -8  45   0    M    M    M 11.5 20 340   M    M   4 128    23 340
 5  18  -4   7 -21  58   0 0.00  0.0    M  6.2 14 340   M    M   1        16 340
 6  42  11  27  -1  38   0 0.00  0.0    M  8.9 16 180   M    M   0        22 200
 7  52  34  43  14  22   0 0.00  0.0    M 11.3 20 210   M    M   0        23 210
 8  49  33  41  12  24   0    T  0.0    0  9.9 16 330   M    M   3 18     19  30
 9  33  22  28  -1  37   0    T  0.0    0 11.0 17  10   M    M   7 18     20  20
10  36  23  30   1  35   0 0.00  0.0    0  7.6 16 160   M    M   7 18     19 170
11  35  24  30   0  35   0 0.00  0.0    0 14.7 28 340   M    M   6 18     33 330
12  25   8  17 -13  48   0    T    M    0 13.2 35 340   M    M   4 8      44 330
13  37  16  27  -3  38   0 0.00  0.0    0  9.2 16 210   M    M   4        20 210
14  35   3  19 -11  46   0    M    M    M 16.4 33 330   M    M   5 1289   40 330
15  13   5   9 -22  56   0    M    M    M  8.5 14  70   M    M   9 18     17  70
16  21  13  17 -14  48   0    M    M    M  6.7 10  50   M    M   7 18     13  20
17  25   7  16 -15  49   0    M    M    M  8.5 26 330   M    M   8 1      31 340
18  11   2   7 -25  58   0 0.00  0.0    M 15.6 29 330   M    M   3 89     36 320
19  13  -4   5 -27  60   0 0.00  0.0    M  4.8 12 340   M    M   1        14 320
20  27  10  19 -13  46   0 0.37    M    M 11.6 21 170   M    M   9 16     28 190
21  37  26  32  -1  33   0 0.04    M    M  6.0 20 340   M    M   9 18     22 340
22  27   5  16 -17  49   0 0.00  0.0    M 14.0 23 340   M    M   2        27 320
23  12  -1   6 -28  59   0 0.00  0.0    M  7.2 15 360   M    M   0        18 360
24  36   0  18 -16  47   0 0.00  0.0    M 11.4 24 260   M    M   3        30 260
25  36  20  28  -6  37   0    M    M    M  8.7 23  20   M    M   5 1      27  20
26  20  -4   8 -27  57   0    M    M    M 15.7 23  20   M    M   5 19     27  20
27  12  -8   2 -33  63   0 0.00  0.0    M  4.6 10 320   M    M   1 8      12 320
================================================================================
SM  778  276      1222   0  0.91     0.0 275.7          M      117
================================================================================
AV 28.8 10.2                              10.2 FASTST   M    M   4    MAX(MPH)
                                 MISC ---->  # 35 340               # 44  330
================================================================================
NOTES:
# LAST OF SEVERAL OCCURRENCES

COLUMN 17 PEAK WIND IN M.P.H.

PRELIMINARY LOCAL CLIMATOLOGICAL DATA (WS FORM: F-6) , PAGE 2

                                          STATION:  QUINCY IL
                                          MONTH:    FEBRUARY
                                          YEAR:     2015
                                          LATITUDE:   39 57 N
                                          LONGITUDE:  91 12 W

[TEMPERATURE DATA]      [PRECIPITATION DATA]       SYMBOLS USED IN COLUMN 16

AVERAGE MONTHLY: 19.5   TOTAL FOR MONTH:   0.91    1 = FOG OR MIST
DPTR FM NORMAL: -11.2   DPTR FM NORMAL:   -0.89    2 = FOG REDUCING VISIBILITY
HIGHEST:    52 ON  7    GRTST 24HR  1.00 ON 31- 1      TO 1/4 MILE OR LESS
LOWEST:     -8 ON 27                               3 = THUNDER
                        SNOW, ICE PELLETS, HAIL    4 = ICE PELLETS
                        TOTAL MONTH:   0.0 INCH    5 = HAIL
                        GRTST 24HR     0.0         6 = FREEZING RAIN OR DRIZZLE
                        GRTST DEPTH:   0           7 = DUSTSTORM OR SANDSTORM:
                                                       VSBY 1/2 MILE OR LESS
                                                   8 = SMOKE OR HAZE
[NO. OF DAYS WITH]      [WEATHER - DAYS WITH]      9 = BLOWING SNOW
                                                   X = TORNADO
MAX 32 OR BELOW:  13    0.01 INCH OR MORE:   3
MAX 90 OR ABOVE:   0    0.10 INCH OR MORE:   2
MIN 32 OR BELOW:  25    0.50 INCH OR MORE:   1
MIN  0 OR BELOW:   6    1.00 INCH OR MORE:   0

[HDD (BASE 65) ]
TOTAL THIS MO.  1222    CLEAR  (SCALE 0-3)  10
DPTR FM NORMAL   296    PTCLDY (SCALE 4-7)  13
TOTAL FM JUL 1  4615    CLOUDY (SCALE 8-10)  4
DPTR FM NORMAL   303

[CDD (BASE 65) ]
TOTAL THIS MO.     0
DPTR FM NORMAL     0    [PRESSURE DATA]
TOTAL FM JAN 1     0    HIGHEST SLP M ON M
DPTR FM NORMAL     0    LOWEST  SLP 29.65 ON  1

[REMARKS]
