000
CXUS56 KEKA 261230
CF6UKI
PRELIMINARY LOCAL CLIMATOLOGICAL DATA (WS FORM: F-6)

                                          STATION:   UKIAH CA
                                          MONTH:     DECEMBER
                                          YEAR:      2014
                                          LATITUDE:   39  7 N
                                          LONGITUDE: 123 12 W

  TEMPERATURE IN F:       :PCPN:    SNOW:  WIND      :SUNSHINE: SKY     :PK WND
================================================================================
1   2   3   4   5  6A  6B    7    8   9   10  11  12  13   14  15   16   17  18
                                     12Z  AVG MX 2MIN
DY MAX MIN AVG DEP HDD CDD  WTR  SNW DPTH SPD SPD DIR MIN PSBL S-S WX    SPD DR
================================================================================

 1  63  52  58  11   7   0 0.10  0.0    0  1.8 12  60   M    M   9 1      15  70
 2  61  54  58  12   7   0 0.92  0.0    0  4.3 16 140   M    M   9 1      27 120
 3  59  53  56  10   9   0 1.79  0.0    0  2.8 15 170   M    M  10 1      20 160
 4  62  52  57  11   8   0 0.11  0.0    0  1.9 10 140   M    M   8 28     13 170
 5  60  52  56  10   9   0 0.67  0.0    0  5.6 16 150   M    M  10 1      21 160
 6  59  48  54   8  11   0 0.00  0.0    0  0.5  6 110   M    M   7 2       7 110
 7  61  48  55   9  10   0    T    M    0  4.2 14 170   M    M   9 2      19 170
 8  60  56  58  12   7   0 0.22  0.0    0  4.5 13 140   M    M  10 1      17 140
 9  62  53  58  12   7   0 0.00  0.0    0  1.4 10 160   M    M   8 1      14 150
10  58  53  56  11   9   0 1.34  0.0    0  7.3 17 180   M    M  10 1      24 170
11  61  50  56  11   9   0 3.47  0.0    0  9.3 25 140   M    M  10 1      37 130
12  52  46  49   4  16   0 0.21    M    0  2.1 10 190   M    M   8 1      14 150
13  54  45  50   5  15   0 0.00  0.0    0  1.5  7 340   M    M   5 1       8 360
14  54  44  49   4  16   0 0.05    M    0  4.9 16 120   M    M   8 2      26 120
15  51  48  50   5  15   0 0.52    M    0  4.3 17 120   M    M  10 1      24 130
16  54  47  51   6  14   0 1.01    M    0  4.3 18 210   M    M  10 1      25 200
17  54  47  51   6  14   0 0.48    M    0  3.6 12 150   M    M   8 1      14 150
18  55  48  52   7  13   0 0.05    M    0  5.2 15 150   M    M  10 1      20 150
19  58  50  54   9  11   0 0.60  0.0    0  3.2 15 150   M    M   9 1      21 150
20  54  50  52   7  13   0 0.38  0.0    0  4.0  9 170   M    M  10 1      17 140
21  62  52  57  12   8   0 0.07  0.0    0  0.6  8  20   M    M   8 1      12  20
22  67  47  57  12   8   0 0.00  0.0    0  1.9 12 300   M    M   2 1      14 280
23  67  43  55  10  10   0 0.00  0.0    0  0.4  6 270   M    M   4 2       7 270
24  55  43  49   4  16   0 0.11    M    0  6.9 23 310   M    M   7 12     36 310
25  55  35  45   0  20   0 0.00  0.0    0  4.2 14 280   M    M   0 1      18 290
================================================================================
SM 1458 1216       282   0 12.10     0.0  90.7          M      199
================================================================================
AV 58.3 48.6                               3.6 FASTST   M    M   8    MAX(MPH)
                                 MISC ---->  # 25 140               # 37  130
================================================================================
NOTES:
# LAST OF SEVERAL OCCURRENCES

COLUMN 17 PEAK WIND IN M.P.H.

PRELIMINARY LOCAL CLIMATOLOGICAL DATA (WS FORM: F-6) , PAGE 2

                                          STATION:  UKIAH CA
                                          MONTH:    DECEMBER
                                          YEAR:     2014
                                          LATITUDE:   39  7 N
                                          LONGITUDE: 123 12 W

[TEMPERATURE DATA]      [PRECIPITATION DATA]       SYMBOLS USED IN COLUMN 16

AVERAGE MONTHLY: 53.5   TOTAL FOR MONTH:  12.10    1 = FOG OR MIST
DPTR FM NORMAL:   8.1   DPTR FM NORMAL:    6.63    2 = FOG REDUCING VISIBILITY
HIGHEST:    67 ON 23,22 GRTST 24HR  4.53 ON 10-11      TO 1/4 MILE OR LESS
LOWEST:     35 ON 25                               3 = THUNDER
                        SNOW, ICE PELLETS, HAIL    4 = ICE PELLETS
                        TOTAL MONTH:   0.0 INCH    5 = HAIL
                        GRTST 24HR     0.0         6 = FREEZING RAIN OR DRIZZLE
                        GRTST DEPTH:   0           7 = DUSTSTORM OR SANDSTORM:
                                                       VSBY 1/2 MILE OR LESS
                                                   8 = SMOKE OR HAZE
[NO. OF DAYS WITH]      [WEATHER - DAYS WITH]      9 = BLOWING SNOW
                                                   X = TORNADO
MAX 32 OR BELOW:   0    0.01 INCH OR MORE:  18
MAX 90 OR ABOVE:   0    0.10 INCH OR MORE:  15
MIN 32 OR BELOW:   0    0.50 INCH OR MORE:   8
MIN  0 OR BELOW:   0    1.00 INCH OR MORE:   4

[HDD (BASE 65) ]
TOTAL THIS MO.   282    CLEAR  (SCALE 0-3)   2
DPTR FM NORMAL  -207    PTCLDY (SCALE 4-7)   8
TOTAL FM JUL 1   683    CLOUDY (SCALE 8-10) 15
DPTR FM NORMAL  -429

[CDD (BASE 65) ]
TOTAL THIS MO.     0
DPTR FM NORMAL     0    [PRESSURE DATA]
TOTAL FM JAN 1  1290    HIGHEST SLP M ON M
DPTR FM NORMAL   455    LOWEST  SLP 29.12 ON 11

[REMARKS]
