000
CXUS53 KUNR 280945
CF6UNR
PRELIMINARY LOCAL CLIMATOLOGICAL DATA (WS FORM: F-6)

                                          STATION:   EAST RAPID CITY SD
                                          MONTH:     MARCH
                                          YEAR:      2015
                                          LATITUDE:   44  4 N
                                          LONGITUDE: 103 13 W

  TEMPERATURE IN F:       :PCPN:    SNOW:  WIND      :SUNSHINE: SKY     :PK WND
================================================================================
1   2   3   4   5  6A  6B    7    8   9   10  11  12  13   14  15   16   17  18
                                     12Z  AVG MX 2MIN
DY MAX MIN AVG DEP HDD CDD  WTR  SNW DPTH SPD SPD DIR MIN PSBL S-S WX    SPD DR
================================================================================

 1  27  11  19 -13  46   0 0.00  0.0    1  8.0 28  10   M    M   M        35  10
 2  47  16  32   0  33   0    T    T    1 13.0 28 330   M    M   M        40 340
 3  29   8  19 -13  46   0 0.09  1.4    1 20.4 33 330   M    M   M 9      49 340
 4  15   4  10 -22  55   0 0.00  0.0    T  8.5 23  10   M    M   M        31  10
 5  47   3  25  -8  40   0 0.00  0.0    T  4.7 17  10   M    M   M        25 360
 6  57  34  46  13  19   0 0.00  0.0    0  8.2 21 320   M    M   M        28 320
 7  57  35  46  13  19   0 0.00  0.0    0  7.2 15 340   M    M   M        21 350
 8  56  30  43   9  22   0 0.00  0.0    0  5.0 14 140   M    M   M        18 150
 9  60  37  49  15  16   0 0.00  0.0    0  8.9 18  30   M    M   M        24  20
10  62  43  53  19  12   0 0.00  0.0    0  8.2 20  10   M    M   M        24  30
11  72  32  52  18  13   0 0.00  0.0    0  4.2 14 360   M    M   M        23 350
12  65  50  58  23   7   0 0.00  0.0    0  9.8 24 330   M    M   M        33 360
13  62  45  54  19  11   0 0.00  0.0    0 10.3 24  10   M    M   M        32  10
14  74  30  52  17  13   0 0.00  0.0    0  8.9 22 130   M    M   M        30 230
15  84  57  71  35   0   6 0.00  0.0    0  6.3 18 210   M    M   M        26 210
16  73  31  52  16  13   0    T    T    0 14.0 34  20   M    M   M        44  20
17  38  30  34  -2  31   0 0.00  0.0    0 10.7 23 160   M    M   M        31 160
18  51  25  38   2  27   0 0.00  0.0    0  8.8 21  10   M    M   M        29  10
19  57  38  48  11  17   0 0.00  0.0    0 11.0 30 330   M    M   M        41 330
20  65  38  52  15  13   0 0.00  0.0    0 11.6 28  10   M    M   M        36  10
21  66  30  48  11  17   0 0.00  0.0    0  7.7 17 140   M    M   M        23 140
22  56  29  43   6  22   0    T    T    0  9.9 22 320   M    M   M        28 320
23  63  32  48  10  17   0 0.01  0.0    0  9.7 25 190   M    M   M        35 190
24  57  28  43   5  22   0 0.00  0.0    0 12.3 28 300   M    M   M        36 300
25  45  28  37  -1  28   0 0.00  0.0    0 12.8 28  10   M    M   M        38  10
26  50  30  40   2  25   0    T    T    0 11.1 30 330   M    M   M        41 330
27  66  31  49  10  16   0 0.00  0.0    0 10.0 26 330   M    M   M        36 330
================================================================================
SM 1501  805       600   6  0.10     1.4 261.2          M        M
================================================================================
AV 55.6 29.8                               9.7 FASTST   M    M   2    MAX(MPH)
                                 MISC ---->  # 34  20               # 49  340
================================================================================
NOTES:
# LAST OF SEVERAL OCCURRENCES

COLUMN 17 PEAK WIND IN M.P.H.

PRELIMINARY LOCAL CLIMATOLOGICAL DATA (WS FORM: F-6) , PAGE 2

                                          STATION:  EAST RAPID CITY SD
                                          MONTH:    MARCH
                                          YEAR:     2015
                                          LATITUDE:   44  4 N
                                          LONGITUDE: 103 13 W

[TEMPERATURE DATA]      [PRECIPITATION DATA]       SYMBOLS USED IN COLUMN 16

AVERAGE MONTHLY: 42.7   TOTAL FOR MONTH:   0.10    1 = FOG OR MIST
DPTR FM NORMAL:   7.5   DPTR FM NORMAL:   -0.71    2 = FOG REDUCING VISIBILITY
HIGHEST:    84 ON 15    GRTST 24HR  0.09 ON  3- 3      TO 1/4 MILE OR LESS
LOWEST:      3 ON  5                               3 = THUNDER
                        SNOW, ICE PELLETS, HAIL    4 = ICE PELLETS
                        TOTAL MONTH:   1.4 INCHES  5 = HAIL
                        GRTST 24HR   1.4 ON   M    6 = FREEZING RAIN OR DRIZZLE
                        GRTST DEPTH:   1 ON  3, 2  7 = DUSTSTORM OR SANDSTORM:
                                                       VSBY 1/2 MILE OR LESS
                                                   8 = SMOKE OR HAZE
[NO. OF DAYS WITH]      [WEATHER - DAYS WITH]      9 = BLOWING SNOW
                                                   X = TORNADO
MAX 32 OR BELOW:   3    0.01 INCH OR MORE:   2
MAX 90 OR ABOVE:   0    0.10 INCH OR MORE:   0
MIN 32 OR BELOW:  18    0.50 INCH OR MORE:   0
MIN  0 OR BELOW:   0    1.00 INCH OR MORE:   0

[HDD (BASE 65) ]
TOTAL THIS MO.   600    CLEAR  (SCALE 0-3)   0
DPTR FM NORMAL  -206    PTCLDY (SCALE 4-7)   0
TOTAL FM JUL 1  5296    CLOUDY (SCALE 8-10)  0
DPTR FM NORMAL  -464

[CDD (BASE 65) ]
TOTAL THIS MO.     6
DPTR FM NORMAL     6    [PRESSURE DATA]
TOTAL FM JAN 1     6    HIGHEST SLP M ON M
DPTR FM NORMAL     6    LOWEST  SLP 29.40 ON 24

[REMARKS]
