000
CXUS54 KHGX 300718
CF6UTS
PRELIMINARY LOCAL CLIMATOLOGICAL DATA (WS FORM: F-6)

                                          STATION:   HUNTSVILLE_(ASOS)
                                          MONTH:     OCTOBER
                                          YEAR:      2014
                                          LATITUDE:   30 45 N
                                          LONGITUDE:  95 35 W

  TEMPERATURE IN F:       :PCPN:    SNOW:  WIND      :SUNSHINE: SKY     :PK WND
================================================================================
1   2   3   4   5  6A  6B    7    8   9   10  11  12  13   14  15   16   17  18
                                     12Z  AVG MX 2MIN
DY MAX MIN AVG DEP HDD CDD  WTR  SNW DPTH SPD SPD DIR MIN PSBL S-S WX    SPD DR
================================================================================

 1  93  76  85  11   0  20 0.00  0.0    0  5.5 13 180   M    M   4        16 180
 2  95  68  82   9   0  17 0.86  0.0    0 10.5 26 310   M    M   4 13     36 310
 3  83  58  71  -2   0   6    T  0.0    0  4.4 18 330   M    M   0        26 330
 4  78  52  65  -8   0   0 0.00  0.0    0  2.9  9 190   M    M   0        16  60
 5  84  56  70  -2   0   5 0.00  0.0    0  6.6 18 180   M    M   0        25 200
 6  81  63  72   0   0   7 0.17  0.0    0  5.5 15  50   M    M   0 13     30  50
 7  89  68  79   7   0  14 0.00  0.0    0  7.2 13 180   M    M   3 1      18 180
 8  89  73  81   9   0  16 0.00  0.0    0  5.0 10 160   M    M   5 1      17 170
 9  90  73  82  11   0  17 0.00  0.0    0  6.0 14 190   M    M   3        19 200
10  89  74  82  11   0  17 0.06  0.0    0  8.0 17 190   M    M   3 1      23 180
11  78  62  70  -1   0   5 0.21  0.0    0  4.9 21 340   M    M   7 1      29 340
12  80  63  72   1   0   7 0.13  0.0    0  4.7 16 170   M    M   7 13     22 190
13  79  59  69  -1   0   4 0.97  0.0    0 11.0 22 210   M    M   7 13     33 200
14  77  52  65  -5   0   0 0.00  0.0    0  6.4 21 320   M    M   0        30 320
15  85  50  68  -2   0   3 0.00  0.0    0  3.6 13 290   M    M   0        17 310
16  85  59  72   2   0   7 0.00  0.0    0  8.0 16 230   M    M   0        22 230
17  84  62  73   4   0   8 0.00  0.0    0  6.1 15 200   M    M   0        20 190
18  86  61  74   5   0   9 0.00  0.0    0  1.9  7  50   M    M   3 1      11  50
19  80  61  71   2   0   6 0.00  0.0    0  1.8  7  90   M    M   4 8      11 100
20  81  54  68   0   0   3 0.00  0.0    0  1.1  7  70   M    M   0        13 320
21  82  50  66  -2   0   1 0.00  0.0    0  1.7  7  60   M    M   0 1      13  40
22  81  57  69   1   0   4 0.00  0.0    0  2.0  8  50   M    M   1 1      13  50
23  78  56  67  -1   0   2 0.00  0.0    0  1.2  8 330   M    M   0        13 360
24  81  52  67   0   0   2 0.00  0.0    0  1.2  8 320   M    M   0        11 340
25  87  57  72   5   0   7 0.00  0.0    0  2.0  9 190   M    M   0        13 260
26  84  60  72   5   0   7 0.00  0.0    0  6.2 15 180   M    M   0        20 180
27  84  61  73   7   0   8 0.00  0.0    0  8.7 20 180   M    M   1        29 200
28  82  65  74   8   0   9 0.00  0.0    0  5.1 12 240   M    M   1        17 260
29  79  56  68   2   0   3 0.00  0.0    0  2.2  8 360   M    M   5 12     12  40
================================================================================
SM 2424 1758         0 214  2.40     0.0 141.4          M       58
================================================================================
AV 83.6 60.6                               4.9 FASTST   M    M   2    MAX(MPH)
                                 MISC ---->  # 26 310               # 36  310
================================================================================
NOTES:
# LAST OF SEVERAL OCCURRENCES

COLUMN 17 PEAK WIND IN M.P.H.

PRELIMINARY LOCAL CLIMATOLOGICAL DATA (WS FORM: F-6) , PAGE 2

                                          STATION:  HUNTSVILLE_(ASOS)
                                          MONTH:    OCTOBER
                                          YEAR:     2014
                                          LATITUDE:   30 45 N
                                          LONGITUDE:  95 35 W

[TEMPERATURE DATA]      [PRECIPITATION DATA]       SYMBOLS USED IN COLUMN 16

AVERAGE MONTHLY: 72.1   TOTAL FOR MONTH:   2.40    1 = FOG OR MIST
DPTR FM NORMAL:   2.3   DPTR FM NORMAL:   -2.03    2 = FOG REDUCING VISIBILITY
HIGHEST:    95 ON  2    GRTST 24HR  1.10 ON 12-13      TO 1/4 MILE OR LESS
LOWEST:     50 ON 21,15                            3 = THUNDER
                        SNOW, ICE PELLETS, HAIL    4 = ICE PELLETS
                        TOTAL MONTH:   0.0 INCH    5 = HAIL
                        GRTST 24HR     0.0         6 = FREEZING RAIN OR DRIZZLE
                        GRTST DEPTH:   0           7 = DUSTSTORM OR SANDSTORM:
                                                       VSBY 1/2 MILE OR LESS
                                                   8 = SMOKE OR HAZE
[NO. OF DAYS WITH]      [WEATHER - DAYS WITH]      9 = BLOWING SNOW
                                                   X = TORNADO
MAX 32 OR BELOW:   0    0.01 INCH OR MORE:   6
MAX 90 OR ABOVE:   3    0.10 INCH OR MORE:   5
MIN 32 OR BELOW:   0    0.50 INCH OR MORE:   2
MIN  0 OR BELOW:   0    1.00 INCH OR MORE:   0

[HDD (BASE 65) ]
TOTAL THIS MO.     0    CLEAR  (SCALE 0-3)  19
DPTR FM NORMAL   -41    PTCLDY (SCALE 4-7)  10
TOTAL FM JUL 1     0    CLOUDY (SCALE 8-10)  0
DPTR FM NORMAL   -43

[CDD (BASE 65) ]
TOTAL THIS MO.   214
DPTR FM NORMAL    35    [PRESSURE DATA]
TOTAL FM JAN 1  2784    HIGHEST SLP M ON M
DPTR FM NORMAL   -57    LOWEST  SLP 29.67 ON 13

[REMARKS]
