000
CXUS54 KHGX 200736
CF6UTS
PRELIMINARY LOCAL CLIMATOLOGICAL DATA (WS FORM: F-6)

                                          STATION:   HUNTSVILLE_(ASOS)
                                          MONTH:     AUGUST
                                          YEAR:      2014
                                          LATITUDE:   30 45 N
                                          LONGITUDE:  95 35 W

  TEMPERATURE IN F:       :PCPN:    SNOW:  WIND      :SUNSHINE: SKY     :PK WND
================================================================================
1   2   3   4   5  6A  6B    7    8   9   10  11  12  13   14  15   16   17  18
                                     12Z  AVG MX 2MIN
DY MAX MIN AVG DEP HDD CDD  WTR  SNW DPTH SPD SPD DIR MIN PSBL S-S WX    SPD DR
================================================================================

 1  81  71  76  -9   0  11    T  0.0    0  6.0 10 350   M    M   9 18     18 320
 2  83  70  77  -8   0  12    T  0.0    0  3.7  8 340   M    M   8 1       M  M
 3  90  70  80  -5   0  15 0.00  0.0    0  2.4  9  10   M    M   5 18     15  50
 4  94  72  83  -2   0  18 0.00  0.0    0  1.4  8 360   M    M   4 18     12 360
 5  96  72  84  -1   0  19 0.00  0.0    0  2.1 15 180   M    M   2 18     21 170
 6  94  75  85   0   0  20 0.00  0.0    0  5.8 12 180   M    M   2        16 220
 7  97  77  87   2   0  22 0.00  0.0    0  7.4 14 190   M    M   1 138    20 200
 8  97  78  88   3   0  23 0.00  0.0    0  7.2 15 200   M    M   2        21 200
 9  97  78  88   3   0  23 0.00  0.0    0  5.9 16 180   M    M   3        26 190
10  97  78  88   3   0  23 0.00  0.0    0  5.0 13 190   M    M   2 3      17 200
11  97  77  87   2   0  22 0.07  0.0    0  3.7 16 310   M    M   1 3      24 330
12  96  71  84  -1   0  19 0.00  0.0    0  3.6 15 320   M    M   1        21 330
13  92  64  78  -7   0  13 0.00  0.0    0  1.5  9 350   M    M   0        14  40
14  93  70  82  -3   0  17 0.00  0.0    0  2.1  6  90   M    M   2        11  70
15  97  73  85   0   0  20 0.00  0.0    0  3.1 10 190   M    M   3 1      16 190
16  98  78  88   3   0  23 0.00  0.0    0  7.9 16 220   M    M   1        22 230
17  98  78  88   3   0  23 0.31  0.0    0  7.7 16 210   M    M   2 13     24 220
18  98  78  88   3   0  23    T  0.0    0  8.1 18 170   M    M   1        29 180
19  96  75  86   1   0  21 0.04  0.0    0  8.2 17 240   M    M   1 3      30 250
================================================================================
SM 1791 1405         0 367  0.42     0.0  92.8          M       50
================================================================================
AV 94.3 73.9                               4.9 FASTST   M    M   3    MAX(MPH)
                                 MISC ---->  # 18 170               # 30  250
================================================================================
NOTES:
# LAST OF SEVERAL OCCURRENCES

COLUMN 17 PEAK WIND IN M.P.H.

PRELIMINARY LOCAL CLIMATOLOGICAL DATA (WS FORM: F-6) , PAGE 2

                                          STATION:  HUNTSVILLE_(ASOS)
                                          MONTH:    AUGUST
                                          YEAR:     2014
                                          LATITUDE:   30 45 N
                                          LONGITUDE:  95 35 W

[TEMPERATURE DATA]      [PRECIPITATION DATA]       SYMBOLS USED IN COLUMN 16

AVERAGE MONTHLY: 84.1   TOTAL FOR MONTH:   0.42    1 = FOG OR MIST
DPTR FM NORMAL:  -0.9   DPTR FM NORMAL:   -1.04    2 = FOG REDUCING VISIBILITY
HIGHEST:    98 ON 18,17 GRTST 24HR  0.31 ON 17-17      TO 1/4 MILE OR LESS
LOWEST:     64 ON 13                               3 = THUNDER
                        SNOW, ICE PELLETS, HAIL    4 = ICE PELLETS
                        TOTAL MONTH:   0.0 INCH    5 = HAIL
                        GRTST 24HR     0.0         6 = FREEZING RAIN OR DRIZZLE
                        GRTST DEPTH:   0           7 = DUSTSTORM OR SANDSTORM:
                                                       VSBY 1/2 MILE OR LESS
                                                   8 = SMOKE OR HAZE
[NO. OF DAYS WITH]      [WEATHER - DAYS WITH]      9 = BLOWING SNOW
                                                   X = TORNADO
MAX 32 OR BELOW:   0    0.01 INCH OR MORE:   3
MAX 90 OR ABOVE:  17    0.10 INCH OR MORE:   1
MIN 32 OR BELOW:   0    0.50 INCH OR MORE:   0
MIN  0 OR BELOW:   0    1.00 INCH OR MORE:   0

[HDD (BASE 65) ]
TOTAL THIS MO.     0    CLEAR  (SCALE 0-3)  15
DPTR FM NORMAL     0    PTCLDY (SCALE 4-7)   2
TOTAL FM JUL 1     0    CLOUDY (SCALE 8-10)  2
DPTR FM NORMAL     0

[CDD (BASE 65) ]
TOTAL THIS MO.   367
DPTR FM NORMAL   -13    [PRESSURE DATA]
TOTAL FM JAN 1  1887    HIGHEST SLP M ON M
DPTR FM NORMAL  -153    LOWEST  SLP 29.83 ON  7

[REMARKS]
