000
CXUS56 KSTO 251455
CF6VCB
PRELIMINARY LOCAL CLIMATOLOGICAL DATA (WS FORM: F-6)

                                          STATION:   VACAVILLE AIRPORT CA
                                          MONTH:     OCTOBER
                                          YEAR:      2014
                                          LATITUDE:   38 22 N
                                          LONGITUDE: 121 58 W

  TEMPERATURE IN F:       :PCPN:    SNOW:  WIND      :SUNSHINE: SKY     :PK WND
================================================================================
1   2   3   4   5  6A  6B    7    8   9   10  11  12  13   14  15   16   17  18
                                     12Z  AVG MX 2MIN
DY MAX MIN AVG DEP HDD CDD  WTR  SNW DPTH SPD SPD DIR MIN PSBL S-S WX    SPD DR
================================================================================

 1  89  57  73   5   0   8 0.00  0.0    0 10.8 24 350   M    M   0        37 350
 2  92  50  71   3   0   6 0.00  0.0    0  3.3 10  30   M    M   0        17 360
 3  96  52  74   6   0   9 0.00  0.0    0  1.8  7  80   M    M   0 8      10  80
 4  97  52  75   8   0  10 0.00  0.0    0  2.1  8  70   M    M   0        11 340
 5  97  54  76   9   0  11 0.00  0.0    0  2.5  8 200   M    M   0        11 210
 6  97  53  75   8   0  10 0.00  0.0    0  2.8 10 240   M    M   0        14 170
 7  95  52  74   7   0   9 0.00  0.0    0  2.2 10 230   M    M   0        13 240
 8  97  53  75   9   0  10 0.00  0.0    0  3.8 21 290   M    M   0        26 300
 9  90  54  72   6   0   7 0.00  0.0    0  3.2 14 310   M    M   0        19 300
10  88  54  71   5   0   6 0.00  0.0    0  4.1 12 200   M    M   0        16 200
11  89  52  71   6   0   6 0.00  0.0    0  2.1  8 180   M    M   0        10 160
12  94  57  76  11   0  11 0.00  0.0    0 10.6 25 350   M    M   0        41 350
13  91  51  71   6   0   6 0.00  0.0    0  5.0 16 220   M    M   0        22 220
14  72  64  68   4   0   3 0.00  0.0    0 13.2 31 230   M    M   0        40 230
15  73  54  64   0   1   0 0.07  0.0    0  5.2 15 220   M    M   6 1      20 210
16  78  49  64   0   1   0 0.00  0.0    0  4.4 12 220   M    M   0        15 210
17  76  49  63  -1   2   0 0.00  0.0    0  3.8 15 220   M    M   1        19 220
18  81  52  67   4   0   2 0.00  0.0    0  2.3 12 220   M    M   0        15 220
19  82  52  67   4   0   2 0.00  0.0    0  4.1 14 220   M    M   0        17 240
20  74  55  65   2   0   0 0.00  0.0    0  8.3 20 250   M    M   3        25 250
21  75  47  61  -1   4   0 0.00  0.0    0  2.3 13 250   M    M   0        16 350
22  78  46  62   0   3   0 0.00  0.0    0  3.7 14 230   M    M   0        21 220
23  78  55  67   5   0   2 0.00  0.0    0  3.0 13 350   M    M   0        18 350
24  80  48  64   2   1   0 0.00  0.0    0  6.4 22 240   M    M   0        29 250
================================================================================
SM 2059 1262        12 118  0.07     0.0 111.0          M       10
================================================================================
AV 85.8 52.6                               4.6 FASTST   M    M   0    MAX(MPH)
                                 MISC ---->  # 31 230               # 41  350
================================================================================
NOTES:
# LAST OF SEVERAL OCCURRENCES

COLUMN 17 PEAK WIND IN M.P.H.

PRELIMINARY LOCAL CLIMATOLOGICAL DATA (WS FORM: F-6) , PAGE 2

                                          STATION:  VACAVILLE AIRPORT CA
                                          MONTH:    OCTOBER
                                          YEAR:     2014
                                          LATITUDE:   38 22 N
                                          LONGITUDE: 121 58 W

[TEMPERATURE DATA]      [PRECIPITATION DATA]       SYMBOLS USED IN COLUMN 16

AVERAGE MONTHLY: 69.2   TOTAL FOR MONTH:   0.07    1 = FOG OR MIST
DPTR FM NORMAL:   4.3   DPTR FM NORMAL:   -0.59    2 = FOG REDUCING VISIBILITY
HIGHEST:    97 ON  8, 6 GRTST 24HR  0.07 ON 15-15      TO 1/4 MILE OR LESS
LOWEST:     46 ON 22                               3 = THUNDER
                        SNOW, ICE PELLETS, HAIL    4 = ICE PELLETS
                        TOTAL MONTH:   0.0 INCH    5 = HAIL
                        GRTST 24HR     0.0         6 = FREEZING RAIN OR DRIZZLE
                        GRTST DEPTH:   0           7 = DUSTSTORM OR SANDSTORM:
                                                       VSBY 1/2 MILE OR LESS
                                                   8 = SMOKE OR HAZE
[NO. OF DAYS WITH]      [WEATHER - DAYS WITH]      9 = BLOWING SNOW
                                                   X = TORNADO
MAX 32 OR BELOW:   0    0.01 INCH OR MORE:   1
MAX 90 OR ABOVE:  10    0.10 INCH OR MORE:   0
MIN 32 OR BELOW:   0    0.50 INCH OR MORE:   0
MIN  0 OR BELOW:   0    1.00 INCH OR MORE:   0

[HDD (BASE 65) ]
TOTAL THIS MO.    12    CLEAR  (SCALE 0-3)  22
DPTR FM NORMAL   -42    PTCLDY (SCALE 4-7)   2
TOTAL FM JUL 1    13    CLOUDY (SCALE 8-10)  0
DPTR FM NORMAL   -50

[CDD (BASE 65) ]
TOTAL THIS MO.   118
DPTR FM NORMAL    65    [PRESSURE DATA]
TOTAL FM JAN 1  1435    HIGHEST SLP M ON M
DPTR FM NORMAL   142    LOWEST  SLP 29.77 ON  7

[REMARKS]
