000
CXUS54 KCRP 011300
CF6VCT
PRELIMINARY LOCAL CLIMATOLOGICAL DATA (WS FORM: F-6)

                                          STATION:   VICTORIA
                                          MONTH:     JANUARY
                                          YEAR:      2015
                                          LATITUDE:   28 51 N
                                          LONGITUDE:  96 55 W

  TEMPERATURE IN F:       :PCPN:    SNOW:  WIND      :SUNSHINE: SKY     :PK WND
================================================================================
1   2   3   4   5  6A  6B    7    8   9   10  11  12  13   14  15   16   17  18
                                     12Z  AVG MX 2MIN
DY MAX MIN AVG DEP HDD CDD  WTR  SNW DPTH SPD SPD DIR MIN PSBL S-S WX    SPD DR
================================================================================

 1  46  42  44 -10  21   0 0.00  0.0    0 10.7 17  40   M    M  10 18     22  30
 2  51  45  48  -6  17   0 0.07  0.0    0  7.9 21 310   M    M  10 1      26 310
 3  59  40  50  -4  15   0 0.03  0.0    0  7.3 20 310   M    M   5 1      24 310
 4  59  38  49  -5  16   0 0.00  0.0    0 11.8 23 360   M    M   0        28  10
 5  55  31  43 -11  22   0 0.00  0.0    0  6.5 15  10   M    M   0        19  20
 6  68  35  52  -2  13   0 0.00  0.0    0  4.2  9 170   M    M   0        10 200
 7  62  38  50  -4  15   0 0.00  0.0    0 12.1 29 360   M    M   6        37  10
 8  42  30  36 -18  29   0 0.00  0.0    0  7.4 22 360   M    M   8        30 360
 9  42  37  40 -14  25   0 0.16  0.0    0 12.4 21  30   M    M  10 1      26  30
10  40  37  39 -15  26   0 0.13  0.0    0 11.8 20  30   M    M   8 18     26  20
11  53  39  46  -8  19   0 1.51  0.0    0  6.0 21  50   M    M   9 13     25 320
12  51  39  45  -9  20   0 0.00  0.0    0  9.8 23 360   M    M  10 128    28 360
13  48  42  45  -9  20   0 0.02  0.0    0  9.8 20  20   M    M  10 18     26  10
14  47  43  45  -9  20   0    T  0.0    0  8.1 14 360   M    M  10 18     18  10
15  57  41  49  -5  16   0 0.01  0.0    0  8.3 17 350   M    M   5 1      23 350
16  64  36  50  -4  15   0 0.00  0.0    0  4.3 12 160   M    M   0        13 160
17  72  40  56   2   9   0 0.00  0.0    0  5.7 13 210   M    M   1 1      18 220
18  71  43  57   3   8   0 0.00  0.0    0  7.5 14  90   M    M   0        20  90
19  76  39  58   4   7   0 0.00  0.0    0  6.6 17 170   M    M   1 12     22 220
20  80  46  63   9   2   0 0.00  0.0    0  4.6 16 160   M    M   5 12     19 160
21  73  58  66  12   0   1    T  0.0    0 10.2 20  80   M    M   9 12     24  70
22  67  46  57   3   8   0 1.01    M    0 15.8 33 340   M    M  10 1      43 350
23  49  40  45  -9  20   0 0.07    M    0 12.4 24 340   M    M   8 1      32 340
24  64  37  51  -3  14   0 0.00  0.0    0  8.4 17 270   M    M   0        22 270
25  73  44  59   5   6   0 0.00  0.0    0  9.3 21 280   M    M   0        26 290
26  74  40  57   3   8   0 0.00  0.0    0  6.0 10 270   M    M   0        14  30
27  82  46  64  10   1   0 0.00  0.0    0  7.9 16 280   M    M   0        20 280
28  81  46  64   9   1   0 0.00  0.0    0  7.2 20 160   M    M   1 12     23 160
29  78  50  64   9   1   0 0.00  0.0    0  3.4 12 160   M    M   6 12     17 270
30  63  50  57   2   8   0 0.00  0.0    0  9.3 16  30   M    M   2        20  40
31  70  50  60   5   5   0 0.06  0.0    0 11.5 24 120   M    M   7 1      30 140
================================================================================
SM 1917 1288       407   1  3.07     0.0 264.2          M      151
================================================================================
AV 61.8 41.5                               8.5 FASTST   M    M   5    MAX(MPH)
                                 MISC ---->  # 33 340               # 43  350
================================================================================
NOTES:
# LAST OF SEVERAL OCCURRENCES

COLUMN 17 PEAK WIND IN M.P.H.

PRELIMINARY LOCAL CLIMATOLOGICAL DATA (WS FORM: F-6) , PAGE 2

                                          STATION:  VICTORIA
                                          MONTH:    JANUARY
                                          YEAR:     2015
                                          LATITUDE:   28 51 N
                                          LONGITUDE:  96 55 W

[TEMPERATURE DATA]      [PRECIPITATION DATA]       SYMBOLS USED IN COLUMN 16

AVERAGE MONTHLY: 51.7   TOTAL FOR MONTH:   3.07    1 = FOG OR MIST
DPTR FM NORMAL:  -2.2   DPTR FM NORMAL:    0.55    2 = FOG REDUCING VISIBILITY
HIGHEST:    82 ON 27    GRTST 24HR  1.63 ON 10-11      TO 1/4 MILE OR LESS
LOWEST:     30 ON  8                               3 = THUNDER
                        SNOW, ICE PELLETS, HAIL    4 = ICE PELLETS
                        TOTAL MONTH:   0.0 INCH    5 = HAIL
                        GRTST 24HR     0.0         6 = FREEZING RAIN OR DRIZZLE
                        GRTST DEPTH:   0           7 = DUSTSTORM OR SANDSTORM:
                                                       VSBY 1/2 MILE OR LESS
                                                   8 = SMOKE OR HAZE
[NO. OF DAYS WITH]      [WEATHER - DAYS WITH]      9 = BLOWING SNOW
                                                   X = TORNADO
MAX 32 OR BELOW:   0    0.01 INCH OR MORE:  10
MAX 90 OR ABOVE:   0    0.10 INCH OR MORE:   4
MIN 32 OR BELOW:   2    0.50 INCH OR MORE:   2
MIN  0 OR BELOW:   0    1.00 INCH OR MORE:   2

[HDD (BASE 65) ]
TOTAL THIS MO.   407    CLEAR  (SCALE 0-3)  13
DPTR FM NORMAL    49    PTCLDY (SCALE 4-7)   9
TOTAL FM JUL 1   790    CLOUDY (SCALE 8-10)  9
DPTR FM NORMAL   -62

[CDD (BASE 65) ]
TOTAL THIS MO.     1
DPTR FM NORMAL   -13    [PRESSURE DATA]
TOTAL FM JAN 1     1    HIGHEST SLP 30.70 ON  8
DPTR FM NORMAL    -6    LOWEST  SLP 29.88 ON 31

[REMARKS]
#FINAL-01-15#
