000
CXUS54 KCRP 241300
CF6VCT
PRELIMINARY LOCAL CLIMATOLOGICAL DATA (WS FORM: F-6)

                                          STATION:   VICTORIA
                                          MONTH:     NOVEMBER
                                          YEAR:      2017
                                          LATITUDE:   28 51 N
                                          LONGITUDE:  96 55 W

  TEMPERATURE IN F:       :PCPN:    SNOW:  WIND      :SUNSHINE: SKY     :PK WND
================================================================================
1   2   3   4   5  6A  6B    7    8   9   10  11  12  13   14  15   16   17  18
                                     12Z  AVG MX 2MIN
DY MAX MIN AVG DEP HDD CDD  WTR  SNW DPTH SPD SPD DIR MIN PSBL S-S WX    SPD DR
================================================================================

 1  84  59  72   4   0   7 0.03  0.0    0  6.7 14 170   M    M   7 18     18 180
 2  87  73  80  12   0  15 0.00  0.0    0 11.4 20 150   M    M   9 18     25 180
 3  88  68  78  11   0  13 0.00  0.0    0  9.3 18 170   M    M   7 12     22 160
 4  87  66  77  10   0  12 0.00  0.0    0  7.0 17 160   M    M   6 12     21 160
 5  89  70  80  13   0  15 0.00  0.0    0 10.6 22 190   M    M   6 1      29 180
 6  89  67  78  12   0  13 0.00  0.0    0  9.7 18 170   M    M   2 1      23 170
 7  89  65  77  11   0  12 0.00  0.0    0  6.0 16  10   M    M   5 12     21 360
 8  65  51  58  -8   7   0 0.08  0.0    0 11.7 20  10   M    M  10 18     25  10
 9  60  50  55 -10  10   0 0.00  0.0    0 10.0 18 360   M    M  10 1      23 360
10  70  50  60  -5   5   0 0.00  0.0    0  7.4 14  20   M    M  10 1      17  40
11  79  57  68   4   0   3 0.00  0.0    0 10.2 18 130   M    M  10        24 140
12  76  64  70   6   0   5 0.36  0.0    0  6.4 13 100   M    M   9 1      17 110
13  81  58  70   6   0   5 0.00  0.0    0  6.7 14 140   M    M   4 1      17  80
14  81  57  69   5   0   4 0.00  0.0    0  7.6 14 120   M    M   3 1      17 160
15  84  57  71   8   0   6 0.00  0.0    0  6.0 15 160   M    M   6 12     19 170
16  85  65  75  12   0  10 0.01  0.0    0  6.9 18 160   M    M   6 1      21 160
17  85  63  74  12   0   9 0.00  0.0    0  9.7 20 170   M    M   5 12     24 190
18  88  59  74  12   0   9 0.00  0.0    0 12.1 29 360   M    M   5 1      38 360
19  68  44  56  -6   9   0 0.00  0.0    0  8.8 23  30   M    M   1        29 360
20  71  39  55  -6  10   0 0.00  0.0    0  5.6 14 130   M    M   5        17 120
21  78  54  66   5   0   1 0.00  0.0    0  4.4 17  20   M    M   5        23  10
22  71  42  57  -4   8   0 0.00  0.0    0 11.9 24  10   M    M   2        30 360
23  72  34  53  -7  12   0 0.00  0.0    0  5.8 10  20   M    M   0        17 340
================================================================================
SM 1827 1312        61 139  0.48     0.0 191.9          M      133
================================================================================
AV 79.4 57.0                               8.3 FASTST   M    M   6    MAX(MPH)
                                 MISC ---->  # 29 360               # 38  360
================================================================================
NOTES:
# LAST OF SEVERAL OCCURRENCES

COLUMN 17 PEAK WIND IN M.P.H.

PRELIMINARY LOCAL CLIMATOLOGICAL DATA (WS FORM: F-6) , PAGE 2

                                          STATION:  VICTORIA
                                          MONTH:    NOVEMBER
                                          YEAR:     2017
                                          LATITUDE:   28 51 N
                                          LONGITUDE:  96 55 W

[TEMPERATURE DATA]      [PRECIPITATION DATA]       SYMBOLS USED IN COLUMN 16

AVERAGE MONTHLY: 68.2   TOTAL FOR MONTH:   0.48    1 = FOG OR MIST
DPTR FM NORMAL:   4.1   DPTR FM NORMAL:   -2.06    2 = FOG REDUCING VISIBILITY
HIGHEST:    89 ON  7, 6 GRTST 24HR  0.48 ON 31- 1      TO 1/4 MILE OR LESS
LOWEST:     34 ON 23                               3 = THUNDER
                        SNOW, ICE PELLETS, HAIL    4 = ICE PELLETS
                        TOTAL MONTH:   0.0 INCH    5 = HAIL
                        GRTST 24HR     0.0         6 = FREEZING RAIN OR DRIZZLE
                        GRTST DEPTH:   0           7 = DUSTSTORM OR SANDSTORM:
                                                       VSBY 1/2 MILE OR LESS
                                                   8 = SMOKE OR HAZE
[NO. OF DAYS WITH]      [WEATHER - DAYS WITH]      9 = BLOWING SNOW
                                                   X = TORNADO
MAX 32 OR BELOW:   0    0.01 INCH OR MORE:   4
MAX 90 OR ABOVE:   0    0.10 INCH OR MORE:   1
MIN 32 OR BELOW:   0    0.50 INCH OR MORE:   0
MIN  0 OR BELOW:   0    1.00 INCH OR MORE:   0

[HDD (BASE 65) ]
TOTAL THIS MO.    61    CLEAR  (SCALE 0-3)   4
DPTR FM NORMAL   -28    PTCLDY (SCALE 4-7)  13
TOTAL FM JUL 1   105    CLOUDY (SCALE 8-10)  6
DPTR FM NORMAL    -7

[CDD (BASE 65) ]
TOTAL THIS MO.   139
DPTR FM NORMAL    69    [PRESSURE DATA]
TOTAL FM JAN 1  3679    HIGHEST SLP M ON M
DPTR FM NORMAL   566    LOWEST  SLP 29.78 ON 21

[REMARKS]
