000
CXUS55 KVEF 250940
CF6VGT
PRELIMINARY LOCAL CLIMATOLOGICAL DATA (WS FORM: F-6)

                                          STATION:   NORTH_LAS_VEGAS NV
                                          MONTH:     JUNE
                                          YEAR:      2017
                                          LATITUDE:   36 12 N
                                          LONGITUDE: 115 12 W

  TEMPERATURE IN F:       :PCPN:    SNOW:  WIND      :SUNSHINE: SKY     :PK WND
================================================================================
1   2   3   4   5  6A  6B    7    8   9   10  11  12  13   14  15   16   17  18
                                     12Z  AVG MX 2MIN
DY MAX MIN AVG DEP HDD CDD  WTR  SNW DPTH SPD SPD DIR MIN PSBL S-S WX    SPD DR
================================================================================

 1  94  68  81   0   0  16 0.00  0.0    0  8.5 28 160   M    M   0        38 150
 2  97  67  82   1   0  17 0.00  0.0    0  5.0 12 180   M    M   0        16 180
 3 102  73  88   6   0  23 0.00  0.0    0  5.8 14 140   M    M   0        19 130
 4 104  76  90   8   0  25 0.00  0.0    0 10.7 28 270   M    M   0        36 250
 5 103  78  91   9   0  26 0.00  0.0    0  8.5 25 220   M    M   0        31 210
 6 104  73  89   7   0  24 0.00  0.0    0  8.9 24 190   M    M   0        33 270
 7 101  73  87   4   0  22 0.00  0.0    0  9.6 24 160   M    M   0        32 180
 8 100  75  88   5   0  23 0.00  0.0    0 12.4 24 220   M    M   0        31 230
 9  95  75  85   2   0  20 0.00  0.0    0 18.0 31 220   M    M   0        40 190
10  93  71  82  -2   0  17 0.00  0.0    0 17.3 32 210   M    M   0        39 210
11  89  64  77  -7   0  12 0.00  0.0    0 21.6 33 220   M    M   0        44 210
12  80  58  69 -15   0   4 0.00  0.0    0  8.9 32 230   M    M   0        42 210
13  89  64  77  -7   0  12 0.00  0.0    0  7.6 16  10   M    M   0        21 330
14  97  69  83  -2   0  18 0.00  0.0    0  5.8 14 150   M    M   0        17 150
15 105  71  88   3   0  23 0.00  0.0    0  6.3 18 190   M    M   0        23 200
16 106  78  92   7   0  27 0.00  0.0    0  5.7 16 320   M    M   0        18 170
17 109  77  93   7   0  28 0.00  0.0    0  5.4 15 160   M    M   0        22 200
18 110  85  98  12   0  33 0.00  0.0    0  5.3 16 350   M    M   0        20 350
19 113  85  99  13   0  34 0.00  0.0    0  6.4 21  10   M    M   0        26  20
20 116  85 101  15   0  36 0.00  0.0    0  6.0 20 270   M    M   0        27 210
21 113  82  98  11   0  33 0.00  0.0    0  8.1 23 220   M    M   0        30 270
22 114  81  98  11   0  33 0.00  0.0    0  7.6 22 270   M    M   0        29 240
23 112  89 101  14   0  36 0.00  0.0    0  5.4 14 350   M    M   0        17 350
24 112  88 100  12   0  35 0.00  0.0    0  7.3 17  10   M    M   0        22  10
================================================================================
SM 2458 1805         0 577  0.00     0.0 212.1          M        0
================================================================================
AV102.4 75.2                               8.8 FASTST   M    M   0    MAX(MPH)
                                 MISC ---->  # 33 220               # 44  210
================================================================================
NOTES:
# LAST OF SEVERAL OCCURRENCES

COLUMN 17 PEAK WIND IN M.P.H.

PRELIMINARY LOCAL CLIMATOLOGICAL DATA (WS FORM: F-6) , PAGE 2

                                          STATION:  NORTH_LAS_VEGAS NV
                                          MONTH:    JUNE
                                          YEAR:     2017
                                          LATITUDE:   36 12 N
                                          LONGITUDE: 115 12 W

[TEMPERATURE DATA]      [PRECIPITATION DATA]       SYMBOLS USED IN COLUMN 16

AVERAGE MONTHLY: 88.8   TOTAL FOR MONTH:   0.00    1 = FOG OR MIST
DPTR FM NORMAL:   4.5   DPTR FM NORMAL:   -0.08    2 = FOG REDUCING VISIBILITY
HIGHEST:   116 ON 20    GRTST 24HR  0.00 ON 24-24      TO 1/4 MILE OR LESS
LOWEST:     58 ON 12                               3 = THUNDER
                        SNOW, ICE PELLETS, HAIL    4 = ICE PELLETS
                        TOTAL MONTH:   0.0 INCH    5 = HAIL
                        GRTST 24HR     0.0         6 = FREEZING RAIN OR DRIZZLE
                        GRTST DEPTH:   0           7 = DUSTSTORM OR SANDSTORM:
                                                       VSBY 1/2 MILE OR LESS
                                                   8 = SMOKE OR HAZE
[NO. OF DAYS WITH]      [WEATHER - DAYS WITH]      9 = BLOWING SNOW
                                                   X = TORNADO
MAX 32 OR BELOW:   0    0.01 INCH OR MORE:   0
MAX 90 OR ABOVE:  21    0.10 INCH OR MORE:   0
MIN 32 OR BELOW:   0    0.50 INCH OR MORE:   0
MIN  0 OR BELOW:   0    1.00 INCH OR MORE:   0

[HDD (BASE 65) ]
TOTAL THIS MO.     0    CLEAR  (SCALE 0-3)  24
DPTR FM NORMAL     0    PTCLDY (SCALE 4-7)   0
TOTAL FM JUL 1  1651    CLOUDY (SCALE 8-10)  0
DPTR FM NORMAL  -393

[CDD (BASE 65) ]
TOTAL THIS MO.   577
DPTR FM NORMAL   114    [PRESSURE DATA]
TOTAL FM JAN 1  1157    HIGHEST SLP M ON M
DPTR FM NORMAL   218    LOWEST  SLP 29.49 ON 11

[REMARKS]
