000
CXUS53 KSGF 280800
CF6VIH
PRELIMINARY LOCAL CLIMATOLOGICAL DATA (WS FORM: F-6)

                                          STATION:   VICHY-ROLLA MO
                                          MONTH:     JULY
                                          YEAR:      2015
                                          LATITUDE:   38  7 N
                                          LONGITUDE:  91 46 W

  TEMPERATURE IN F:       :PCPN:    SNOW:  WIND      :SUNSHINE: SKY     :PK WND
================================================================================
1   2   3   4   5  6A  6B    7    8   9   10  11  12  13   14  15   16   17  18
                                     12Z  AVG MX 2MIN
DY MAX MIN AVG DEP HDD CDD  WTR  SNW DPTH SPD SPD DIR MIN PSBL S-S WX    SPD DR
================================================================================

 1  80  66  73  -3   0   8 1.69    M    M  7.4 18 200   M    M   5 13     23 210
 2  76  66  71  -5   0   6 0.00    M    M  4.4 12  60   M    M   8 18     14  40
 3  80  64  72  -4   0   7 0.00    M    M  4.8 10  10   M    M   4        14  30
 4  81  60  71  -5   0   6 0.00    M    M  3.8  8 130   M    M   1 18     11  60
 5  85  66  76  -1   0  11 0.00    M    M  7.7 13 190   M    M   3 12     17 160
 6  85  72  79   2   0  14 0.03  0.0    0 11.3 17 190   M    M   2 13     22 190
 7  76  63  70  -7   0   5 0.69  0.0    0  8.0 15 290   M    M   9 1      21 280
 8  76  62  69  -8   0   4 1.31  0.0    0  9.4 22 260   M    M  10 123    31 250
 9  76  60  68  -9   0   3 0.39    M    M  5.5 13 110   M    M   9 12     16 110
10  84  68  76  -1   0  11 0.38    M    M  5.4 10 240   M    M   7 1      14 120
11  89  72  81   4   0  16 0.00    M    M  8.9 15 220   M    M   1        21 210
12  90  72  81   4   0  16 0.00    M    M  7.7 14 200   M    M   1        19 230
13  93  74  84   7   0  19 0.00    M    M 10.3 15 230   M    M   0        23 230
14  89  76  83   6   0  18    T    M    M  7.8 16 250   M    M   1        21 260
15  87  72  80   2   0  15 0.00    M    M  7.1 14 110   M    M   1        18  80
16  90  70  80   2   0  15 0.00    M    M  9.6 15 200   M    M   1        26 190
17  91  74  83   5   0  18 0.00    M    M  9.8 17 210   M    M   1        21 220
18  90  74  82   4   0  17 0.00    M    M  9.0 22 210   M    M   0        26 200
19  88  73  81   3   0  16 0.39    M    M  6.6 28 220   M    M   2 13     34 220
20  84  70  77  -1   0  12 0.22    M    M  7.0 18 280   M    M   4 13     25 270
21  79  66  73  -5   0   8 0.00    M    M  4.8 12 330   M    M   0        16 330
22  77  66  72  -6   0   7    T    M    M  6.3 14 110   M    M   8 1      23 120
23  86  70  78   0   0  13 0.00    M    M  5.8 10  60   M    M   5 1      14 160
24  91  69  80   2   0  15 0.00    M    M  6.3 13 210   M    M   3        17 220
25  90  70  80   2   0  15    T    M    M  6.4 18 320   M    M   1        25 330
26  90  70  80   2   0  15 0.26    M    M  8.0 15 170   M    M   2 13     20 100
27  92  73  83   5   0  18 0.04  0.0    0  6.3 15 140   M    M   1 13     21 130
================================================================================
SM 2295 1858         0 328  5.40     0.0 195.4          M       90
================================================================================
AV 85.0 68.8                               7.2 FASTST   M    M   3    MAX(MPH)
                                 MISC ---->  # 28 220               # 34  220
================================================================================
NOTES:
# LAST OF SEVERAL OCCURRENCES

COLUMN 17 PEAK WIND IN M.P.H.

PRELIMINARY LOCAL CLIMATOLOGICAL DATA (WS FORM: F-6) , PAGE 2

                                          STATION:  VICHY-ROLLA MO
                                          MONTH:    JULY
                                          YEAR:     2015
                                          LATITUDE:   38  7 N
                                          LONGITUDE:  91 46 W

[TEMPERATURE DATA]      [PRECIPITATION DATA]       SYMBOLS USED IN COLUMN 16

AVERAGE MONTHLY: 76.9   TOTAL FOR MONTH:   5.40    1 = FOG OR MIST
DPTR FM NORMAL:  -0.4   DPTR FM NORMAL:    1.51    2 = FOG REDUCING VISIBILITY
HIGHEST:    93 ON 13    GRTST 24HR  1.70 ON 30- 1      TO 1/4 MILE OR LESS
LOWEST:     60 ON  9, 4                            3 = THUNDER
                        SNOW, ICE PELLETS, HAIL    4 = ICE PELLETS
                        TOTAL MONTH:   0.0 INCH    5 = HAIL
                        GRTST 24HR     0.0         6 = FREEZING RAIN OR DRIZZLE
                        GRTST DEPTH:   0           7 = DUSTSTORM OR SANDSTORM:
                                                       VSBY 1/2 MILE OR LESS
                                                   8 = SMOKE OR HAZE
[NO. OF DAYS WITH]      [WEATHER - DAYS WITH]      9 = BLOWING SNOW
                                                   X = TORNADO
MAX 32 OR BELOW:   0    0.01 INCH OR MORE:  10
MAX 90 OR ABOVE:   9    0.10 INCH OR MORE:   8
MIN 32 OR BELOW:   0    0.50 INCH OR MORE:   3
MIN  0 OR BELOW:   0    1.00 INCH OR MORE:   2

[HDD (BASE 65) ]
TOTAL THIS MO.     0    CLEAR  (SCALE 0-3)  17
DPTR FM NORMAL     0    PTCLDY (SCALE 4-7)   6
TOTAL FM JUL 1     0    CLOUDY (SCALE 8-10)  4
DPTR FM NORMAL     0

[CDD (BASE 65) ]
TOTAL THIS MO.   328
DPTR FM NORMAL    -4    [PRESSURE DATA]
TOTAL FM JAN 1   707    HIGHEST SLP M ON M
DPTR FM NORMAL    33    LOWEST  SLP 29.74 ON M

[REMARKS]
