000
CXUS53 KSGF 240800
CF6VIH
PRELIMINARY LOCAL CLIMATOLOGICAL DATA (WS FORM: F-6)

                                          STATION:   VICHY-ROLLA MO
                                          MONTH:     JANUARY
                                          YEAR:      2017
                                          LATITUDE:   38  7 N
                                          LONGITUDE:  91 46 W

  TEMPERATURE IN F:       :PCPN:    SNOW:  WIND      :SUNSHINE: SKY     :PK WND
================================================================================
1   2   3   4   5  6A  6B    7    8   9   10  11  12  13   14  15   16   17  18
                                     12Z  AVG MX 2MIN
DY MAX MIN AVG DEP HDD CDD  WTR  SNW DPTH SPD SPD DIR MIN PSBL S-S WX    SPD DR
================================================================================

 1  49  26  38   7  27   0 0.00    M    M  9.3 17 160   M    M   3        23 140
 2  51  41  46  15  19   0 0.06    M    M  6.7 14 150   M    M  10 12     25  90
 3  50  20  35   4  30   0 0.01    M    M 13.2 23 310   M    M   9 12     28 320
 4  27  13  20 -11  45   0 0.00    M    M  8.0 16 320   M    M   2        22 320
 5  21  10  16 -15  49   0 0.05    M    M  8.9 15 310   M    M   8 1      21 280
 6  14   2   8 -23  57   0    T    M    M  7.2 15 310   M    M   3 8      18 320
 7  28  -2  13 -18  52   0 0.00    M    M  5.6 13 240   M    M   0        15 230
 8  27   5  16 -15  49   0 0.00    M    M 10.6 20 180   M    M   2        25 170
 9  48  20  34   3  31   0 0.00    M    M 18.4 31 170   M    M   4        38 170
10  65  33  49  18  16   0    T    M    M 20.0 39 220   M    M   6        56 200
11  71  33  52  21  13   0 0.00    M    M 15.8 35 190   M    M   3        45 200
12  54  24  39   8  26   0 0.00    M    M  9.0 17 310   M    M   8 18     22 330
13  29  24  27  -4  38   0 0.37    M    M  9.7 17  60   M    M  10 16     22  70
14  31  29  30  -1  35   0 0.10    M    M  4.5  9 340   M    M  10 126    17  20
15  33  31  32   1  33   0 0.25    M    M  8.2 15 100   M    M  10 126    18 100
16  56  33  45  14  20   0 0.07    M    M 12.7 24 240   M    M  10 12     30 240
17  44  37  41  10  24   0    T    M    M 11.3 21 260   M    M   9 1      25 260
18  51  34  43  12  22   0 0.05    M    M  6.2 14 160   M    M   7 1      17 150
19  51  41  46  15  19   0 0.01    M    M  5.7 13 100   M    M  10 12     30  90
20  57  42  50  19  15   0 0.00    M    M  9.2 18 170   M    M   6 12     23 170
21  66  49  58  27   7   0 0.02    M    M 10.4 21 230   M    M   3 13     27 240
22  56  39  48  17  17   0 0.56    M    M 12.1 23 330   M    M  10 1      32 320
23  45  27  36   5  29   0 0.00    M    M  8.0 15 330   M    M   7 1      22 300
================================================================================
SM 1024  611       673   0  1.55    M    230.7          M      150
================================================================================
AV 44.5 26.6                              10.0 FASTST   M    M   7    MAX(MPH)
                                 MISC ---->  # 39 220               # 56  200
================================================================================
NOTES:
# LAST OF SEVERAL OCCURRENCES

COLUMN 17 PEAK WIND IN M.P.H.

PRELIMINARY LOCAL CLIMATOLOGICAL DATA (WS FORM: F-6) , PAGE 2

                                          STATION:  VICHY-ROLLA MO
                                          MONTH:    JANUARY
                                          YEAR:     2017
                                          LATITUDE:   38  7 N
                                          LONGITUDE:  91 46 W

[TEMPERATURE DATA]      [PRECIPITATION DATA]       SYMBOLS USED IN COLUMN 16

AVERAGE MONTHLY: 35.5   TOTAL FOR MONTH:   1.55    1 = FOG OR MIST
DPTR FM NORMAL:   4.5   DPTR FM NORMAL:   -0.13    2 = FOG REDUCING VISIBILITY
HIGHEST:    71 ON 11    GRTST 24HR  0.56 ON 22-22      TO 1/4 MILE OR LESS
LOWEST:     -2 ON  7                               3 = THUNDER
                        SNOW, ICE PELLETS, HAIL    4 = ICE PELLETS
                        TOTAL MONTH:    M          5 = HAIL
                        GRTST 24HR    M  ON   M    6 = FREEZING RAIN OR DRIZZLE
                        GRTST DEPTH:  M  ON   M    7 = DUSTSTORM OR SANDSTORM:
                                                       VSBY 1/2 MILE OR LESS
                                                   8 = SMOKE OR HAZE
[NO. OF DAYS WITH]      [WEATHER - DAYS WITH]      9 = BLOWING SNOW
                                                   X = TORNADO
MAX 32 OR BELOW:   7    0.01 INCH OR MORE:  11
MAX 90 OR ABOVE:   0    0.10 INCH OR MORE:   4
MIN 32 OR BELOW:  13    0.50 INCH OR MORE:   1
MIN  0 OR BELOW:   1    1.00 INCH OR MORE:   0

[HDD (BASE 65) ]
TOTAL THIS MO.   673    CLEAR  (SCALE 0-3)   7
DPTR FM NORMAL  -109    PTCLDY (SCALE 4-7)   6
TOTAL FM JUL 1  2246    CLOUDY (SCALE 8-10) 10
DPTR FM NORMAL  -453

[CDD (BASE 65) ]
TOTAL THIS MO.     0
DPTR FM NORMAL     0    [PRESSURE DATA]
TOTAL FM JAN 1     0    HIGHEST SLP M ON M
DPTR FM NORMAL     0    LOWEST  SLP 29.39 ON 22

[REMARKS]
