000
CXUS52 KTAE 190800
CF6VLD
PRELIMINARY LOCAL CLIMATOLOGICAL DATA (WS FORM: F-6)

                                          STATION:   VALDOSTA
                                          MONTH:     DECEMBER
                                          YEAR:      2014
                                          LATITUDE:   30 46 N
                                          LONGITUDE:  83 17 W

  TEMPERATURE IN F:       :PCPN:    SNOW:  WIND      :SUNSHINE: SKY     :PK WND
================================================================================
1   2   3   4   5  6A  6B    7    8   9   10  11  12  13   14  15   16   17  18
                                     12Z  AVG MX 2MIN
DY MAX MIN AVG DEP HDD CDD  WTR  SNW DPTH SPD SPD DIR MIN PSBL S-S WX    SPD DR
================================================================================

 1  79  44  62   6   3   0 0.00  0.0    0  1.6 14 160   M    M   1 1      24 140
 2  78  50  64   8   1   0 0.00  0.0    0  3.1 10 130   M    M   1 1      14 140
 3  80  54  67  11   0   2 0.00  0.0    0  1.9  8  20   M    M   4 12     11 140
 4  79  54  67  12   0   2 0.00  0.0    0  2.8  8 110   M    M   1 1       M  M
 5  68  55  62   7   3   0 0.00  0.0    0  4.8 10 120   M    M   9 18     15 100
 6  78  59  69  14   0   4 0.00  0.0    0  2.3  9 170   M    M   8 128    13 190
 7  64  52  58   3   7   0 0.00  0.0    0  9.8 22  10   M    M   9 1      27  10
 8  53  46  50  -4  15   0 0.02  0.0    0  9.9 18  20   M    M  10 18     24  30
 9  60  39  50  -4  15   0 0.00    M    0  3.1 14 360   M    M   5 8      22  10
10  57  34  46  -8  19   0 0.00  0.0    0  2.1  9 360   M    M   0 18     14  10
11  56  32  44 -10  21   0 0.00  0.0    0  1.2  9 360   M    M   2 1      11 300
12  64  29  47  -7  18   0 0.00  0.0    0  0.9  9  20   M    M   0 1      11  20
13  68  31  50  -3  15   0 0.00  0.0    0  0.7  7 350   M    M   0 8      12 310
14  70  32  51  -2  14   0 0.00  0.0    0  0.7  7 200   M    M   0 8      10 260
15  71  32  52  -1  13   0 0.00  0.0    0  0.7  7 210   M    M   1 18     10 200
16  73  40  57   4   8   0 0.04    M    0  4.0 12 220   M    M   4 128    21 230
17  66  36  51  -2  14   0 0.00  0.0    0  0.3  8 300   M    M   1        12 320
18  63  37  50  -2  15   0 0.00  0.0    0  0.6  7 360   M    M   2 1       9 350
================================================================================
SM 1227  756       181   8  0.06     0.0  50.5          M       58
================================================================================
AV 68.2 42.0                               2.8 FASTST   M    M   3    MAX(MPH)
                                 MISC ---->  # 22  10               # 27   10
================================================================================
NOTES:
# LAST OF SEVERAL OCCURRENCES

COLUMN 17 PEAK WIND IN M.P.H.

PRELIMINARY LOCAL CLIMATOLOGICAL DATA (WS FORM: F-6) , PAGE 2

                                          STATION:  VALDOSTA
                                          MONTH:    DECEMBER
                                          YEAR:     2014
                                          LATITUDE:   30 46 N
                                          LONGITUDE:  83 17 W

[TEMPERATURE DATA]      [PRECIPITATION DATA]       SYMBOLS USED IN COLUMN 16

AVERAGE MONTHLY: 55.1   TOTAL FOR MONTH:   0.06    1 = FOG OR MIST
DPTR FM NORMAL:   0.9   DPTR FM NORMAL:   -1.99    2 = FOG REDUCING VISIBILITY
HIGHEST:    80 ON  3    GRTST 24HR  0.04 ON 16-16      TO 1/4 MILE OR LESS
LOWEST:     29 ON 12                               3 = THUNDER
                        SNOW, ICE PELLETS, HAIL    4 = ICE PELLETS
                        TOTAL MONTH:   0.0 INCH    5 = HAIL
                        GRTST 24HR     0.0         6 = FREEZING RAIN OR DRIZZLE
                        GRTST DEPTH:   0           7 = DUSTSTORM OR SANDSTORM:
                                                       VSBY 1/2 MILE OR LESS
                                                   8 = SMOKE OR HAZE
[NO. OF DAYS WITH]      [WEATHER - DAYS WITH]      9 = BLOWING SNOW
                                                   X = TORNADO
MAX 32 OR BELOW:   0    0.01 INCH OR MORE:   2
MAX 90 OR ABOVE:   0    0.10 INCH OR MORE:   0
MIN 32 OR BELOW:   5    0.50 INCH OR MORE:   0
MIN  0 OR BELOW:   0    1.00 INCH OR MORE:   0

[HDD (BASE 65) ]
TOTAL THIS MO.   181    CLEAR  (SCALE 0-3)  11
DPTR FM NORMAL   -22    PTCLDY (SCALE 4-7)   4
TOTAL FM JUL 1   548    CLOUDY (SCALE 8-10)  3
DPTR FM NORMAL   114

[CDD (BASE 65) ]
TOTAL THIS MO.     8
DPTR FM NORMAL     0    [PRESSURE DATA]
TOTAL FM JAN 1  2927    HIGHEST SLP M ON M
DPTR FM NORMAL   503    LOWEST  SLP 30.06 ON M

[REMARKS]
