535
CXUS52 KTAE 250800
CF6VLD
PRELIMINARY LOCAL CLIMATOLOGICAL DATA (WS FORM: F-6)

                                          STATION:   VALDOSTA
                                          MONTH:     JULY
                                          YEAR:      2016
                                          LATITUDE:   30 46 N
                                          LONGITUDE:  83 17 W

  TEMPERATURE IN F:       :PCPN:    SNOW:  WIND      :SUNSHINE: SKY     :PK WND
================================================================================
1   2   3   4   5  6A  6B    7    8   9   10  11  12  13   14  15   16   17  18
                                     12Z  AVG MX 2MIN
DY MAX MIN AVG DEP HDD CDD  WTR  SNW DPTH SPD SPD DIR MIN PSBL S-S WX    SPD DR
================================================================================

 1  86  72  79  -2   0  14 0.71  0.0    0  1.7 10 190   M    M   4 138    25 250
 2  94  73  84   3   0  19 0.00  0.0    0  2.5 13 170   M    M   4 13     15 160
 3  96  76  86   5   0  21 0.00  0.0    0  4.2 12 180   M    M   2 13     16 220
 4  95  76  86   5   0  21 0.00  0.0    0  4.6 13 190   M    M   2 1      17 200
 5  96  73  85   4   0  20    T  0.0    0  2.4  9 230   M    M   1 1      18 210
 6  96  74  85   4   0  20 0.00  0.0    0  1.5  9 190   M    M   2 1      16 220
 7  96  71  84   3   0  19 0.00  0.0    0  2.8 12 240   M    M   0 1      13 200
 8  96  74  85   4   0  20 0.00  0.0    0  3.2  9 260   M    M   1        15 310
 9  97  74  86   5   0  21 0.00  0.0    0  2.1  8 200   M    M   1        14 190
10  96  70  83   2   0  18 0.05  0.0    0  1.3 10 200   M    M   1 13     16 220
11  98  71  85   4   0  20    T  0.0    0  1.2  8 300   M    M   2 13     15 330
12  98  70  84   3   0  19 2.38  0.0    0  2.3 23 170   M    M   2 123    28 170
13  95  69  82   1   0  17 0.00  0.0    0  1.2  7 330   M    M   1 1      11  10
14  96  72  84   3   0  19    T  0.0    0  2.1 15 160   M    M   2 3      19 120
15  92  73  83   1   0  18 0.01  0.0    0  2.3 21 180   M    M   3 123    24 170
16  94  72  83   1   0  18 0.00  0.0    0  2.6 10 190   M    M   2 13     16 230
17  97  71  84   2   0  19 2.06  0.0    0  4.1 24 210   M    M   2 13     37 200
18  93  71  82   0   0  17 0.00  0.0    0  2.6 10 140   M    M   2 3      13 140
19  94  73  84   2   0  19 1.29  0.0    0  2.3 25  20   M    M   2 13     34  10
20  95  71  83   1   0  18 2.63  0.0    0  1.4 38  70   M    M   2 13     57  80
21  95  73  84   2   0  19 0.58  0.0    0  2.1 15 170   M    M   2 13     17 170
22  94  71  83   1   0  18    T  0.0    0  1.9 14 170   M    M   1 13     17 170
23  94  71  83   1   0  18 0.00  0.0    0  1.9  9 180   M    M   1        13  90
24  96  73  85   3   0  20    T  0.0    0  3.4 21 150   M    M   2 3      27 160
================================================================================
SM 2279 1734         0 452  9.71     0.0  57.7          M       44
================================================================================
AV 95.0 72.2                               2.4 FASTST   M    M   2    MAX(MPH)
                                 MISC ---->  # 38  70               # 57   80
================================================================================
NOTES:
# LAST OF SEVERAL OCCURRENCES

COLUMN 17 PEAK WIND IN M.P.H.

PRELIMINARY LOCAL CLIMATOLOGICAL DATA (WS FORM: F-6) , PAGE 2

                                          STATION:  VALDOSTA
                                          MONTH:    JULY
                                          YEAR:     2016
                                          LATITUDE:   30 46 N
                                          LONGITUDE:  83 17 W

[TEMPERATURE DATA]      [PRECIPITATION DATA]       SYMBOLS USED IN COLUMN 16

AVERAGE MONTHLY: 83.6   TOTAL FOR MONTH:   9.71    1 = FOG OR MIST
DPTR FM NORMAL:   2.2   DPTR FM NORMAL:    4.59    2 = FOG REDUCING VISIBILITY
HIGHEST:    98 ON 12,11 GRTST 24HR  2.63 ON 20-20      TO 1/4 MILE OR LESS
LOWEST:     69 ON 13                               3 = THUNDER
                        SNOW, ICE PELLETS, HAIL    4 = ICE PELLETS
                        TOTAL MONTH:   0.0 INCH    5 = HAIL
                        GRTST 24HR     0.0         6 = FREEZING RAIN OR DRIZZLE
                        GRTST DEPTH:   0           7 = DUSTSTORM OR SANDSTORM:
                                                       VSBY 1/2 MILE OR LESS
                                                   8 = SMOKE OR HAZE
[NO. OF DAYS WITH]      [WEATHER - DAYS WITH]      9 = BLOWING SNOW
                                                   X = TORNADO
MAX 32 OR BELOW:   0    0.01 INCH OR MORE:   8
MAX 90 OR ABOVE:  23    0.10 INCH OR MORE:   6
MIN 32 OR BELOW:   0    0.50 INCH OR MORE:   6
MIN  0 OR BELOW:   0    1.00 INCH OR MORE:   4

[HDD (BASE 65) ]
TOTAL THIS MO.     0    CLEAR  (SCALE 0-3)  22
DPTR FM NORMAL     0    PTCLDY (SCALE 4-7)   2
TOTAL FM JUL 1     0    CLOUDY (SCALE 8-10)  0
DPTR FM NORMAL     0

[CDD (BASE 65) ]
TOTAL THIS MO.   452
DPTR FM NORMAL    61    [PRESSURE DATA]
TOTAL FM JAN 1  1447    HIGHEST SLP M ON M
DPTR FM NORMAL   212    LOWEST  SLP 29.96 ON 23

[REMARKS]
