000
CXUS52 KMLB 211241
CF6VRB
PRELIMINARY LOCAL CLIMATOLOGICAL DATA (WS FORM: F-6)

                                          STATION:   VERO BEACH
                                          MONTH:     DECEMBER
                                          YEAR:      2014
                                          LATITUDE:   27 39 N
                                          LONGITUDE:  80 25 W

  TEMPERATURE IN F:       :PCPN:    SNOW:  WIND      :SUNSHINE: SKY     :PK WND
================================================================================
1   2   3   4   5  6A  6B    7    8   9   10  11  12  13   14  15   16   17  18
                                     12Z  AVG MX 2MIN
DY MAX MIN AVG DEP HDD CDD  WTR  SNW DPTH SPD SPD DIR MIN PSBL S-S WX    SPD DR
================================================================================

 1  78  65  72   5   0   7 0.16  0.0    0  9.6 18  90   M    M   6 18     23 100
 2  78  67  73   6   0   8 0.17  0.0    0  9.9 22 110   M    M   6 1      28 100
 3  78  64  71   4   0   6 0.09  0.0    0  9.5 18  50   M    M   4 1      25  60
 4  79  69  74   7   0   9 0.18  0.0    0 11.6 22  90   M    M   5 1      26 110
 5  79  67  73   7   0   8 1.15  0.0    0  8.2 18 140   M    M   8 18     23 140
 6  77  60  69   3   0   4 0.28  0.0    0  3.3 17 130   M    M   5 12     20 130
 7  71  57  64  -2   1   0 0.00  0.0    0  7.6 14 360   M    M   6 12     22 360
 8  69  59  64  -2   1   0 0.16  0.0    0  5.3 15 330   M    M   9 128    21 100
 9  68  50  59  -7   6   0 0.02  0.0    0 10.4 17 290   M    M   5 1      23 330
10  65  43  54 -12  11   0 0.00  0.0    0  6.2 15 310   M    M   0        19 310
11  67  41  54 -11  11   0 0.00  0.0    0  6.1 17 270   M    M   0 1      22 280
12  62  44  53 -12  12   0 0.00  0.0    0  6.7 12 320   M    M   0        14 320
13  70  47  59  -6   6   0 0.00  0.0    0  8.4 17 360   M    M   0        20 360
14  74  44  59  -6   6   0 0.00  0.0    0  3.7 10 290   M    M   0        14  10
15  75  40  58  -7   7   0 0.00  0.0    0  2.8 10  60   M    M   0        13 260
16  77  44  61  -3   4   0 0.00  0.0    0  4.5 15 260   M    M   0        19 230
17  76  51  64   0   1   0 0.00  0.0    0  6.1 16 280   M    M   2 1      20 280
18  73  48  61  -3   4   0 0.00  0.0    0  4.7 14 280   M    M   0 1      16  30
19  72  47  60  -4   5   0 0.00  0.0    0  4.1 14 340   M    M   0 1      15 340
20  78  54  66   2   0   1 0.00  0.0    0  3.4 13 140   M    M   3        16 100
================================================================================
SM 1466 1061        75  43  2.21     0.0 132.1          M       59
================================================================================
AV 73.3 53.0                               6.6 FASTST   M    M   3    MAX(MPH)
                                 MISC ---->  # 22 110               # 28  100
================================================================================
NOTES:
# LAST OF SEVERAL OCCURRENCES

COLUMN 17 PEAK WIND IN M.P.H.

PRELIMINARY LOCAL CLIMATOLOGICAL DATA (WS FORM: F-6) , PAGE 2

                                          STATION:  VERO BEACH
                                          MONTH:    DECEMBER
                                          YEAR:     2014
                                          LATITUDE:   27 39 N
                                          LONGITUDE:  80 25 W

[TEMPERATURE DATA]      [PRECIPITATION DATA]       SYMBOLS USED IN COLUMN 16

AVERAGE MONTHLY: 63.2   TOTAL FOR MONTH:   2.21    1 = FOG OR MIST
DPTR FM NORMAL:  -2.3   DPTR FM NORMAL:    0.81    2 = FOG REDUCING VISIBILITY
HIGHEST:    79 ON  5, 4 GRTST 24HR  1.42 ON  5- 6      TO 1/4 MILE OR LESS
LOWEST:     40 ON 15                               3 = THUNDER
                        SNOW, ICE PELLETS, HAIL    4 = ICE PELLETS
                        TOTAL MONTH:   0.0 INCH    5 = HAIL
                        GRTST 24HR     0.0         6 = FREEZING RAIN OR DRIZZLE
                        GRTST DEPTH:   0           7 = DUSTSTORM OR SANDSTORM:
                                                       VSBY 1/2 MILE OR LESS
                                                   8 = SMOKE OR HAZE
[NO. OF DAYS WITH]      [WEATHER - DAYS WITH]      9 = BLOWING SNOW
                                                   X = TORNADO
MAX 32 OR BELOW:   0    0.01 INCH OR MORE:   8
MAX 90 OR ABOVE:   0    0.10 INCH OR MORE:   6
MIN 32 OR BELOW:   0    0.50 INCH OR MORE:   1
MIN  0 OR BELOW:   0    1.00 INCH OR MORE:   1

[HDD (BASE 65) ]
TOTAL THIS MO.    75    CLEAR  (SCALE 0-3)  11
DPTR FM NORMAL    18    PTCLDY (SCALE 4-7)   7
TOTAL FM JUL 1   154    CLOUDY (SCALE 8-10)  2
DPTR FM NORMAL    67

[CDD (BASE 65) ]
TOTAL THIS MO.    43
DPTR FM NORMAL   -24    [PRESSURE DATA]
TOTAL FM JAN 1  3197    HIGHEST SLP M ON M
DPTR FM NORMAL  -181    LOWEST  SLP 29.99 ON  9

[REMARKS]
