000
CXUS51 KBTV 210700
CF6VSF
PRELIMINARY LOCAL CLIMATOLOGICAL DATA (WS FORM: F-6)

                                          STATION:   SPRINGFIELD VT
                                          MONTH:     OCTOBER
                                          YEAR:      2017
                                          LATITUDE:   43 19 N
                                          LONGITUDE:  72 31 W

  TEMPERATURE IN F:       :PCPN:    SNOW:  WIND      :SUNSHINE: SKY     :PK WND
================================================================================
1   2   3   4   5  6A  6B    7    8   9   10  11  12  13   14  15   16   17  18
                                     12Z  AVG MX 2MIN
DY MAX MIN AVG DEP HDD CDD  WTR  SNW DPTH SPD SPD DIR MIN PSBL S-S WX    SPD DR
================================================================================

 1  63  36  50  -2  15   0 0.00  0.0    0  2.4 15 270   M    M   4 12     19 280
 2  69  32  51  -1  14   0 0.00  0.0    0  1.4 10  70   M    M   3 12     17  40
 3  70  39  55   3  10   0 0.00  0.0    0  2.3 13 170   M    M   3 12     17 160
 4  78  42  60   9   5   0 0.00  0.0    0  2.3 14 160   M    M   3 12     19 170
 5  75  49  62  11   3   0 0.00    M    0  5.5 17 270   M    M   1        27 280
 6  66  46  56   6   9   0 0.01    M    0  0.5  6 260   M    M   8        11 300
 7  67  49  58   8   7   0    T    M    0  1.0  9 170   M    M   7 12     14 200
 8  82  57  70  20   0   5 0.26  0.0    0  4.6 18 250   M    M   6 12     27 230
 9  72  57  65  16   0   0 0.69  0.0    0  1.7 10 320   M    M  10 12     16 330
10  74  52  63  14   2   0 0.00  0.0    0  4.7 16 280   M    M   3 12     17 270
11  63  48  56   8   9   0 0.01  0.0    0  3.0 12  20   M    M   7 12     17  10
12  60  34  47  -1  18   0    T    M    0  2.2 10  80   M    M   3        14  90
13  63  31  47  -1  18   0 0.00  0.0    0  2.3 13 170   M    M   6 12     18 170
14  73  47  60  12   5   0 0.00  0.0    0  2.1  9 180   M    M   4 1      14 110
15  78  49  64  17   1   0    T    M    0  5.8 14 180   M    M   4 128    24 160
16  64  40  52   5  13   0 0.00  0.0    0  6.9 22 270   M    M   8        33 280
17  57  27  42  -4  23   0 0.00  0.0    0  2.1 12 250   M    M   0        16 250
18  71  31  51   5  14   0 0.00  0.0    0  2.0 12 270   M    M   0        19 270
19  74  33  54   8  11   0 0.00  0.0    0  3.0 14 150   M    M   0 1      24 200
20  67  39  53   7  12   0 0.00  0.0    0  5.2 18 270   M    M   0        28 270
================================================================================
SM 1386  838       189   5  0.97     0.0  61.0          M       80
================================================================================
AV 69.3 41.9                               3.0 FASTST   M    M   4    MAX(MPH)
                                 MISC ---->  # 22 270               # 33  280
================================================================================
NOTES:
# LAST OF SEVERAL OCCURRENCES

COLUMN 17 PEAK WIND IN M.P.H.

PRELIMINARY LOCAL CLIMATOLOGICAL DATA (WS FORM: F-6) , PAGE 2

                                          STATION:  SPRINGFIELD VT
                                          MONTH:    OCTOBER
                                          YEAR:     2017
                                          LATITUDE:   43 19 N
                                          LONGITUDE:  72 31 W

[TEMPERATURE DATA]      [PRECIPITATION DATA]       SYMBOLS USED IN COLUMN 16

AVERAGE MONTHLY: 55.6   TOTAL FOR MONTH:   0.97    1 = FOG OR MIST
DPTR FM NORMAL:   6.8   DPTR FM NORMAL:   -2.10    2 = FOG REDUCING VISIBILITY
HIGHEST:    82 ON  8    GRTST 24HR  0.69 ON  9- 9      TO 1/4 MILE OR LESS
LOWEST:     27 ON 17                               3 = THUNDER
                        SNOW, ICE PELLETS, HAIL    4 = ICE PELLETS
                        TOTAL MONTH:   0.0 INCH    5 = HAIL
                        GRTST 24HR     0.0         6 = FREEZING RAIN OR DRIZZLE
                        GRTST DEPTH:   0           7 = DUSTSTORM OR SANDSTORM:
                                                       VSBY 1/2 MILE OR LESS
                                                   8 = SMOKE OR HAZE
[NO. OF DAYS WITH]      [WEATHER - DAYS WITH]      9 = BLOWING SNOW
                                                   X = TORNADO
MAX 32 OR BELOW:   0    0.01 INCH OR MORE:   4
MAX 90 OR ABOVE:   0    0.10 INCH OR MORE:   2
MIN 32 OR BELOW:   4    0.50 INCH OR MORE:   1
MIN  0 OR BELOW:   0    1.00 INCH OR MORE:   0

[HDD (BASE 65) ]
TOTAL THIS MO.   189    CLEAR  (SCALE 0-3)   9
DPTR FM NORMAL  -136    PTCLDY (SCALE 4-7)  10
TOTAL FM JUL 1   374    CLOUDY (SCALE 8-10)  1
DPTR FM NORMAL  -203

[CDD (BASE 65) ]
TOTAL THIS MO.     5
DPTR FM NORMAL     5    [PRESSURE DATA]
TOTAL FM JAN 1   386    HIGHEST SLP M ON M
DPTR FM NORMAL    42    LOWEST  SLP 29.72 ON 16

[REMARKS]
