189
CXUS51 KBTV 220700
CF6VSF
PRELIMINARY LOCAL CLIMATOLOGICAL DATA (WS FORM: F-6)

                                          STATION:   SPRINGFIELD VT
                                          MONTH:     MAY
                                          YEAR:      2015
                                          LATITUDE:   43 19 N
                                          LONGITUDE:  72 31 W

  TEMPERATURE IN F:       :PCPN:    SNOW:  WIND      :SUNSHINE: SKY     :PK WND
================================================================================
1   2   3   4   5  6A  6B    7    8   9   10  11  12  13   14  15   16   17  18
                                     12Z  AVG MX 2MIN
DY MAX MIN AVG DEP HDD CDD  WTR  SNW DPTH SPD SPD DIR MIN PSBL S-S WX    SPD DR
================================================================================

 1  59  40  50  -1  15   0    T    M    0  1.1  8 160   M    M   8        10 100
 2  72  36  54   3  11   0 0.00  0.0    0  1.5 10 210   M    M   6 12     14 350
 3  76  39  58   7   7   0 0.00  0.0    0  1.5 12  80   M    M   4        14  50
 4  84  40  62  10   3   0 0.00  0.0    0  4.0 21 280   M    M   2        28 290
 5  72  47  60   8   5   0 0.00  0.0    0  5.6 17 280   M    M   3        24 270
 6  78  37  58   6   7   0 0.00  0.0    0  3.2 13 300   M    M   0        21 280
 7  84  37  61   8   4   0 0.00  0.0    0  2.3 13 300   M    M   0        17 290
 8  85  43  64  11   1   0 0.00  0.0    0  4.2 17  50   M    M   0        22  60
 9  78  46  62   9   3   0 0.00  0.0    0  5.7 17 170   M    M   0        22 180
10  87  52  70  16   0   5    T  0.0    0  3.3 14 240   M    M   3 1      20 240
11  82  55  69  15   0   4 0.44  0.0    0  3.6 16  60   M    M   8 12     22  60
12  79  54  67  13   0   2 0.08  0.0    0  5.0 35 260   M    M   7 18     47 260
13  58  37  48  -6  17   0    T    M    0  7.5 21 270   M    M   5        29 310
14  67  32  50  -5  15   0 0.00  0.0    0  4.0 17 270   M    M   0 12     24 270
15  70  33  52  -3  13   0 0.00  0.0    0  1.5  9 170   M    M   1 12     13 160
16  75  50  63   8   2   0 0.02  0.0    0  2.2 12 160   M    M   6 1      17 140
17  82  54  68  13   0   3 0.00  0.0    0  2.3 13 260   M    M   4 12     18 250
18  75  52  64   8   1   0 0.00  0.0    0  6.0 16 140   M    M   4        22 170
19  78  54  66  10   0   1 0.06  0.0    0  5.9 18 270   M    M   7 1      27 270
20  58  36  47  -9  18   0    T    M    0  7.8 22 280   M    M   6        33 280
21  69  36  53  -3  12   0 0.00  0.0    0  3.4 16 270   M    M   3        21 270
================================================================================
SM 1568  910       134  15  0.60     0.0  81.6          M       77
================================================================================
AV 74.7 43.3                               3.9 FASTST   M    M   4    MAX(MPH)
                                 MISC ---->  # 35 260               # 47  260
================================================================================
NOTES:
# LAST OF SEVERAL OCCURRENCES

COLUMN 17 PEAK WIND IN M.P.H.

PRELIMINARY LOCAL CLIMATOLOGICAL DATA (WS FORM: F-6) , PAGE 2

                                          STATION:  SPRINGFIELD VT
                                          MONTH:    MAY
                                          YEAR:     2015
                                          LATITUDE:   43 19 N
                                          LONGITUDE:  72 31 W

[TEMPERATURE DATA]      [PRECIPITATION DATA]       SYMBOLS USED IN COLUMN 16

AVERAGE MONTHLY: 59.0   TOTAL FOR MONTH:   0.60    1 = FOG OR MIST
DPTR FM NORMAL:   5.3   DPTR FM NORMAL:   -1.66    2 = FOG REDUCING VISIBILITY
HIGHEST:    87 ON 10    GRTST 24HR  0.46 ON 11-12      TO 1/4 MILE OR LESS
LOWEST:     32 ON 14                               3 = THUNDER
                        SNOW, ICE PELLETS, HAIL    4 = ICE PELLETS
                        TOTAL MONTH:   0.0 INCH    5 = HAIL
                        GRTST 24HR     0.0         6 = FREEZING RAIN OR DRIZZLE
                        GRTST DEPTH:   0           7 = DUSTSTORM OR SANDSTORM:
                                                       VSBY 1/2 MILE OR LESS
                                                   8 = SMOKE OR HAZE
[NO. OF DAYS WITH]      [WEATHER - DAYS WITH]      9 = BLOWING SNOW
                                                   X = TORNADO
MAX 32 OR BELOW:   0    0.01 INCH OR MORE:   4
MAX 90 OR ABOVE:   0    0.10 INCH OR MORE:   1
MIN 32 OR BELOW:   1    0.50 INCH OR MORE:   0
MIN  0 OR BELOW:   0    1.00 INCH OR MORE:   0

[HDD (BASE 65) ]
TOTAL THIS MO.   134    CLEAR  (SCALE 0-3)  10
DPTR FM NORMAL  -107    PTCLDY (SCALE 4-7)  11
TOTAL FM JUL 1  7545    CLOUDY (SCALE 8-10)  0
DPTR FM NORMAL   198

[CDD (BASE 65) ]
TOTAL THIS MO.    15
DPTR FM NORMAL    15    [PRESSURE DATA]
TOTAL FM JAN 1    15    HIGHEST SLP M ON M
DPTR FM NORMAL    13    LOWEST  SLP 29.68 ON 12

[REMARKS]
