000
CXUS51 KBTV 290700
CF6VSF
PRELIMINARY LOCAL CLIMATOLOGICAL DATA (WS FORM: F-6)

                                          STATION:   SPRINGFIELD VT
                                          MONTH:     JULY
                                          YEAR:      2015
                                          LATITUDE:   43 19 N
                                          LONGITUDE:  72 31 W

  TEMPERATURE IN F:       :PCPN:    SNOW:  WIND      :SUNSHINE: SKY     :PK WND
================================================================================
1   2   3   4   5  6A  6B    7    8   9   10  11  12  13   14  15   16   17  18
                                     12Z  AVG MX 2MIN
DY MAX MIN AVG DEP HDD CDD  WTR  SNW DPTH SPD SPD DIR MIN PSBL S-S WX    SPD DR
================================================================================

 1  72  59  66  -2   0   1 0.53  0.0    0  2.7  8 240   M    M   7 1       M  M
 2  77  53  65  -3   0   0 0.00  0.0    0  5.2 16 290   M    M   2        24 290
 3  78  46  62  -6   3   0 0.00  0.0    0  1.3 10 290   M    M   2 12     14 280
 4  68  48  58 -10   7   0 0.05    M    0  1.6  8 160   M    M   4 12     10 160
 5  81  53  67  -2   0   2 0.00  0.0    0  4.0 16 280   M    M   4 128    22 260
 6  84  55  70   1   0   5 0.00  0.0    0  2.5 13 280   M    M   3 12     15 260
 7  82  59  71   2   0   6    T  0.0    0  4.6 16 160   M    M   7 1      20 180
 8  79  57  68  -1   0   3    T  0.0    0  3.8 16 280   M    M   4 1      26  10
 9  75  54  65  -4   0   0 0.06  0.0    0  1.5 10 120   M    M   5 1      14 120
10  81  56  69   0   0   4    T  0.0    0  3.6 12  10   M    M   3 1      17  20
11  86  51  69   0   0   4 0.00  0.0    0  3.1 18 270   M    M   1 1      22 270
12  87  57  72   3   0   7 0.00  0.0    0  2.6 12 260   M    M   0 1      18 240
13  86  64  75   6   0  10 0.00  0.0    0  3.8 14 140   M    M   2 1      19 150
14  80  60  70   1   0   5 0.12  0.0    0  2.2 18 140   M    M   7 18     25 150
15  74  54  64  -5   1   0 0.00  0.0    0  5.0 14  10   M    M   5 12     23  10
16  76  48  62  -7   3   0 0.00  0.0    0  4.5 13  50   M    M   0        17 340
17  79  47  63  -6   2   0 0.07    M    0  3.1 13 160   M    M   2 12     18 160
18  80  62  71   2   0   6 0.18  0.0    0  3.4  9 170   M    M   8 13     13 170
19   M   M   M   M   M   M    M  0.0    0  4.3 14 240   M    M   6 123    18 180
20  87  66  77   8   0  12 0.00  0.0    M  4.6 16 270   M    M   1 2      21 270
21  88  59  74   5   0   9    T  0.0    0  3.5 17 280   M    M   3        23 280
22  78  57  68  -1   0   3    T  0.0    0  4.4 13 290   M    M   6        23  10
23  78  55  67  -2   0   2 0.01  0.0    0  4.8 14 260   M    M   7        21 300
24  79  54  67  -2   0   2 0.02  0.0    0  2.8 13  40   M    M   6 123    17  50
25  80  51  66  -3   0   1    T  0.0    0  3.1 14 150   M    M   5 12     17 160
26  82  63  73   4   0   8 0.01  0.0    0  3.9 13 160   M    M   7 1      17 150
27  87  65  76   7   0  11 0.00  0.0    0  2.2 12 160   M    M   6 1      16 170
28  89  64  77   8   0  12 0.00  0.0    0  1.7 10  60   M    M   2 1      15 310
================================================================================
SM 2173 1517        16 113  1.05     0.0  93.8          M      115
================================================================================
AV 80.5 56.2                               3.3 FASTST   M    M   4    MAX(MPH)
                                 MISC ---->  # 18 270               # 26   10
================================================================================
NOTES:
# LAST OF SEVERAL OCCURRENCES

COLUMN 17 PEAK WIND IN M.P.H.

PRELIMINARY LOCAL CLIMATOLOGICAL DATA (WS FORM: F-6) , PAGE 2

                                          STATION:  SPRINGFIELD VT
                                          MONTH:    JULY
                                          YEAR:     2015
                                          LATITUDE:   43 19 N
                                          LONGITUDE:  72 31 W

[TEMPERATURE DATA]      [PRECIPITATION DATA]       SYMBOLS USED IN COLUMN 16

AVERAGE MONTHLY: 68.3   TOTAL FOR MONTH:   1.05    1 = FOG OR MIST
DPTR FM NORMAL:  -0.5   DPTR FM NORMAL:   -2.94    2 = FOG REDUCING VISIBILITY
HIGHEST:    89 ON 28    GRTST 24HR  0.57 ON 30- 1      TO 1/4 MILE OR LESS
LOWEST:     46 ON  3                               3 = THUNDER
                        SNOW, ICE PELLETS, HAIL    4 = ICE PELLETS
                        TOTAL MONTH:   0.0 INCH    5 = HAIL
                        GRTST 24HR     0.0         6 = FREEZING RAIN OR DRIZZLE
                        GRTST DEPTH:   0           7 = DUSTSTORM OR SANDSTORM:
                                                       VSBY 1/2 MILE OR LESS
                                                   8 = SMOKE OR HAZE
[NO. OF DAYS WITH]      [WEATHER - DAYS WITH]      9 = BLOWING SNOW
                                                   X = TORNADO
MAX 32 OR BELOW:   0    0.01 INCH OR MORE:   9
MAX 90 OR ABOVE:   0    0.10 INCH OR MORE:   3
MIN 32 OR BELOW:   0    0.50 INCH OR MORE:   1
MIN  0 OR BELOW:   0    1.00 INCH OR MORE:   0

[HDD (BASE 65) ]
TOTAL THIS MO.    16    CLEAR  (SCALE 0-3)  10
DPTR FM NORMAL     2    PTCLDY (SCALE 4-7)  18
TOTAL FM JUL 1    16    CLOUDY (SCALE 8-10)  0
DPTR FM NORMAL     2

[CDD (BASE 65) ]
TOTAL THIS MO.   113
DPTR FM NORMAL   -18    [PRESSURE DATA]
TOTAL FM JAN 1   205    HIGHEST SLP M ON M
DPTR FM NORMAL    -2    LOWEST  SLP 29.55 ON 21

[REMARKS]
