000
CXUS51 KBTV 220700
CF6VSF
PRELIMINARY LOCAL CLIMATOLOGICAL DATA (WS FORM: F-6)

                                          STATION:   SPRINGFIELD VT
                                          MONTH:     AUGUST
                                          YEAR:      2017
                                          LATITUDE:   43 19 N
                                          LONGITUDE:  72 31 W

  TEMPERATURE IN F:       :PCPN:    SNOW:  WIND      :SUNSHINE: SKY     :PK WND
================================================================================
1   2   3   4   5  6A  6B    7    8   9   10  11  12  13   14  15   16   17  18
                                     12Z  AVG MX 2MIN
DY MAX MIN AVG DEP HDD CDD  WTR  SNW DPTH SPD SPD DIR MIN PSBL S-S WX    SPD DR
================================================================================

 1  86  58  72   3   0   7 0.00  0.0    0  2.0 13 270   M    M   1 1      15 260
 2  84  54  69   1   0   4 0.03  0.0    0  1.4 10 290   M    M   1 13     15 300
 3  86  58  72   4   0   7 0.00  0.0    0  2.6 14 170   M    M   4 12     19 160
 4  80  61  71   3   0   6 0.03  0.0    0  4.7 14 140   M    M   6 13     21 160
 5  78  57  68   0   0   3 0.97  0.0    0  4.5 20 270   M    M   8 13     24 270
 6  74  54  64  -4   1   0 0.00  0.0    0  5.4 23 290   M    M   3        35 270
 7  78  49  64  -4   1   0 0.15    M    0  3.9 16 170   M    M   3 12     22 170
 8  78  54  66  -2   0   1 0.13  0.0    0  3.5 13 270   M    M   6 1      19 350
 9  82  50  66  -2   0   1 0.54  0.0    0  2.8 29 290   M    M   6 123    41 290
10  84  56  70   2   0   5 0.01  0.0    0  1.9 10 170   M    M   6 12     14 170
11  78  62  70   2   0   5 0.09  0.0    0  1.4  9 190   M    M   7 12     13 170
12  78  63  71   3   0   6 0.07  0.0    0  4.2 13 170   M    M   8 1      18 150
13  81  56  69   1   0   4 0.00  0.0    0  3.6 15 270   M    M   4 12     20 320
14  80  52  66  -2   0   1 0.00  0.0    0  1.7 10 150   M    M   2 12     14 150
15  79  55  67  -1   0   2 0.00  0.0    0  3.2 12 150   M    M   5 12     15 150
16  77  52  65  -2   0   0 0.00  0.0    0  3.9 17 270   M    M   3 1      23 280
17  79  46  63  -4   2   0    T    M    0  2.1 12 280   M    M   1 12     18 250
18  69  59  64  -3   1   0 0.67  0.0    0  0.5  8  40   M    M   9 1      14  30
19  83  62  73   6   0   8 0.00  0.0    0  2.5 16 250   M    M   6 12     23 250
20  79  57  68   1   0   3    T  0.0    0  3.5 17 280   M    M   5 12     21 270
21  83  53  68   1   0   3 0.00  0.0    0  2.5 12 250   M    M   3 128    19 270
================================================================================
SM 1676 1168         5  66  2.69     0.0  61.8          M       97
================================================================================
AV 79.8 55.6                               2.9 FASTST   M    M   5    MAX(MPH)
                                 MISC ---->  # 29 290               # 41  290
================================================================================
NOTES:
# LAST OF SEVERAL OCCURRENCES

COLUMN 17 PEAK WIND IN M.P.H.

PRELIMINARY LOCAL CLIMATOLOGICAL DATA (WS FORM: F-6) , PAGE 2

                                          STATION:  SPRINGFIELD VT
                                          MONTH:    AUGUST
                                          YEAR:     2017
                                          LATITUDE:   43 19 N
                                          LONGITUDE:  72 31 W

[TEMPERATURE DATA]      [PRECIPITATION DATA]       SYMBOLS USED IN COLUMN 16

AVERAGE MONTHLY: 67.7   TOTAL FOR MONTH:   2.69    1 = FOG OR MIST
DPTR FM NORMAL:  -0.0   DPTR FM NORMAL:    0.07    2 = FOG REDUCING VISIBILITY
HIGHEST:    86 ON  3, 1 GRTST 24HR  0.97 ON  5- 5      TO 1/4 MILE OR LESS
LOWEST:     46 ON 17                               3 = THUNDER
                        SNOW, ICE PELLETS, HAIL    4 = ICE PELLETS
                        TOTAL MONTH:   0.0 INCH    5 = HAIL
                        GRTST 24HR     0.0         6 = FREEZING RAIN OR DRIZZLE
                        GRTST DEPTH:   0           7 = DUSTSTORM OR SANDSTORM:
                                                       VSBY 1/2 MILE OR LESS
                                                   8 = SMOKE OR HAZE
[NO. OF DAYS WITH]      [WEATHER - DAYS WITH]      9 = BLOWING SNOW
                                                   X = TORNADO
MAX 32 OR BELOW:   0    0.01 INCH OR MORE:  10
MAX 90 OR ABOVE:   0    0.10 INCH OR MORE:   5
MIN 32 OR BELOW:   0    0.50 INCH OR MORE:   3
MIN  0 OR BELOW:   0    1.00 INCH OR MORE:   0

[HDD (BASE 65) ]
TOTAL THIS MO.     5    CLEAR  (SCALE 0-3)   6
DPTR FM NORMAL   -16    PTCLDY (SCALE 4-7)  14
TOTAL FM JUL 1    24    CLOUDY (SCALE 8-10)  1
DPTR FM NORMAL   -14

[CDD (BASE 65) ]
TOTAL THIS MO.    66
DPTR FM NORMAL   -13    [PRESSURE DATA]
TOTAL FM JAN 1   291    HIGHEST SLP M ON M
DPTR FM NORMAL    -3    LOWEST  SLP 29.77 ON 19

[REMARKS]
