000
CXUS51 KBTV 270700
CF6VSF
PRELIMINARY LOCAL CLIMATOLOGICAL DATA (WS FORM: F-6)

                                          STATION:   SPRINGFIELD VT
                                          MONTH:     MARCH
                                          YEAR:      2015
                                          LATITUDE:   43 19 N
                                          LONGITUDE:  72 31 W

  TEMPERATURE IN F:       :PCPN:    SNOW:  WIND      :SUNSHINE: SKY     :PK WND
================================================================================
1   2   3   4   5  6A  6B    7    8   9   10  11  12  13   14  15   16   17  18
                                     12Z  AVG MX 2MIN
DY MAX MIN AVG DEP HDD CDD  WTR  SNW DPTH SPD SPD DIR MIN PSBL S-S WX    SPD DR
================================================================================

 1  25  -8   9 -18  56   0 0.06    M    0  1.4 14 150   M    M   7 18     18 150
 2  30  14  22  -5  43   0 0.03    M    0  9.1 24 290   M    M   9 18     41 280
 3  27   1  14 -13  51   0 0.08    M    0  4.9 17 160   M    M   4 18     24 190
 4  41  23  32   4  33   0 0.00  0.0    0  6.9 21 280   M    M   9 18     29 290
 5  33   2  18 -10  47   0 0.00  0.0    0  7.2 16 280   M    M   2        25 350
 6  26 -11   8 -20  57   0 0.00  0.0    0  2.4 13 210   M    M   0 18     19 210
 7  32  -1  16 -13  49   0    T    M    0  4.2 14 260   M    M   6        19 240
 8  37   7  22  -7  43   0    T    M    0  3.7 24 280   M    M   5 18     33 270
 9  43  10  27  -2  38   0    T    M    0  5.0 26 270   M    M   3 1      33 260
10  48  15  32   2  33   0 0.01    M    0  2.7 13 170   M    M   2 1      19 160
11  53  33  43  13  22   0    T    M    0  7.3 20 280   M    M   4 12     31 270
12  40  19  30   0  35   0    T    M    0 11.6 25 310   M    M   3        38 340
13  37  11  24  -6  41   0 0.00  0.0    0  1.3  8  60   M    M   3        11 330
14  32  25  29  -2  36   0 0.09    M    0  1.2  9  60   M    M   9 168    11  50
15  38  26  32   1  33   0 0.01    M    0  7.6 24 320   M    M   9 16     31 320
16  43  21  32   1  33   0 0.00  0.0    0  3.2 16 300   M    M   3        24 300
17  47  23  35   3  30   0 0.05    M    0  8.1 25 310   M    M   9 16     41 310
18  24  17  21 -11  44   0    T    M    0 13.0 25 310   M    M   3        40 310
19  30  12  21 -11  44   0 0.00  0.0    0  7.4 23 300   M    M   0        36 310
20  31  12  22 -11  43   0    T    M    0  2.5 12 120   M    M   5 18     16 150
21  41  18  30  -3  35   0    T    M    0  5.3 24 290   M    M   7        38 280
22  31  14  23 -11  42   0    T    M    0 10.1 20 300   M    M   2        30 310
23  28   9  19 -15  46   0    T    M    0  9.2 23 270   M    M   2 8      29 250
24  41   7  24 -10  41   0 0.00  0.0    0  3.4 12 270   M    M   0        15 280
25  47  14  31  -4  34   0 0.01    M    0  4.6 17 190   M    M   3 1      25 180
26  44  33  39   4  26   0 0.51    M    0  0.4  6 100   M    M   9 12      8 210
================================================================================
SM  949  346      1035   0  0.85     0.0 143.7          M      118
================================================================================
AV 36.5 13.3                               5.5 FASTST   M    M   5    MAX(MPH)
                                 MISC ---->  # 26 270               # 41  280
================================================================================
NOTES:
# LAST OF SEVERAL OCCURRENCES

COLUMN 17 PEAK WIND IN M.P.H.

PRELIMINARY LOCAL CLIMATOLOGICAL DATA (WS FORM: F-6) , PAGE 2

                                          STATION:  SPRINGFIELD VT
                                          MONTH:    MARCH
                                          YEAR:     2015
                                          LATITUDE:   43 19 N
                                          LONGITUDE:  72 31 W

[TEMPERATURE DATA]      [PRECIPITATION DATA]       SYMBOLS USED IN COLUMN 16

AVERAGE MONTHLY: 24.9   TOTAL FOR MONTH:   0.85    1 = FOG OR MIST
DPTR FM NORMAL:  -5.8   DPTR FM NORMAL:   -1.77    2 = FOG REDUCING VISIBILITY
HIGHEST:    53 ON 11    GRTST 24HR  0.51 ON 26-26      TO 1/4 MILE OR LESS
LOWEST:    -11 ON  6                               3 = THUNDER
                        SNOW, ICE PELLETS, HAIL    4 = ICE PELLETS
                        TOTAL MONTH:   0.0 INCH    5 = HAIL
                        GRTST 24HR     0.0         6 = FREEZING RAIN OR DRIZZLE
                        GRTST DEPTH:   0           7 = DUSTSTORM OR SANDSTORM:
                                                       VSBY 1/2 MILE OR LESS
                                                   8 = SMOKE OR HAZE
[NO. OF DAYS WITH]      [WEATHER - DAYS WITH]      9 = BLOWING SNOW
                                                   X = TORNADO
MAX 32 OR BELOW:  11    0.01 INCH OR MORE:   9
MAX 90 OR ABOVE:   0    0.10 INCH OR MORE:   1
MIN 32 OR BELOW:  24    0.50 INCH OR MORE:   1
MIN  0 OR BELOW:   3    1.00 INCH OR MORE:   0

[HDD (BASE 65) ]
TOTAL THIS MO.  1035    CLEAR  (SCALE 0-3)  11
DPTR FM NORMAL   143    PTCLDY (SCALE 4-7)   9
TOTAL FM JUL 1  6587    CLOUDY (SCALE 8-10)  6
DPTR FM NORMAL   250

[CDD (BASE 65) ]
TOTAL THIS MO.     0
DPTR FM NORMAL     0    [PRESSURE DATA]
TOTAL FM JAN 1     0    HIGHEST SLP M ON M
DPTR FM NORMAL     0    LOWEST  SLP 29.43 ON 17

[REMARKS]
