000
CXUS51 KBTV 270700
CF6VSF
PRELIMINARY LOCAL CLIMATOLOGICAL DATA (WS FORM: F-6)

                                          STATION:   SPRINGFIELD VT
                                          MONTH:     FEBRUARY
                                          YEAR:      2015
                                          LATITUDE:   43 19 N
                                          LONGITUDE:  72 31 W

  TEMPERATURE IN F:       :PCPN:    SNOW:  WIND      :SUNSHINE: SKY     :PK WND
================================================================================
1   2   3   4   5  6A  6B    7    8   9   10  11  12  13   14  15   16   17  18
                                     12Z  AVG MX 2MIN
DY MAX MIN AVG DEP HDD CDD  WTR  SNW DPTH SPD SPD DIR MIN PSBL S-S WX    SPD DR
================================================================================

 1  20  -2   9 -11  56   0    T    M    0  5.8 18 280   M    M   2        24 270
 2  10  -2   4 -16  61   0 0.46    M    0  3.6 15 290   M    M  10 12     21 280
 3  20  -8   6 -14  59   0 0.06    M    0  4.0 17 290   M    M   1 8      24 270
 4  27  -6  11 -10  54   0    M    M    0  1.0  9 160   M    M   9 18     12 190
 5  27  -3  12  -9  53   0 0.05    M    0  5.7 22 330   M    M   6 18     33 330
 6  19 -18   1 -20  64   0    T    M    0  1.5 10 280   M    M   4 18     15 210
 7  27   2  15  -6  50   0 0.02    M    0  2.3  9 220   M    M  10 18     14 230
 8  21  12  17  -5  48   0 0.26    M    0  2.9 10  60   M    M  10 18     13  60
 9  19  13  16  -6  49   0 0.29    M    0  1.8 12  60   M    M  10 128    19 100
10  33  15  24   2  41   0 0.01    M    0  4.0 14  10   M    M   6 18     21 360
11  27   0  14  -8  51   0 0.06    M    0  1.3  9 350   M    M   0 18     13 350
12  29   6  18  -4  47   0    T    M    0  2.7 15 310   M    M   8 18     21 330
13  12  -7   3 -20  62   0    T    M    0  7.2 20 260   M    M   2 8      28 250
14  15  -7   4 -19  61   0 0.09    M    0  2.6 13 180   M    M   9 18     17 180
15  15  -6   5 -18  60   0 0.12    M    0 10.6 23 310   M    M   7 189    32 320
16  12  -8   2 -21  63   0 0.00    M    0  9.7 25 300   M    M   1 8      40 290
17  19  -9   5 -19  60   0 0.00  0.0    0  0.1  5 160   M    M   5 8       7 190
18  27 -14   7 -17  58   0 0.01    M    0  1.3  9 120   M    M   2 18     14 100
19  19   2  11 -13  54   0 0.01    M    0  6.9 21 270   M    M   9 189    31 310
20  15  -7   4 -20  61   0 0.00  0.0    0  8.6 22 300   M    M   3 89     31 280
21  20 -15   3 -22  62   0 0.17    M    0  3.0 20 170   M    M   6 18     27 150
22  38  11  25   0  40   0 0.01    M    0  1.4 17 290   M    M   4 18     24 290
23  28  -6  11 -14  54   0    T    M    0  9.4 23 280   M    M   2 89     35 280
24  16 -19  -1 -26  66   0 0.00  0.0    0  4.6 16 150   M    M   0        23 170
25  29   2  16 -10  49   0    T    M    0  6.0 22 240   M    M   4 18     30 280
26  20   5  13 -13  52   0 0.00  0.0    0  4.6 10  50   M    M   5        15 350
================================================================================
SM  564  -69      1435   0  1.62     0.0 112.6          M      135
================================================================================
AV 21.7 -2.7                               4.3 FASTST   M    M   5    MAX(MPH)
                                 MISC ---->  # 25 300               # 40  290
================================================================================
NOTES:
# LAST OF SEVERAL OCCURRENCES

COLUMN 17 PEAK WIND IN M.P.H.

PRELIMINARY LOCAL CLIMATOLOGICAL DATA (WS FORM: F-6) , PAGE 2

                                          STATION:  SPRINGFIELD VT
                                          MONTH:    FEBRUARY
                                          YEAR:     2015
                                          LATITUDE:   43 19 N
                                          LONGITUDE:  72 31 W

[TEMPERATURE DATA]      [PRECIPITATION DATA]       SYMBOLS USED IN COLUMN 16

AVERAGE MONTHLY:  9.5   TOTAL FOR MONTH:   1.62    1 = FOG OR MIST
DPTR FM NORMAL: -13.3   DPTR FM NORMAL:   -0.90    2 = FOG REDUCING VISIBILITY
HIGHEST:    38 ON 22    GRTST 24HR  0.99 ON  4- 5      TO 1/4 MILE OR LESS
LOWEST:    -19 ON 24                               3 = THUNDER
                        SNOW, ICE PELLETS, HAIL    4 = ICE PELLETS
                        TOTAL MONTH:   0.0 INCH    5 = HAIL
                        GRTST 24HR     0.0         6 = FREEZING RAIN OR DRIZZLE
                        GRTST DEPTH:   0           7 = DUSTSTORM OR SANDSTORM:
                                                       VSBY 1/2 MILE OR LESS
                                                   8 = SMOKE OR HAZE
[NO. OF DAYS WITH]      [WEATHER - DAYS WITH]      9 = BLOWING SNOW
                                                   X = TORNADO
MAX 32 OR BELOW:  24    0.01 INCH OR MORE:  14
MAX 90 OR ABOVE:   0    0.10 INCH OR MORE:   5
MIN 32 OR BELOW:  26    0.50 INCH OR MORE:   0
MIN  0 OR BELOW:  17    1.00 INCH OR MORE:   0

[HDD (BASE 65) ]
TOTAL THIS MO.  1435    CLEAR  (SCALE 0-3)   8
DPTR FM NORMAL   338    PTCLDY (SCALE 4-7)  10
TOTAL FM JUL 1  5438    CLOUDY (SCALE 8-10)  8
DPTR FM NORMAL    69

[CDD (BASE 65) ]
TOTAL THIS MO.     0
DPTR FM NORMAL     0    [PRESSURE DATA]
TOTAL FM JAN 1     0    HIGHEST SLP M ON M
DPTR FM NORMAL     0    LOWEST  SLP 29.51 ON 15

[REMARKS]
