000
CXUS55 KLBF 011215
CF6VTN
PRELIMINARY LOCAL CLIMATOLOGICAL DATA (WS FORM: F-6)

                                          STATION:   VALENTINE NE
                                          MONTH:     SEPTEMBER
                                          YEAR:      2014
                                          LATITUDE:   42 52 N
                                          LONGITUDE: 100 33 W

  TEMPERATURE IN F:       :PCPN:    SNOW:  WIND      :SUNSHINE: SKY     :PK WND
================================================================================
1   2   3   4   5  6A  6B    7    8   9   10  11  12  13   14  15   16   17  18
                                     12Z  AVG MX 2MIN
DY MAX MIN AVG DEP HDD CDD  WTR  SNW DPTH SPD SPD DIR MIN PSBL S-S WX    SPD DR
================================================================================

 1  79  50  65  -4   0   0 0.09  0.0    0  7.5 24 300   M    M   1 13     31 290
 2  83  45  64  -5   1   0 0.00  0.0    0 10.2 21 190   M    M   1        25 190
 3  97  69  83  15   0  18 0.00  0.0    0 16.3 38 230   M    M   0        48 230
 4  92  52  72   4   0   7 0.00  0.0    0 15.6 33 230   M    M   0        39 340
 5  70  47  59  -8   6   0    T  0.0    0  5.2 16 360   M    M   2        22 360
 6  79  41  60  -7   5   0 0.00  0.0    0  6.5 16 200   M    M   1        21 200
 7  85  57  71   5   0   6 0.00  0.0    0 17.3 28 180   M    M   0        34 180
 8  93  56  75   9   0  10 0.00  0.0    0  7.1 24 190   M    M   0        34 200
 9  67  50  59  -7   6   0 0.34  0.0    0  7.2 22 330   M    M   7 1      29 340
10  50  45  48 -17  17   0    T  0.0    0 13.1 23 340   M    M   9 1      31 340
11  45  39  42 -23  23   0 0.22  0.0    0 10.4 17  20   M    M   9 1      21  20
12  54  35  45 -19  20   0    T  0.0    0  6.9 14 190   M    M   6        18 190
13  69  38  54 -10  11   0 0.00  0.0    0 11.1 26 200   M    M   0        32 190
14  65  37  51 -12  14   0 0.00  0.0    0  9.1 20 110   M    M   5        23 110
15  67  41  54  -9  11   0 0.00  0.0    0  7.5 15  30   M    M   2        20  10
16  82  49  66   4   0   1 0.00  0.0    0  6.4 18 200   M    M   0        22 190
17  84  45  65   3   0   0 0.00  0.0    0  6.8 17  60   M    M   0 1      22  90
18  81  58  70   9   0   5 0.00  0.0    0 14.0 30 180   M    M   3 1      35 180
19  90  57  74  13   0   9 0.00  0.0    0  7.3 20 210   M    M   1 1      26 200
20  84  49  67   7   0   2 0.00  0.0    0 11.2 28 320   M    M   1        36 350
21  75  42  59  -1   6   0 0.00  0.0    0  6.3 15 320   M    M   0 8      19  10
22  73  43  58  -1   7   0 0.02  0.0    0 14.0 28 190   M    M   5        34 190
23  78  55  67   8   0   2    T  0.0    0  8.2 20 190   M    M   4        25 170
24  89  47  68  10   0   3 0.00  0.0    0  6.1 14 360   M    M   0 8      17 350
25  92  47  70  12   0   5 0.00  0.0    0  8.6 22 170   M    M   0 1      27 170
26  90  58  74  17   0   9 0.00  0.0    0 14.1 26 170   M    M   0        35 170
27  87  59  73  16   0   8 0.00  0.0    0 15.3 26 170   M    M   0        38 190
28  82  55  69  13   0   4 0.00  0.0    0  7.2 18 350   M    M   1 1      25 350
29  70  53  62   6   3   0 0.01  0.0    0 11.8 24 130   M    M   9 12     31 120
30  74  50  62   7   3   0 0.06  0.0    0 19.5 40 230   M    M   2 1      52 240
================================================================================
SM 2326 1469       133  89  0.74     0.0 307.8          M       69
================================================================================
AV 77.5 49.0                              10.3 FASTST   M    M   2    MAX(MPH)
                                 MISC ---->  # 40 230               # 52  240
================================================================================
NOTES:
# LAST OF SEVERAL OCCURRENCES

COLUMN 17 PEAK WIND IN M.P.H.

PRELIMINARY LOCAL CLIMATOLOGICAL DATA (WS FORM: F-6) , PAGE 2

                                          STATION:  VALENTINE NE
                                          MONTH:    SEPTEMBER
                                          YEAR:     2014
                                          LATITUDE:   42 52 N
                                          LONGITUDE: 100 33 W

[TEMPERATURE DATA]      [PRECIPITATION DATA]       SYMBOLS USED IN COLUMN 16

AVERAGE MONTHLY: 63.2   TOTAL FOR MONTH:   0.74    1 = FOG OR MIST
DPTR FM NORMAL:   1.0   DPTR FM NORMAL:   -0.90    2 = FOG REDUCING VISIBILITY
HIGHEST:    97 ON  3    GRTST 24HR  0.34 ON  9- 9      TO 1/4 MILE OR LESS
LOWEST:     35 ON 12                               3 = THUNDER
                        SNOW, ICE PELLETS, HAIL    4 = ICE PELLETS
                        TOTAL MONTH:   0.0 INCH    5 = HAIL
                        GRTST 24HR     0.0         6 = FREEZING RAIN OR DRIZZLE
                        GRTST DEPTH:   0           7 = DUSTSTORM OR SANDSTORM:
                                                       VSBY 1/2 MILE OR LESS
                                                   8 = SMOKE OR HAZE
[NO. OF DAYS WITH]      [WEATHER - DAYS WITH]      9 = BLOWING SNOW
                                                   X = TORNADO
MAX 32 OR BELOW:   0    0.01 INCH OR MORE:   6
MAX 90 OR ABOVE:   6    0.10 INCH OR MORE:   2
MIN 32 OR BELOW:   0    0.50 INCH OR MORE:   0
MIN  0 OR BELOW:   0    1.00 INCH OR MORE:   0

[HDD (BASE 65) ]
TOTAL THIS MO.   133    CLEAR  (SCALE 0-3)  22
DPTR FM NORMAL   -27    PTCLDY (SCALE 4-7)   5
TOTAL FM JUL 1   154    CLOUDY (SCALE 8-10)  3
DPTR FM NORMAL   -31

[CDD (BASE 65) ]
TOTAL THIS MO.    89
DPTR FM NORMAL     8    [PRESSURE DATA]
TOTAL FM JAN 1   724    HIGHEST SLP 30.59 ON 12
DPTR FM NORMAL   -93    LOWEST  SLP 29.50 ON  4

[REMARKS]
#FINAL-09-14#
