000
CXUS55 KLBF 291200
CF6VTN
PRELIMINARY LOCAL CLIMATOLOGICAL DATA (WS FORM: F-6)

                                          STATION:   VALENTINE NE
                                          MONTH:     JUNE
                                          YEAR:      2015
                                          LATITUDE:   42 52 N
                                          LONGITUDE: 100 33 W

  TEMPERATURE IN F:       :PCPN:    SNOW:  WIND      :SUNSHINE: SKY     :PK WND
================================================================================
1   2   3   4   5  6A  6B    7    8   9   10  11  12  13   14  15   16   17  18
                                     12Z  AVG MX 2MIN
DY MAX MIN AVG DEP HDD CDD  WTR  SNW DPTH SPD SPD DIR MIN PSBL S-S WX    SPD DR
================================================================================

 1  83  53  68   5   0   3 0.00  0.0    0 13.9 24 170   M    M   0        33 150
 2  89  58  74  11   0   9 0.59  0.0    0 12.0 45 270   M    M   1 13     57 280
 3  76  56  66   3   0   1 0.00  0.0    0  9.0 25 250   M    M   0        30 260
 4  73  55  64   0   1   0 0.03  0.0    0 10.0 29 330   M    M   7 3      39 330
 5  75  60  68   4   0   3    T  0.0    0  7.5 15  80   M    M   7        17 140
 6  85  61  73   9   0   8 0.14  0.0    0  8.1 21 180   M    M   3 13     25 200
 7  77  58  68   3   0   3 0.11  0.0    0  7.2 16 320   M    M   3        25 310
 8  86  53  70   5   0   5 0.00  0.0    0  7.9 17 300   M    M   0        22 290
 9  95  57  76  11   0  11 0.00  0.0    0  6.5 16  30   M    M   0        20 150
10  81  60  71   5   0   6    T  0.0    0 13.1 26  50   M    M   3        34  30
11  65  55  60  -6   5   0 0.11  0.0    0  9.4 16  40   M    M   8        22  50
12  75  50  63  -3   2   0 0.00  0.0    0  6.1 14 160   M    M   0 1      25  50
13  86  52  69   2   0   4 0.00  0.0    0  8.8 18 160   M    M   0        25 110
14  80  61  71   4   0   6 0.00  0.0    0 11.2 26 360   M    M   4        35 340
15  78  58  68   1   0   3 0.00  0.0    0  9.2 18  40   M    M   4        24  30
16  79  57  68   0   0   3 0.54  0.0    0  9.9 25  20   M    M   4 13     32 150
17  79  56  68   0   0   3 0.00  0.0    0  6.7 16 120   M    M   0        20 120
18  73  58  66  -2   0   1 0.47  0.0    0  7.9 40  80   M    M   5 13     48  80
19  83  58  71   2   0   6 0.00  0.0    0 14.0 24 190   M    M   4 3      33 170
20  83  58  71   2   0   6    T  0.0    0  9.3 44 320   M    M   0 3      60 330
21  85  63  74   4   0   9 0.50  0.0    0 12.1 22  90   M    M   3 13     27 180
22  79  56  68  -2   0   3 0.00  0.0    0 13.6 26 350   M    M   1        37 310
23  80  55  68  -2   0   3 0.00  0.0    0  7.7 20 140   M    M   5 3      25 150
24  83  56  70   0   0   5 0.35  0.0    0  8.1 28  80   M    M   3 13     37  70
25  78  61  70  -1   0   5 0.26  0.0    0  5.0 21 120   M    M   4 13     23 130
26  80  59  70  -1   0   5 0.32  0.0    0  6.6 14 360   M    M   3 13     20 340
27  88  53  71   0   0   6 0.00  0.0    0  6.2 13 260   M    M   0        15 260
28  84  59  72   0   0   7 0.00  0.0    0  8.5 17  10   M    M   0        22  10
================================================================================
SM 2258 1596         8 124  3.42     0.0 255.5          M       72
================================================================================
AV 80.6 57.0                               9.1 FASTST   M    M   3    MAX(MPH)
                                 MISC ---->  # 45 270               # 60  330
================================================================================
NOTES:
# LAST OF SEVERAL OCCURRENCES

COLUMN 17 PEAK WIND IN M.P.H.

PRELIMINARY LOCAL CLIMATOLOGICAL DATA (WS FORM: F-6) , PAGE 2

                                          STATION:  VALENTINE NE
                                          MONTH:    JUNE
                                          YEAR:     2015
                                          LATITUDE:   42 52 N
                                          LONGITUDE: 100 33 W

[TEMPERATURE DATA]      [PRECIPITATION DATA]       SYMBOLS USED IN COLUMN 16

AVERAGE MONTHLY: 68.8   TOTAL FOR MONTH:   3.42    1 = FOG OR MIST
DPTR FM NORMAL:   1.6   DPTR FM NORMAL:    0.07    2 = FOG REDUCING VISIBILITY
HIGHEST:    95 ON  9    GRTST 24HR  0.59 ON  1- 2      TO 1/4 MILE OR LESS
LOWEST:     50 ON 12                               3 = THUNDER
                        SNOW, ICE PELLETS, HAIL    4 = ICE PELLETS
                        TOTAL MONTH:   0.0 INCH    5 = HAIL
                        GRTST 24HR     0.0         6 = FREEZING RAIN OR DRIZZLE
                        GRTST DEPTH:   0           7 = DUSTSTORM OR SANDSTORM:
                                                       VSBY 1/2 MILE OR LESS
                                                   8 = SMOKE OR HAZE
[NO. OF DAYS WITH]      [WEATHER - DAYS WITH]      9 = BLOWING SNOW
                                                   X = TORNADO
MAX 32 OR BELOW:   0    0.01 INCH OR MORE:  11
MAX 90 OR ABOVE:   1    0.10 INCH OR MORE:  10
MIN 32 OR BELOW:   0    0.50 INCH OR MORE:   3
MIN  0 OR BELOW:   0    1.00 INCH OR MORE:   0

[HDD (BASE 65) ]
TOTAL THIS MO.     8    CLEAR  (SCALE 0-3)  16
DPTR FM NORMAL   -51    PTCLDY (SCALE 4-7)  12
TOTAL FM JUL 1  6578    CLOUDY (SCALE 8-10)  0
DPTR FM NORMAL  -423

[CDD (BASE 65) ]
TOTAL THIS MO.   124
DPTR FM NORMAL     4    [PRESSURE DATA]
TOTAL FM JAN 1   130    HIGHEST SLP M ON M
DPTR FM NORMAL   -24    LOWEST  SLP 29.54 ON 22

[REMARKS]
