000
CXUS56 KPQR 271330
CF6VUO
PRELIMINARY LOCAL CLIMATOLOGICAL DATA (WS FORM: F-6)

                                          STATION:   VANCOUVER WA
                                          MONTH:     FEBRUARY
                                          YEAR:      2015
                                          LATITUDE:   45 37 N
                                          LONGITUDE: 122 39 W

  TEMPERATURE IN F:       :PCPN:    SNOW:  WIND      :SUNSHINE: SKY     :PK WND
================================================================================
1   2   3   4   5  6A  6B    7    8   9   10  11  12  13   14  15   16   17  18
                                     12Z  AVG MX 2MIN
DY MAX MIN AVG DEP HDD CDD  WTR  SNW DPTH SPD SPD DIR MIN PSBL S-S WX    SPD DR
================================================================================

 1  45  35  40  -3  25   0 0.23    M    0  4.3 15 110   M    M   8 1      19 110
 2  58  39  49   6  16   0 0.49    M    0  3.7 14 120   M    M   6 1      18 220
 3  50  41  46   3  19   0 0.07    M    0  0.8  6 110   M    M   6 1       7 220
 4  52  42  47   4  18   0 0.14    M    0  2.6 13 120   M    M   6 1      15 110
 5  49  42  46   3  19   0 0.66    M    0  8.1 15 120   M    M   9 1      21 110
 6  57  47  52   9  13   0 0.75    M    0  6.4 16 190   M    M   9 1      27 190
 7  59  49  54  11  11   0 0.79    M    0  7.4 17 190   M    M  10 1      31 200
 8  55  44  50   7  15   0 0.09    M    0  3.1 17 240   M    M   6        26 240
 9  53  46  50   7  15   0 0.32    M    0  8.7 22 190   M    M  10 18     35 150
10  54  43  49   6  16   0 0.00  0.0    0  3.1  9 200   M    M   6 1      15 180
11  56  37  47   4  18   0 0.00  0.0    0  1.7  9 110   M    M   3 12     12 110
12  62  35  49   6  16   0 0.00  0.0    0  0.5  5 290   M    M   1 12      7 220
13  56  35  46   3  19   0 0.00  0.0    0  1.7  7 120   M    M   2 12      9 130
14  62  42  52   9  13   0 0.00  0.0    0  2.7 13 330   M    M   4 1      19 340
15  65  33  49   6  16   0 0.00  0.0    0  2.9 17  90   M    M   1 12     24  90
16  62  33  48   5  17   0 0.00  0.0    0  9.2 24  90   M    M   0        34  70
17  64  35  50   6  15   0 0.00  0.0    0  4.2 14 120   M    M   0        18 120
18  56  34  45   1  20   0 0.00  0.0    0  2.7 10 130   M    M   7        14 130
19  58  42  50   6  15   0 0.02    M    0  0.4  6  10   M    M   9 12      9 330
20  57  41  49   5  16   0 0.00  0.0    0  3.1  9 340   M    M   5 12     14 360
21  60  32  46   2  19   0 0.00  0.0    0  4.0 20 100   M    M   2 1      25 100
22  56  42  49   5  16   0 0.00  0.0    0 10.3 21  80   M    M   0        27  70
23  59  30  45   1  20   0 0.00  0.0    0  3.5 15  80   M    M   0        29 280
24  58  28  43  -1  22   0 0.00  0.0    0  1.4  9 330   M    M   1        14 310
25  52  44  48   3  17   0 0.02    M    0  2.9  9 120   M    M  10 1      12 120
26  54  47  51   6  14   0 0.10    M    0  3.8  8 210   M    M  10 1      11 180
================================================================================
SM 1469 1018       440   0  3.68     0.0 103.2          M      131
================================================================================
AV 56.5 39.2                               4.0 FASTST   M    M   5    MAX(MPH)
                                 MISC ---->  # 24  90               # 35  150
================================================================================
NOTES:
# LAST OF SEVERAL OCCURRENCES

COLUMN 17 PEAK WIND IN M.P.H.

PRELIMINARY LOCAL CLIMATOLOGICAL DATA (WS FORM: F-6) , PAGE 2

                                          STATION:  VANCOUVER WA
                                          MONTH:    FEBRUARY
                                          YEAR:     2015
                                          LATITUDE:   45 37 N
                                          LONGITUDE: 122 39 W

[TEMPERATURE DATA]      [PRECIPITATION DATA]       SYMBOLS USED IN COLUMN 16

AVERAGE MONTHLY: 47.8   TOTAL FOR MONTH:   3.68    1 = FOG OR MIST
DPTR FM NORMAL:   4.4   DPTR FM NORMAL:   -0.03    2 = FOG REDUCING VISIBILITY
HIGHEST:    65 ON 15    GRTST 24HR  1.03 ON  5- 6      TO 1/4 MILE OR LESS
LOWEST:     28 ON 24                               3 = THUNDER
                        SNOW, ICE PELLETS, HAIL    4 = ICE PELLETS
                        TOTAL MONTH:   0.0 INCH    5 = HAIL
                        GRTST 24HR     0.0         6 = FREEZING RAIN OR DRIZZLE
                        GRTST DEPTH:   0           7 = DUSTSTORM OR SANDSTORM:
                                                       VSBY 1/2 MILE OR LESS
                                                   8 = SMOKE OR HAZE
[NO. OF DAYS WITH]      [WEATHER - DAYS WITH]      9 = BLOWING SNOW
                                                   X = TORNADO
MAX 32 OR BELOW:   0    0.01 INCH OR MORE:  12
MAX 90 OR ABOVE:   0    0.10 INCH OR MORE:   8
MIN 32 OR BELOW:   3    0.50 INCH OR MORE:   3
MIN  0 OR BELOW:   0    1.00 INCH OR MORE:   0

[HDD (BASE 65) ]
TOTAL THIS MO.   440    CLEAR  (SCALE 0-3)   9
DPTR FM NORMAL  -120    PTCLDY (SCALE 4-7)  10
TOTAL FM JUL 1  2619    CLOUDY (SCALE 8-10)  7
DPTR FM NORMAL  -453

[CDD (BASE 65) ]
TOTAL THIS MO.     0
DPTR FM NORMAL     0    [PRESSURE DATA]
TOTAL FM JAN 1     0    HIGHEST SLP M ON M
DPTR FM NORMAL     0    LOWEST  SLP 29.40 ON  7

[REMARKS]
