000
CXUS51 KAKQ 231010
CF6WAL
PRELIMINARY LOCAL CLIMATOLOGICAL DATA (WS FORM: F-6)

                                          STATION:   WALLOPS ISLAND VA
                                          MONTH:     SEPTEMBER
                                          YEAR:      2014
                                          LATITUDE:   37 55 N
                                          LONGITUDE:  75 28 W

  TEMPERATURE IN F:       :PCPN:    SNOW:  WIND      :SUNSHINE: SKY     :PK WND
================================================================================
1   2   3   4   5  6A  6B    7    8   9   10  11  12  13   14  15   16   17  18
                                     12Z  AVG MX 2MIN
DY MAX MIN AVG DEP HDD CDD  WTR  SNW DPTH SPD SPD DIR MIN PSBL S-S WX    SPD DR
================================================================================

 1  90  76  83   9   0  18 0.01  0.0    0  8.9 17 210   M    M   3 3      21 220
 2  94  76  85  12   0  20 0.00  0.0    0  8.7 17 210   M    M   1        22 200
 3  87  73  80   7   0  15    T  0.0    0  6.4 15 270   M    M   3        22 280
 4  85  70  78   5   0  13 0.00  0.0    0  6.6 15 140   M    M   2        20 140
 5  88  73  81   8   0  16 0.16  0.0    0  8.8 21 210   M    M   3 13     24 210
 6  93  72  83  11   0  18 0.40  0.0    0 10.4 22 210   M    M   1 13     26 330
 7  77  69  73   1   0   8 1.39  0.0    0  7.8 16  30   M    M   9 13     21  30
 8  76  68  72   0   0   7 0.48  0.0    0 15.5 26  80   M    M   9 1      32  80
 9  73  70  72   0   0   7 0.87  0.0    0 13.4 23  60   M    M   8 1      28  40
10  78  67  73   2   0   8 0.00  0.0    0  8.3 18  80   M    M   5        24  70
11  87  70  79   8   0  14 0.00  0.0    0  9.4 22 190   M    M   2        27 190
12  78  66  72   1   0   7 0.15  0.0    0  9.1 16  70   M    M   7 1      19  80
13  79  63  71   1   0   6    T  0.0    0  6.1 15 360   M    M   9 1      47 150
14  74  58  66  -4   0   1 0.00  0.0    0  6.2 14  40   M    M   1        20  40
15  73  56  65  -5   0   0 0.00  0.0    0  4.6 12  80   M    M   2        14  90
16  81  63  72   2   0   7 0.05  0.0    0  7.7 18 310   M    M   3 1      24 320
17  75  59  67  -2   0   2 0.00  0.0    0  7.0 15  70   M    M   3        20  90
18  76  54  65  -4   0   0 0.00  0.0    0  4.6 12 160   M    M   2        23 320
19  78  59  69   0   0   4 0.00  0.0    0  6.8 14 120   M    M   4        19 140
20  77  67  72   4   0   7 0.00  0.0    0  9.6 22 100   M    M   6        28 110
21  82  69  76   8   0  11 0.05  0.0    0  7.6 17 270   M    M   5 1      24 270
22  77  57  67  -1   0   2 0.00  0.0    0  9.0 17 340   M    M   2        25 330
================================================================================
SM 1778 1455         0 191  3.56     0.0 182.5          M       90
================================================================================
AV 80.8 66.1                               8.3 FASTST   M    M   4    MAX(MPH)
                                 MISC ---->  # 26  80               # 47  150
================================================================================
NOTES:
# LAST OF SEVERAL OCCURRENCES

COLUMN 17 PEAK WIND IN M.P.H.

PRELIMINARY LOCAL CLIMATOLOGICAL DATA (WS FORM: F-6) , PAGE 2

                                          STATION:  WALLOPS ISLAND VA
                                          MONTH:    SEPTEMBER
                                          YEAR:     2014
                                          LATITUDE:   37 55 N
                                          LONGITUDE:  75 28 W

[TEMPERATURE DATA]      [PRECIPITATION DATA]       SYMBOLS USED IN COLUMN 16

AVERAGE MONTHLY: 73.5   TOTAL FOR MONTH:   3.56    1 = FOG OR MIST
DPTR FM NORMAL:   2.7   DPTR FM NORMAL:    0.58    2 = FOG REDUCING VISIBILITY
HIGHEST:    94 ON  2    GRTST 24HR  1.79 ON  6- 7      TO 1/4 MILE OR LESS
LOWEST:     54 ON 18                               3 = THUNDER
                        SNOW, ICE PELLETS, HAIL    4 = ICE PELLETS
                        TOTAL MONTH:   0.0 INCH    5 = HAIL
                        GRTST 24HR     0.0         6 = FREEZING RAIN OR DRIZZLE
                        GRTST DEPTH:   0           7 = DUSTSTORM OR SANDSTORM:
                                                       VSBY 1/2 MILE OR LESS
                                                   8 = SMOKE OR HAZE
[NO. OF DAYS WITH]      [WEATHER - DAYS WITH]      9 = BLOWING SNOW
                                                   X = TORNADO
MAX 32 OR BELOW:   0    0.01 INCH OR MORE:   9
MAX 90 OR ABOVE:   3    0.10 INCH OR MORE:   6
MIN 32 OR BELOW:   0    0.50 INCH OR MORE:   2
MIN  0 OR BELOW:   0    1.00 INCH OR MORE:   1

[HDD (BASE 65) ]
TOTAL THIS MO.     0    CLEAR  (SCALE 0-3)  13
DPTR FM NORMAL   -10    PTCLDY (SCALE 4-7)   5
TOTAL FM JUL 1     0    CLOUDY (SCALE 8-10)  4
DPTR FM NORMAL   -11

[CDD (BASE 65) ]
TOTAL THIS MO.   191
DPTR FM NORMAL    51    [PRESSURE DATA]
TOTAL FM JAN 1  1288    HIGHEST SLP M ON M
DPTR FM NORMAL   148    LOWEST  SLP 29.71 ON 21

[REMARKS]
