000
CXUS51 KAKQ 231010
CF6WAL
PRELIMINARY LOCAL CLIMATOLOGICAL DATA (WS FORM: F-6)

                                          STATION:   WALLOPS ISLAND VA
                                          MONTH:     JANUARY
                                          YEAR:      2018
                                          LATITUDE:   37 55 N
                                          LONGITUDE:  75 28 W

  TEMPERATURE IN F:       :PCPN:    SNOW:  WIND      :SUNSHINE: SKY     :PK WND
================================================================================
1   2   3   4   5  6A  6B    7    8   9   10  11  12  13   14  15   16   17  18
                                     12Z  AVG MX 2MIN
DY MAX MIN AVG DEP HDD CDD  WTR  SNW DPTH SPD SPD DIR MIN PSBL S-S WX    SPD DR
================================================================================

 1  25  14  20 -17  45   0 0.00  0.0    0 10.9 22 300   M    M   0        29 340
 2  27  12  20 -17  45   0 0.00  0.0    0  7.1 16 320   M    M   0        21 320
 3  35  10  23 -14  42   0 0.22  1.0    0  6.5 20 350   M    M   5 16     26 360
 4  32  17  25 -12  40   0 0.58  8.5    6 23.3 33 330   M    M   8 12     49 320
 5  23  13  18 -19  47   0 0.00  0.0    9 16.2 32 290   M    M   0 89     46 310
 6  19  10  15 -22  50   0 0.00  0.0    8 11.4 22 310   M    M   0        31 320
 7  21   2  12 -25  53   0 0.00  0.0    8  6.0 13 220   M    M   0        16 220
 8  40  14  27 -10  38   0 0.12  0.0    7  9.2 17 190   M    M   3        22 230
 9  50  27  39   3  26   0    T  0.0    3  5.9 16 260   M    M   2 1      25 240
10  47  26  37   1  28   0 0.00  0.0    1  5.8 14  50   M    M   6 18     17  50
11  61  45  53  17  12   0 0.00  0.0    0  6.2 20 170   M    M   8 12     27 170
12  59  50  55  19  10   0 0.17  0.0    0 14.8 22 190   M    M  10 123    31 190
13  59  28  44   8  21   0 0.23  0.0    0 13.9 22 300   M    M   7 138    34 240
14  30  20  25 -11  40   0 0.00  0.0    0 10.8 18 360   M    M   0        26 340
15  40  21  31  -5  34   0    T  0.0    0  9.2 15  30   M    M   7 1      19 340
16  49  29  39   3  26   0 0.00  0.0    0  7.4 12  60   M    M   7 1      15 320
17  36  25  31  -5  34   0 0.09  1.0    0  9.7 17 340   M    M   8 18     25 350
18  37  21  29  -7  36   0 0.00  0.0    1 11.9 21 320   M    M   2        35 320
19  50  25  38   2  27   0 0.00  0.0    0  4.6 12 190   M    M   1        13 190
20  57  29  43   7  22   0 0.00  0.0    0  6.4 15 280   M    M   0        19 280
21  59  30  45   9  20   0 0.00  0.0    0  6.2 18 190   M    M   2        23 190
22  64  43  54  18  11   0 0.00  0.0    0  9.0 16 190   M    M   7        22 210
================================================================================
SM  920  511       707   0  1.41    10.5 212.4          M       83
================================================================================
AV 41.8 23.2                               9.7 FASTST   M    M   4    MAX(MPH)
                                 MISC ---->  # 33 330               # 49  320
================================================================================
NOTES:
# LAST OF SEVERAL OCCURRENCES

COLUMN 17 PEAK WIND IN M.P.H.

PRELIMINARY LOCAL CLIMATOLOGICAL DATA (WS FORM: F-6) , PAGE 2

                                          STATION:  WALLOPS ISLAND VA
                                          MONTH:    JANUARY
                                          YEAR:     2018
                                          LATITUDE:   37 55 N
                                          LONGITUDE:  75 28 W

[TEMPERATURE DATA]      [PRECIPITATION DATA]       SYMBOLS USED IN COLUMN 16

AVERAGE MONTHLY: 32.5   TOTAL FOR MONTH:   1.41    1 = FOG OR MIST
DPTR FM NORMAL:  -3.8   DPTR FM NORMAL:   -0.75    2 = FOG REDUCING VISIBILITY
HIGHEST:    64 ON 22    GRTST 24HR  0.58 ON  4- 4      TO 1/4 MILE OR LESS
LOWEST:      2 ON  7                               3 = THUNDER
                        SNOW, ICE PELLETS, HAIL    4 = ICE PELLETS
                        TOTAL MONTH:  10.5 INCHES  5 = HAIL
                        GRTST 24HR   8.5 ON  4- 4  6 = FREEZING RAIN OR DRIZZLE
                        GRTST DEPTH:   9 ON  5     7 = DUSTSTORM OR SANDSTORM:
                                                       VSBY 1/2 MILE OR LESS
                                                   8 = SMOKE OR HAZE
[NO. OF DAYS WITH]      [WEATHER - DAYS WITH]      9 = BLOWING SNOW
                                                   X = TORNADO
MAX 32 OR BELOW:   7    0.01 INCH OR MORE:   6
MAX 90 OR ABOVE:   0    0.10 INCH OR MORE:   5
MIN 32 OR BELOW:  19    0.50 INCH OR MORE:   1
MIN  0 OR BELOW:   0    1.00 INCH OR MORE:   0

[HDD (BASE 65) ]
TOTAL THIS MO.   707    CLEAR  (SCALE 0-3)  12
DPTR FM NORMAL    78    PTCLDY (SCALE 4-7)   8
TOTAL FM JUL 1  2101    CLOUDY (SCALE 8-10)  2
DPTR FM NORMAL    10

[CDD (BASE 65) ]
TOTAL THIS MO.     0
DPTR FM NORMAL     0    [PRESSURE DATA]
TOTAL FM JAN 1     0    HIGHEST SLP 30.71 ON  7
DPTR FM NORMAL     0    LOWEST  SLP 29.50 ON  4

[REMARKS]
